|WARNING| pw124564 [PATCH] crypto/openssl: support SM3/SM4 in openssl

dpdklab at iol.unh.edu dpdklab at iol.unh.edu
Tue Feb 28 14:21:25 CET 2023


Test-Label: iol-abi-testing
Test-Status: WARNING
http://dpdk.org/patch/124564

_Testing issues_

Submitter: Sunyang Wu <sunyang.wu at jaguarmicro.com>
Date: Tuesday, February 28 2023 08:54:10 
DPDK git baseline: Repo:dpdk
  Branch: master
  CommitID:7710b5d15a014872a3aaf646668dafa928ca8473

124564 --> testing fail

Test environment and result as below:

+------------------+----------+
|   Environment    | abi_test |
+==================+==========+
| Ubuntu 22.04     | PASS     |
+------------------+----------+
| CentOS Stream 8  | FAIL     |
+------------------+----------+
| RHEL 7           | FAIL     |
+------------------+----------+
| Debian Bullseye  | PASS     |
+------------------+----------+
| RHEL8            | FAIL     |
+------------------+----------+
| Debian Buster    | PASS     |
+------------------+----------+
| CentOS Stream 9  | FAIL     |
+------------------+----------+
| openSUSE Leap 15 | PASS     |
+------------------+----------+
| Ubuntu 20.04     | PASS     |
+------------------+----------+

==== 20 line log output for CentOS Stream 9 (abi_test): ====
|                         ^~~~~~
../drivers/crypto/openssl/rte_openssl_pmd.c:242:17: note: here
242 |                 case RTE_CRYPTO_CIPHER_SM4_ECB:
|                 ^~~~
[2206/3327] Compiling C object 'drivers/a715181@@tmp_rte_crypto_openssl at sta/crypto_openssl_rte_openssl_pmd_ops.c.o'.
[2207/3327] Linking static target drivers/libtmp_rte_crypto_openssl.a.
[2208/3327] Generating rte_crypto_openssl.pmd.c with a custom command.
[2209/3327] Compiling C object 'drivers/a715181@@rte_crypto_openssl at sta/meson-generated_.._rte_crypto_openssl.pmd.c.o'.
[2210/3327] Linking static target drivers/librte_crypto_openssl.a.
[2211/3327] Compiling C object 'drivers/a715181@@rte_crypto_openssl at sha/meson-generated_.._rte_crypto_openssl.pmd.c.o'.
[2212/3327] Linking target drivers/librte_crypto_openssl.so.23.1.
FAILED: drivers/librte_crypto_openssl.so.23.1
cc  -o drivers/librte_crypto_openssl.so.23.1 'drivers/a715181@@rte_crypto_openssl at sha/meson-generated_.._rte_crypto_openssl.pmd.c.o' 'drivers/a715181@@tmp_rte_crypto_openssl at sta/crypto_openssl_rte_openssl_pmd.c.o' 'drivers/a715181@@tmp_rte_crypto_openssl at sta/crypto_openssl_rte_openssl_pmd_ops.c.o' -Wl,--as-needed -Wl,--no-undefined -shared -fPIC -Wl,--start-group -Wl,-soname,librte_crypto_openssl.so.23 -Wl,--no-as-needed -pthread -lm -ldl -lnuma lib/librte_cryptodev.so.23.1 lib/librte_eal.so.23.1 lib/librte_kvargs.so.23.1 lib/librte_telemetry.so.23.1 lib/librte_mbuf.so.23.1 lib/librte_mempool.so.23.1 lib/librte_ring.so.23.1 lib/librte_rcu.so.23.1 drivers/librte_bus_vdev.so.23.1 -Wl,--version-script=/home-local/jenkins-local/jenkins-agent/workspace/Generic-DPDK-Compile-ABI at 4/dpdk/drivers/version.map /usr/lib64/libcrypto.so -Wl,--end-group '-Wl,-rpath,$ORIGIN/../lib:$ORIGIN/' -Wl,-rpath-link,/home-local/jenkins-local/jenkins-agent/workspace/Generic-DPDK-Compile-ABI at 4/dpdk/build/lib -Wl
 ,-rpath-link,/home-local/jenkins-local/jenkins-agent/workspace/Generic-DPDK-Compile-ABI at 4/dpdk/build/drivers
/usr/bin/ld: drivers/a715181@@tmp_rte_crypto_openssl at sta/crypto_openssl_rte_openssl_pmd.c.o: in function `get_cipher_algo':
/home-local/jenkins-local/jenkins-agent/workspace/Generic-DPDK-Compile-ABI at 4/dpdk/build/../drivers/crypto/openssl/rte_openssl_pmd.c:243: undefined reference to `EVP_sm4_ecb'
/usr/bin/ld: /home-local/jenkins-local/jenkins-agent/workspace/Generic-DPDK-Compile-ABI at 4/dpdk/build/../drivers/crypto/openssl/rte_openssl_pmd.c:243: undefined reference to `EVP_sm4_ecb'
/usr/bin/ld: /home-local/jenkins-local/jenkins-agent/workspace/Generic-DPDK-Compile-ABI at 4/dpdk/build/../drivers/crypto/openssl/rte_openssl_pmd.c:249: undefined reference to `EVP_sm4_ctr'
/usr/bin/ld: /home-local/jenkins-local/jenkins-agent/workspace/Generic-DPDK-Compile-ABI at 4/dpdk/build/../drivers/crypto/openssl/rte_openssl_pmd.c:246: undefined reference to `EVP_sm4_cbc'
collect2: error: ld returned 1 exit status
ninja: build stopped: subcommand failed.
==== End log output ====

Ubuntu 22.04
	Kernel: Container Host Kernel
	Compiler: gcc 11.3.1-2

CentOS Stream 8
	Kernel: 4.18.0-240.10.1.el8_3.x86_64
	Compiler: gcc 8.4.1 20200928

RHEL 7
	Kernel: 4.18.0-240.10.1.el8_3.x86_64
	Compiler: gcc 4.8.5 20150623 (Red Hat 4.8.5-44)

Debian Bullseye
	Kernel: 5.4.0-122-generic
	Compiler: gcc 10.2.1-6

RHEL8
	Kernel: 4.18.0-240.10.1.el8_3.x86_64
	Compiler: gcc 8.3.1 20191121 (Red Hat 8.3.1-5)

Debian Buster
	Kernel: 5.4.0-122-generic
	Compiler: gcc 8.3.0-6

CentOS Stream 9
	Kernel: 4.18.0-240.10.1.el8_3.x86_64
	Compiler: gcc 11.3.1 20220421

openSUSE Leap 15
	Kernel: 4.18.0-240.10.1.el8_3.x86_64
	Compiler: gcc 7.5.0

Ubuntu 20.04
	Kernel: 4.18.0-240.10.1.el8_3.x86_64
	Compiler: gcc 9.3.0-17ubuntu1~20.04

To view detailed results, visit:
https://lab.dpdk.org/results/dashboard/patchsets/25556/

UNH-IOL DPDK Community Lab

To manage your email subscriptions, visit: 
https://lab.dpdk.org/results/dashboard/preferences/subscriptions/


More information about the test-report mailing list