|WARNING| pw129251 [PATCH] eventdev: remove single-event enqueue ope

dpdklab at iol.unh.edu dpdklab at iol.unh.edu
Tue Jul 4 14:56:01 CEST 2023


Test-Label: iol-abi-testing
Test-Status: WARNING
http://dpdk.org/patch/129251

_Testing issues_

Submitter: Mattias Ronnblom <mattias.ronnblom at ericsson.com>
Date: Tuesday, July 04 2023 11:53:07 
DPDK git baseline: Repo:dpdk-next-eventdev
  Branch: master
  CommitID:93a4b3beba4ee611685148917981f846427cafb2

129251 --> testing fail

Test environment and result as below:

+------------------+----------+
|   Environment    | abi_test |
+==================+==========+
| RHEL 7           | FAIL     |
+------------------+----------+
| CentOS Stream 8  | FAIL     |
+------------------+----------+
| Debian Buster    | FAIL     |
+------------------+----------+
| Ubuntu 22.04     | FAIL     |
+------------------+----------+
| openSUSE Leap 15 | FAIL     |
+------------------+----------+
| CentOS Stream 9  | FAIL     |
+------------------+----------+
| Debian Bullseye  | FAIL     |
+------------------+----------+
| Fedora 37        | FAIL     |
+------------------+----------+
| Fedora 38        | FAIL     |
+------------------+----------+
| RHEL8            | FAIL     |
+------------------+----------+

==== 20 line log output for RHEL8 (abi_test): ====

Functions changes summary: 0 Removed, 0 Changed, 0 Added function
Variables changes summary: 0 Removed (14 filtered out), 0 Changed, 0 Added variables

Functions changes summary: 0 Removed (1 filtered out), 0 Changed (277 filtered out), 0 Added (94 filtered out) functions
Variables changes summary: 0 Removed, 0 Changed, 0 Added (1 filtered out) variable
Variable symbols changes summary: 0 Removed, 0 Added variable symbol not referenced by debug info

Functions changes summary: 0 Removed, 0 Changed, 0 Added (1 filtered out) function
Variables changes summary: 0 Removed, 0 Changed, 0 Added variable

Functions changes summary: 0 Removed, 0 Changed (1 filtered out), 0 Added (1 filtered out) functions
Variables changes summary: 0 Removed, 0 Changed, 0 Added variable

Functions changes summary: 0 Removed, 0 Changed (1 filtered out), 0 Added function
Variables changes summary: 0 Removed, 0 Changed, 0 Added variable

Functions changes summary: 0 Removed, 0 Changed (207 filtered out), 0 Added (17 filtered out) functions
Variables changes summary: 0 Removed, 0 Changed, 0 Added variable

==== End log output ====

RHEL 7
	Kernel: 4.18.0-240.10.1.el8_3.x86_64
	Compiler: gcc 4.8.5 20150623 (Red Hat 4.8.5-44)

CentOS Stream 8
	Kernel: 4.18.0-240.10.1.el8_3.x86_64
	Compiler: gcc 8.4.1 20200928

Debian Buster
	Kernel: 5.4.0-122-generic
	Compiler: gcc 8.3.0-6

Ubuntu 22.04
	Kernel: 4.18.0-240.10.1.el8_3.x86_64
	Compiler: gcc 11.3.0

openSUSE Leap 15
	Kernel: 4.18.0-240.10.1.el8_3.x86_64
	Compiler: gcc 7.5.0

CentOS Stream 9
	Kernel: 4.18.0-240.10.1.el8_3.x86_64
	Compiler: gcc 11.3.1 20220421

Debian Bullseye
	Kernel: 5.4.0-122-generic
	Compiler: gcc 10.2.1-6

Fedora 37
	Kernel: Depends on container host system
	Compiler: gcc 12.3.1

Fedora 38
	Kernel: Depends on container host
	Compiler: clang 16.0.3

RHEL8
	Kernel: 4.18.0-240.10.1.el8_3.x86_64
	Compiler: gcc 8.3.1 20191121 (Red Hat 8.3.1-5)

To view detailed results, visit:
https://lab.dpdk.org/results/dashboard/patchsets/26951/

UNH-IOL DPDK Community Lab

To manage your email subscriptions, visit: 
https://lab.dpdk.org/results/dashboard/preferences/subscriptions/


More information about the test-report mailing list