|FAILURE| pw129373 [PATCH] net/netvsc: set the correct queue state

dpdklab at iol.unh.edu dpdklab at iol.unh.edu
Fri Jul 7 22:35:54 CEST 2023


Test-Label: iol-unit-testing
Test-Status: FAILURE
http://dpdk.org/patch/129373

_Testing issues_

Submitter: Long Li <longli at linuxonhyperv.com>
Date: Friday, July 07 2023 18:53:16 
DPDK git baseline: Repo:dpdk
  Branch: master
  CommitID:623dc9364dc6a818799941cc26dc8f70feb2bb24

129373 --> testing fail

Test environment and result as below:

+--------------------------+----------------+
|       Environment        | dpdk_unit_test |
+==========================+================+
| CentOS Stream 9          | PASS           |
+--------------------------+----------------+
| Debian Buster            | PASS           |
+--------------------------+----------------+
| CentOS Stream 8          | PASS           |
+--------------------------+----------------+
| Debian Bullseye          | PASS           |
+--------------------------+----------------+
| Ubuntu 22.04             | PASS           |
+--------------------------+----------------+
| openSUSE Leap 15         | PASS           |
+--------------------------+----------------+
| Fedora 37                | PASS           |
+--------------------------+----------------+
| Debian 11 (Buster) (ARM) | PASS           |
+--------------------------+----------------+
| Fedora 38                | PASS           |
+--------------------------+----------------+
| RHEL 7                   | FAIL           |
+--------------------------+----------------+
| CentOS Stream 9 (ARM)    | PASS           |
+--------------------------+----------------+
| Ubuntu 20.04             | PASS           |
+--------------------------+----------------+
| RHEL8                    | PASS           |
+--------------------------+----------------+
| Fedora 37 (ARM)          | PASS           |
+--------------------------+----------------+
| Fedora 38 (ARM)          | PASS           |
+--------------------------+----------------+
| Ubuntu 20.04 (ARM)       | PASS           |
+--------------------------+----------------+
| Fedora 38 (ARM Clang)    | PASS           |
+--------------------------+----------------+

==== 20 line log output for RHEL 7 (dpdk_unit_test): ====
[1672/2681] Compiling C object 'drivers/a715181@@tmp_rte_net_mlx5 at sta/net_mlx5_hws_mlx5dr_pat_arg.c.o'.
[1673/2681] Compiling C object 'drivers/a715181@@tmp_rte_net_netvsc at sta/net_netvsc_hn_rxtx.c.o'.
[1674/2681] Compiling C object 'drivers/a715181@@tmp_rte_net_netvsc at sta/net_netvsc_hn_rndis.c.o'.
[1675/2681] Linking static target drivers/libtmp_rte_net_mlx5.a.
[1676/2681] Compiling C object 'drivers/a715181@@tmp_rte_net_netvsc at sta/net_netvsc_hn_ethdev.c.o'.
FAILED: drivers/a715181@@tmp_rte_net_netvsc at sta/net_netvsc_hn_ethdev.c.o
ccache cc -Idrivers/a715181@@tmp_rte_net_netvsc at sta -Idrivers -I../drivers -Idrivers/net/netvsc -I../drivers/net/netvsc -Ilib/ethdev -I../lib/ethdev -I. -I../ -Iconfig -I../config -Ilib/eal/include -I../lib/eal/include -Ilib/eal/linux/include -I../lib/eal/linux/include -Ilib/eal/x86/include -I../lib/eal/x86/include -Ilib/eal/common -I../lib/eal/common -Ilib/eal -I../lib/eal -Ilib/kvargs -I../lib/kvargs -Ilib/telemetry/../metrics -I../lib/telemetry/../metrics -Ilib/telemetry -I../lib/telemetry -Ilib/net -I../lib/net -Ilib/mbuf -I../lib/mbuf -Ilib/mempool -I../lib/mempool -Ilib/ring -I../lib/ring -Ilib/meter -I../lib/meter -Idrivers/bus/pci -I../drivers/bus/pci -I../drivers/bus/pci/linux -Ilib/pci -I../lib/pci -Idrivers/bus/vdev -I../drivers/bus/vdev -Idrivers/bus/vmbus -I../drivers/bus/vmbus -I../drivers/bus/vmbus/linux -pipe -D_FILE_OFFSET_BITS=64 -Wall -Winvalid-pch -Wextra -Werror -O3 -include rte_config.h -Wcast-qual -Wdeprecated -Wformat -Wformat-nonliteral -Wformat-security -Wmi
 ssing-declarations -Wmissing-prototypes -Wnested-externs -Wold-style-definition -Wpointer-arith -Wsign-compare -Wstrict-prototypes -Wundef -Wwrite-strings -Wno-missing-field-initializers -D_GNU_SOURCE -fPIC -march=native -DALLOW_EXPERIMENTAL_API -DALLOW_INTERNAL_API -DRTE_LOG_DEFAULT_LOGTYPE=pmd.net.netvsc -MD -MQ 'drivers/a715181@@tmp_rte_net_netvsc at sta/net_netvsc_hn_ethdev.c.o' -MF 'drivers/a715181@@tmp_rte_net_netvsc at sta/net_netvsc_hn_ethdev.c.o.d' -o 'drivers/a715181@@tmp_rte_net_netvsc at sta/net_netvsc_hn_ethdev.c.o' -c ../drivers/net/netvsc/hn_ethdev.c
../drivers/net/netvsc/hn_ethdev.c: In function 'hn_dev_start':
../drivers/net/netvsc/hn_ethdev.c:1020:2: error: 'for' loop initial declarations are only allowed in C99 mode
for (int i = 0; i < hv->num_queues; i++) {
^
../drivers/net/netvsc/hn_ethdev.c:1020:2: note: use option -std=c99 or -std=gnu99 to compile your code
../drivers/net/netvsc/hn_ethdev.c: In function 'hn_dev_stop':
../drivers/net/netvsc/hn_ethdev.c:1041:2: error: 'for' loop initial declarations are only allowed in C99 mode
for (int i = 0; i < hv->num_queues; i++) {
^
[1677/2681] Generating rte_net_ixgbe.sym_chk with a meson_exe.py custom command.
[1678/2681] Generating rte_net_mlx5.pmd.c with a custom command.
[1679/2681] Generating rte_common_cnxk.sym_chk with a meson_exe.py custom command.
ninja: build stopped: subcommand failed.
==== End log output ====

CentOS Stream 9
	Kernel: 4.18.0-240.10.1.el8_3.x86_64
	Compiler: gcc 11.3.1 20220421

Debian Buster
	Kernel: 5.4.0-122-generic
	Compiler: gcc 8.3.0-6

CentOS Stream 8
	Kernel: 4.18.0-240.10.1.el8_3.x86_64
	Compiler: gcc 8.4.1 20200928

Debian Bullseye
	Kernel: 5.4.0-122-generic
	Compiler: gcc 10.2.1-6

Ubuntu 22.04
	Kernel: 4.18.0-240.10.1.el8_3.x86_64
	Compiler: gcc 11.3.0

openSUSE Leap 15
	Kernel: 4.18.0-240.10.1.el8_3.x86_64
	Compiler: gcc 7.5.0

Fedora 37
	Kernel: Depends on container host system
	Compiler: gcc 12.3.1

Debian 11 (Buster) (ARM)
	Kernel: Container Host Kernel
	Compiler: gcc 10.2.1

Fedora 38
	Kernel: Depends on container host
	Compiler: gcc 13.1.1

RHEL 7
	Kernel: 4.18.0-240.10.1.el8_3.x86_64
	Compiler: gcc 4.8.5 20150623 (Red Hat 4.8.5-44)

CentOS Stream 9 (ARM)
	Kernel: Container Host Kernel
	Compiler: gcc 11.3.1

Ubuntu 20.04
	Kernel: 4.18.0-240.10.1.el8_3.x86_64
	Compiler: gcc 9.3.0-17ubuntu1~20.04

RHEL8
	Kernel: 4.18.0-240.10.1.el8_3.x86_64
	Compiler: gcc 8.3.1 20191121 (Red Hat 8.3.1-5)

Fedora 37 (ARM)
	Kernel: Depends on container host
	Compiler: gcc 12.3.1

Fedora 38 (ARM)
	Kernel: Depends on container host
	Compiler: gcc 13.1.1

Ubuntu 20.04 (ARM)
	Kernel: Container Host Kernel
	Compiler: gcc 9.4.0

Fedora 38 (ARM Clang)
	Kernel: Depends on container host
	Compiler: clang 16.0.3

To view detailed results, visit:
https://lab.dpdk.org/results/dashboard/patchsets/27015/

UNH-IOL DPDK Community Lab

To manage your email subscriptions, visit: 
https://lab.dpdk.org/results/dashboard/preferences/subscriptions/


More information about the test-report mailing list