|FAILURE| pw129564 [PATCH] [v2] app/test:subprocess synchronization

dpdklab at iol.unh.edu dpdklab at iol.unh.edu
Wed Jul 19 20:46:57 CEST 2023


Test-Label: iol-testing
Test-Status: FAILURE
http://dpdk.org/patch/129564

_Testing issues_

Submitter: Kaisen You <kaisenx.you at intel.com>
Date: Monday, July 17 2023 01:47:13 
DPDK git baseline: Repo:dpdk
  Branch: master
  CommitID:655eb37b18b1b0dc4d106acdf0dfedde01cfb224

129564 --> testing fail

Test environment and result as below:

+-----------------------------+----------------+
|         Environment         | dpdk_unit_test |
+=============================+================+
| CentOS Stream 9 (ARM)       | FAIL           |
+-----------------------------+----------------+
| Fedora 37 (ARM)             | FAIL           |
+-----------------------------+----------------+
| Fedora 38 (ARM)             | FAIL           |
+-----------------------------+----------------+
| Ubuntu 20.04 (ARM)          | FAIL           |
+-----------------------------+----------------+
| Windows Server 2019         | PASS           |
+-----------------------------+----------------+
| Debian Buster               | FAIL           |
+-----------------------------+----------------+
| CentOS Stream 8             | FAIL           |
+-----------------------------+----------------+
| Debian Bullseye             | FAIL           |
+-----------------------------+----------------+
| CentOS Stream 9             | FAIL           |
+-----------------------------+----------------+
| Fedora 38                   | FAIL           |
+-----------------------------+----------------+
| (32-bit) ARM Ubuntu 20.04.4 | PASS           |
+-----------------------------+----------------+
| RHEL 7                      | FAIL           |
+-----------------------------+----------------+
| Fedora 37                   | FAIL           |
+-----------------------------+----------------+
| Fedora 38 (ARM Clang)       | FAIL           |
+-----------------------------+----------------+
| Ubuntu 22.04                | FAIL           |
+-----------------------------+----------------+
| Ubuntu 20.04                | FAIL           |
+-----------------------------+----------------+
| RHEL8                       | FAIL           |
+-----------------------------+----------------+
| openSUSE Leap 15            | FAIL           |
+-----------------------------+----------------+
| Debian 11 (Buster) (ARM)    | FAIL           |
+-----------------------------+----------------+

==== 20 line log output for Debian 11 (Buster) (ARM) (dpdk_unit_test): ====
96/106 DPDK:fast-tests / table_autotest        OK      13.78 s
97/106 DPDK:fast-tests / ring_pmd_autotest     OK       0.13 s
98/106 DPDK:fast-tests / event_eth_tx_adapter_autotest  OK       1.99 s
99/106 DPDK:fast-tests / bitratestats_autotest  OK       0.14 s
100/106 DPDK:fast-tests / latencystats_autotest  OK       0.13 s
101/106 DPDK:fast-tests / pdump_autotest        OK       5.35 s
102/106 DPDK:fast-tests / vdev_autotest         OK       0.14 s
103/106 DPDK:fast-tests / rawdev_autotest       OK       0.13 s
104/106 DPDK:fast-tests / pdcp_autotest         SKIP     0.14 s
105/106 DPDK:fast-tests / compressdev_autotest  SKIP     0.14 s
106/106 DPDK:fast-tests / telemetry_all         SKIP     0.02 s

Ok:                   97
Expected Fail:         0
Fail:                  1
Unexpected Pass:       0
Skipped:               8
Timeout:               0

Full log written to /home-local/jenkins-local/jenkins-agent/workspace/Generic-Unit-Test-DPDK/dpdk/build/meson-logs/testlog.txt
==== End log output ====

CentOS Stream 9 (ARM)
	Kernel: Container Host Kernel
	Compiler: gcc 11.3.1

Fedora 37 (ARM)
	Kernel: Depends on container host
	Compiler: gcc 12.3.1

Fedora 38 (ARM)
	Kernel: Depends on container host
	Compiler: gcc 13.1.1

Ubuntu 20.04 (ARM)
	Kernel: Container Host Kernel
	Compiler: gcc 9.4.0

Windows Server 2019
	Kernel: 10.0
	Compiler: clang 14.0 and gcc 8.1.0 (MinGW)

Debian Buster
	Kernel: 5.4.0-122-generic
	Compiler: gcc 8.3.0-6

CentOS Stream 8
	Kernel: 4.18.0-240.10.1.el8_3.x86_64
	Compiler: gcc 8.4.1 20200928

Debian Bullseye
	Kernel: 5.4.0-122-generic
	Compiler: gcc 10.2.1-6

CentOS Stream 9
	Kernel: 4.18.0-240.10.1.el8_3.x86_64
	Compiler: gcc 11.3.1 20220421

Fedora 38
	Kernel: Depends on container host
	Compiler: gcc 13.1.1

(32-bit) ARM Ubuntu 20.04.4
	Kernel: 5.4.0-148-generic aarch64
	Compiler: gcc 9.4

RHEL 7
	Kernel: 4.18.0-240.10.1.el8_3.x86_64
	Compiler: gcc 4.8.5 20150623 (Red Hat 4.8.5-44)

Fedora 37
	Kernel: Depends on container host system
	Compiler: gcc 12.3.1

Fedora 38 (ARM Clang)
	Kernel: Depends on container host
	Compiler: clang 16.0.3

Ubuntu 22.04
	Kernel: 4.18.0-240.10.1.el8_3.x86_64
	Compiler: gcc 11.3.0

Ubuntu 20.04
	Kernel: 4.18.0-240.10.1.el8_3.x86_64
	Compiler: gcc 9.3.0-17ubuntu1~20.04

RHEL8
	Kernel: 4.18.0-240.10.1.el8_3.x86_64
	Compiler: gcc 8.3.1 20191121 (Red Hat 8.3.1-5)

openSUSE Leap 15
	Kernel: 4.18.0-240.10.1.el8_3.x86_64
	Compiler: gcc 7.5.0

Debian 11 (Buster) (ARM)
	Kernel: Container Host Kernel
	Compiler: gcc 10.2.1

To view detailed results, visit:
https://lab.dpdk.org/results/dashboard/patchsets/27079/

UNH-IOL DPDK Community Lab

To manage your email subscriptions, visit: 
https://lab.dpdk.org/results/dashboard/preferences/subscriptions/


More information about the test-report mailing list