|WARNING| [GIT MASTER] 12fcafcd62286933e6b167b14856d21f642efa5f

dpdklab at iol.unh.edu dpdklab at iol.unh.edu
Sun Jul 30 03:44:16 CEST 2023


_Testing issues_

Branch: dpdk

12fcafcd62286933e6b167b14856d21f642efa5f --> testing fail

Test environment and result as below:

+------------------+----------+
|   Environment    | abi_test |
+==================+==========+
| Debian Buster    | PASS     |
+------------------+----------+
| Fedora 38        | PASS     |
+------------------+----------+
| CentOS Stream 9  | PASS     |
+------------------+----------+
| Fedora 37        | PASS     |
+------------------+----------+
| RHEL 7           | PASS     |
+------------------+----------+
| Ubuntu 22.04     | PASS     |
+------------------+----------+
| Debian Bullseye  | PASS     |
+------------------+----------+
| CentOS Stream 8  | PASS     |
+------------------+----------+
| openSUSE Leap 15 | FAIL     |
+------------------+----------+

==== 20 line log output for openSUSE Leap 15 (abi_test): ====
[127/2862] Linking target lib/librte_meter.so.23.2.
[128/2862] Generating symbol file 'lib/76b5a35@@rte_meter at sha/librte_meter.so.23.2.symbols'.
[129/2862] Compiling C object 'lib/76b5a35@@rte_ethdev at sta/ethdev_ethdev_driver.c.o'.
[130/2862] Compiling C object 'lib/76b5a35@@rte_ethdev at sta/ethdev_ethdev_private.c.o'.
[131/2862] Compiling C object 'lib/76b5a35@@rte_ethdev at sta/ethdev_ethdev_profile.c.o'.
[132/2862] Compiling C object 'lib/76b5a35@@rte_ethdev at sta/ethdev_ethdev_trace_points.c.o'.
[133/2862] Compiling C object 'lib/76b5a35@@rte_ethdev at sta/ethdev_rte_class_eth.c.o'.
[134/2862] Compiling C object 'lib/76b5a35@@rte_ethdev at sta/ethdev_rte_ethdev.c.o'.
[135/2862] Compiling C object 'lib/76b5a35@@rte_ethdev at sta/ethdev_rte_ethdev_cman.c.o'.
[136/2862] Compiling C object 'lib/76b5a35@@rte_ethdev at sta/ethdev_rte_ethdev_telemetry.c.o'.
[137/2862] Compiling C object 'lib/76b5a35@@rte_ethdev at sta/ethdev_rte_flow.c.o'.
[138/2862] Compiling C object 'lib/76b5a35@@rte_ethdev at sta/ethdev_rte_mtr.c.o'.
[139/2862] Compiling C object 'lib/76b5a35@@rte_ethdev at sta/ethdev_rte_tm.c.o'.
[140/2862] Compiling C object 'lib/76b5a35@@rte_ethdev at sta/ethdev_sff_telemetry.c.o'.
[141/2862] Compiling C object 'lib/76b5a35@@rte_ethdev at sta/ethdev_sff_common.c.o'.
[142/2862] Compiling C object 'lib/76b5a35@@rte_ethdev at sta/ethdev_sff_8079.c.o'.
[143/2862] Compiling C object 'lib/76b5a35@@rte_ethdev at sta/ethdev_sff_8472.c.o'.
[144/2862] Linking static target lib/librte_ethdev.a.
[145/2862] Compiling C object 'lib/76b5a35@@rte_member at sta/member_rte_member_vbf.c.o'.
[146/2862] Compiling C object 'lib/76b5a35@@rte_member at sta/member_rte_member_sketch.c.o'.
==== End log output ====

Debian Buster
	Kernel: 5.4.0-122-generic
	Compiler: gcc 8.3.0-6

Fedora 38
	Kernel: Depends on container host
	Compiler: clang 16.0.3

CentOS Stream 9
	Kernel: 4.18.0-240.10.1.el8_3.x86_64
	Compiler: gcc 11.3.1 20220421

Fedora 37
	Kernel: Depends on container host system
	Compiler: gcc 12.3.1

RHEL 7
	Kernel: 4.18.0-240.10.1.el8_3.x86_64
	Compiler: gcc 4.8.5 20150623 (Red Hat 4.8.5-44)

Ubuntu 22.04
	Kernel: 4.18.0-240.10.1.el8_3.x86_64
	Compiler: gcc 11.3.0

Debian Bullseye
	Kernel: 5.4.0-122-generic
	Compiler: gcc 10.2.1-6

CentOS Stream 8
	Kernel: 4.18.0-240.10.1.el8_3.x86_64
	Compiler: gcc 8.4.1 20200928

openSUSE Leap 15
	Kernel: 4.18.0-240.10.1.el8_3.x86_64
	Compiler: gcc 7.5.0

To view detailed results, visit:
https://lab.dpdk.org/results/dashboard/tarballs/25630/

UNH-IOL DPDK Community Lab

To manage your email subscriptions, visit: 
https://lab.dpdk.org/results/dashboard/preferences/subscriptions/


More information about the test-report mailing list