|FAILURE| pw129756 [PATCH] [v3] build: update DPDK to use C11 standa

dpdklab at iol.unh.edu dpdklab at iol.unh.edu
Mon Jul 31 21:03:20 CEST 2023


Test-Label: iol-unit-testing
Test-Status: FAILURE
http://dpdk.org/patch/129756

_Testing issues_

Submitter: Bruce Richardson <bruce.richardson at intel.com>
Date: Monday, July 31 2023 16:58:11 
DPDK git baseline: Repo:dpdk
  Branch: master
  CommitID:12fcafcd62286933e6b167b14856d21f642efa5f

129756 --> testing fail

Test environment and result as below:

+--------------------------+----------------+
|       Environment        | dpdk_unit_test |
+==========================+================+
| Fedora 37                | PASS           |
+--------------------------+----------------+
| CentOS Stream 9          | PASS           |
+--------------------------+----------------+
| Debian Bullseye          | PASS           |
+--------------------------+----------------+
| Fedora 37 (ARM)          | PASS           |
+--------------------------+----------------+
| CentOS Stream 8          | PASS           |
+--------------------------+----------------+
| Fedora 38                | PASS           |
+--------------------------+----------------+
| Debian Buster            | PASS           |
+--------------------------+----------------+
| openSUSE Leap 15         | PASS           |
+--------------------------+----------------+
| Debian 11 (Buster) (ARM) | PASS           |
+--------------------------+----------------+
| Ubuntu 20.04             | FAIL           |
+--------------------------+----------------+
| Fedora 38 (ARM Clang)    | PASS           |
+--------------------------+----------------+
| Ubuntu 20.04 (ARM)       | FAIL           |
+--------------------------+----------------+
| Ubuntu 22.04             | PASS           |
+--------------------------+----------------+
| CentOS Stream 9 (ARM)    | PASS           |
+--------------------------+----------------+
| RHEL 7                   | PASS           |
+--------------------------+----------------+
| RHEL8                    | PASS           |
+--------------------------+----------------+
| Fedora 38 (ARM)          | PASS           |
+--------------------------+----------------+

==== 20 line log output for Ubuntu 20.04 (ARM) (dpdk_unit_test): ====
[1700/3011] Compiling C object 'drivers/a715181@@tmp_rte_net_ixgbe at sta/net_ixgbe_ixgbe_tm.c.o'.
[1701/3011] Compiling C object 'drivers/a715181@@tmp_rte_net_ixgbe at sta/net_ixgbe_ixgbe_vf_representor.c.o'.
[1702/3011] Compiling C object 'drivers/a715181@@tmp_rte_net_ixgbe at sta/net_ixgbe_ixgbe_ethdev.c.o'.
[1703/3011] Compiling C object 'drivers/a715181@@tmp_rte_net_mlx4 at sta/net_mlx4_mlx4.c.o'.
FAILED: drivers/a715181@@tmp_rte_net_mlx4 at sta/net_mlx4_mlx4.c.o
ccache cc -Idrivers/a715181@@tmp_rte_net_mlx4 at sta -Idrivers -I../drivers -Idrivers/net/mlx4 -I../drivers/net/mlx4 -Ilib/ethdev -I../lib/ethdev -I. -I../ -Iconfig -I../config -Ilib/eal/include -I../lib/eal/include -Ilib/eal/linux/include -I../lib/eal/linux/include -Ilib/eal/arm/include -I../lib/eal/arm/include -Ilib/eal/common -I../lib/eal/common -Ilib/eal -I../lib/eal -Ilib/kvargs -I../lib/kvargs -Ilib/telemetry/../metrics -I../lib/telemetry/../metrics -Ilib/telemetry -I../lib/telemetry -Ilib/net -I../lib/net -Ilib/mbuf -I../lib/mbuf -Ilib/mempool -I../lib/mempool -Ilib/ring -I../lib/ring -Ilib/meter -I../lib/meter -Idrivers/bus/pci -I../drivers/bus/pci -I../drivers/bus/pci/linux -Ilib/pci -I../lib/pci -Idrivers/bus/vdev -I../drivers/bus/vdev -I/usr/include/libnl3 -fdiagnostics-color=always -pipe -D_FILE_OFFSET_BITS=64 -Wall -Winvalid-pch -Wextra -Werror -std=c11 -O3 -include rte_config.h -Wcast-qual -Wdeprecated -Wformat -Wformat-nonliteral -Wformat-security -Wmissing-declarations -
 Wmissing-prototypes -Wnested-externs -Wold-style-definition -Wpointer-arith -Wsign-compare -Wstrict-prototypes -Wundef -Wwrite-strings -Wno-address-of-packed-member -Wno-packed-not-aligned -Wno-missing-field-initializers -D_GNU_SOURCE -fPIC -march=armv8.1-a+crc+crypto -mcpu=thunderx2t99 -DALLOW_EXPERIMENTAL_API -DALLOW_INTERNAL_API -Wno-format-truncation -std=c11 -Wno-strict-prototypes -D_BSD_SOURCE -D_DEFAULT_SOURCE -D_XOPEN_SOURCE=600 -UPEDANTIC -DRTE_LOG_DEFAULT_LOGTYPE=pmd.net.mlx4 -MD -MQ 'drivers/a715181@@tmp_rte_net_mlx4 at sta/net_mlx4_mlx4.c.o' -MF 'drivers/a715181@@tmp_rte_net_mlx4 at sta/net_mlx4_mlx4.c.o.d' -o 'drivers/a715181@@tmp_rte_net_mlx4 at sta/net_mlx4_mlx4.c.o' -c ../drivers/net/mlx4/mlx4.c
In file included from ../drivers/net/mlx4/mlx4_rxtx.h:27,
from ../drivers/net/mlx4/mlx4.c:49:
../drivers/net/mlx4/mlx4_prm.h:111:8: error: redefinition of 'struct mlx4_wqe_lso_seg'
111 | struct mlx4_wqe_lso_seg {
|        ^~~~~~~~~~~~~~~~
In file included from ../drivers/net/mlx4/mlx4_glue.h:16,
from ../drivers/net/mlx4/mlx4.c:46:
/usr/include/infiniband/mlx4dv.h:410:8: note: originally defined here
410 | struct mlx4_wqe_lso_seg {
|        ^~~~~~~~~~~~~~~~
[1704/3011] Compiling C object 'drivers/a715181@@tmp_rte_net_memif at sta/net_memif_memif_socket.c.o'.
[1705/3011] Compiling C object 'drivers/a715181@@tmp_rte_net_memif at sta/net_memif_rte_eth_memif.c.o'.
[1706/3011] Compiling C object 'drivers/a715181@@tmp_rte_net_ixgbe at sta/net_ixgbe_ixgbe_rxtx.c.o'.
ninja: build stopped: subcommand failed.
==== End log output ====

Fedora 37
	Kernel: Depends on container host system
	Compiler: gcc 12.3.1

CentOS Stream 9
	Kernel: 4.18.0-240.10.1.el8_3.x86_64
	Compiler: gcc 11.3.1 20220421

Debian Bullseye
	Kernel: 5.4.0-122-generic
	Compiler: gcc 10.2.1-6

Fedora 37 (ARM)
	Kernel: Depends on container host
	Compiler: gcc 12.3.1

CentOS Stream 8
	Kernel: 4.18.0-240.10.1.el8_3.x86_64
	Compiler: gcc 8.4.1 20200928

Fedora 38
	Kernel: Depends on container host
	Compiler: clang 16.0.3

Debian Buster
	Kernel: 5.4.0-122-generic
	Compiler: gcc 8.3.0-6

openSUSE Leap 15
	Kernel: 4.18.0-240.10.1.el8_3.x86_64
	Compiler: gcc 7.5.0

Debian 11 (Buster) (ARM)
	Kernel: Container Host Kernel
	Compiler: gcc 10.2.1

Ubuntu 20.04
	Kernel: 4.18.0-240.10.1.el8_3.x86_64
	Compiler: gcc 9.3.0-17ubuntu1~20.04

Fedora 38 (ARM Clang)
	Kernel: Depends on container host
	Compiler: clang 16.0.3

Ubuntu 20.04 (ARM)
	Kernel: Container Host Kernel
	Compiler: gcc 9.4.0

Ubuntu 22.04
	Kernel: 4.18.0-240.10.1.el8_3.x86_64
	Compiler: gcc 11.3.0

CentOS Stream 9 (ARM)
	Kernel: Container Host Kernel
	Compiler: gcc 11.3.1

RHEL 7
	Kernel: 4.18.0-240.10.1.el8_3.x86_64
	Compiler: gcc 4.8.5 20150623 (Red Hat 4.8.5-44)

RHEL8
	Kernel: 4.18.0-240.10.1.el8_3.x86_64
	Compiler: gcc 8.3.1 20191121 (Red Hat 8.3.1-5)

Fedora 38 (ARM)
	Kernel: Depends on container host
	Compiler: gcc 13.1.1

To view detailed results, visit:
https://lab.dpdk.org/results/dashboard/patchsets/27171/

UNH-IOL DPDK Community Lab

To manage your email subscriptions, visit: 
https://lab.dpdk.org/results/dashboard/preferences/subscriptions/


More information about the test-report mailing list