|WARNING| pw128202-128201 [PATCH] [v1,2/2] net/mlx5/hws: add support
dpdklab at iol.unh.edu
dpdklab at iol.unh.edu
Thu Jun 8 23:36:35 CEST 2023
Test-Label: iol-abi-testing
Test-Status: WARNING
http://dpdk.org/patch/128201
_Testing issues_
Submitter: Dong Zhou <dongzhou at nvidia.com>
Date: Tuesday, June 06 2023 11:07:10
DPDK git baseline: Repo:dpdk
Branch: master
CommitID:38689022f609a290645c7027084aee720c1fcf91
128202-128201 --> testing fail
Test environment and result as below:
+------------------+----------+
| Environment | abi_test |
+==================+==========+
| openSUSE Leap 15 | FAIL |
+------------------+----------+
| Debian Bullseye | FAIL |
+------------------+----------+
| Ubuntu 22.04 | FAIL |
+------------------+----------+
| RHEL 7 | FAIL |
+------------------+----------+
| CentOS Stream 9 | FAIL |
+------------------+----------+
| Debian Buster | FAIL |
+------------------+----------+
| RHEL8 | FAIL |
+------------------+----------+
| CentOS Stream 8 | FAIL |
+------------------+----------+
| Fedora 38 | FAIL |
+------------------+----------+
| Fedora 37 | FAIL |
+------------------+----------+
==== 20 line log output for Fedora 37 (abi_test): ====
11065 | bth_v->hdr.opcode & bth_m->hdr.opcode);
| ^~
../drivers/common/mlx5/mlx5_prm.h:867:26: note: in definition of macro 'MLX5_SET'
867 | u32 _v = v; \
| ^
../drivers/net/mlx5/mlx5_flow_dv.c:11067:28: error: invalid use of undefined type 'const struct rte_flow_item_ib_bth'
11067 | size = sizeof(bth_m->hdr.dst_qp);
| ^~
../drivers/net/mlx5/mlx5_flow_dv.c:11069:33: error: invalid use of undefined type 'const struct rte_flow_item_ib_bth'
11069 | qpn_v[i] = bth_m->hdr.dst_qp[i] & bth_v->hdr.dst_qp[i];
| ^~
../drivers/net/mlx5/mlx5_flow_dv.c:11069:56: error: invalid use of undefined type 'const struct rte_flow_item_ib_bth'
11069 | qpn_v[i] = bth_m->hdr.dst_qp[i] & bth_v->hdr.dst_qp[i];
| ^~
../drivers/net/mlx5/mlx5_flow_dv.c: In function 'flow_dv_translate_items':
../drivers/net/mlx5/mlx5_flow_dv.c:13873:14: error: 'RTE_FLOW_ITEM_TYPE_IB_BTH' undeclared (first use in this function); did you mean 'RTE_FLOW_ITEM_TYPE_ETH'?
13873 | case RTE_FLOW_ITEM_TYPE_IB_BTH:
| ^~~~~~~~~~~~~~~~~~~~~~~~~
| RTE_FLOW_ITEM_TYPE_ETH
ninja: build stopped: subcommand failed.
==== End log output ====
openSUSE Leap 15
Kernel: 4.18.0-240.10.1.el8_3.x86_64
Compiler: gcc 7.5.0
Debian Bullseye
Kernel: 5.4.0-122-generic
Compiler: gcc 10.2.1-6
Ubuntu 22.04
Kernel: 4.18.0-240.10.1.el8_3.x86_64
Compiler: gcc 11.3.0
RHEL 7
Kernel: 4.18.0-240.10.1.el8_3.x86_64
Compiler: gcc 4.8.5 20150623 (Red Hat 4.8.5-44)
CentOS Stream 9
Kernel: 4.18.0-240.10.1.el8_3.x86_64
Compiler: gcc 11.3.1 20220421
Debian Buster
Kernel: 5.4.0-122-generic
Compiler: gcc 8.3.0-6
RHEL8
Kernel: 4.18.0-240.10.1.el8_3.x86_64
Compiler: gcc 8.3.1 20191121 (Red Hat 8.3.1-5)
CentOS Stream 8
Kernel: 4.18.0-240.10.1.el8_3.x86_64
Compiler: gcc 8.4.1 20200928
Fedora 38
Kernel: Depends on container host
Compiler: clang 16.0.3
Fedora 37
Kernel: Depends on container host system
Compiler: gcc 12.3.1
To view detailed results, visit:
https://lab.dpdk.org/results/dashboard/patchsets/26551/
UNH-IOL DPDK Community Lab
To manage your email subscriptions, visit:
https://lab.dpdk.org/results/dashboard/preferences/subscriptions/
More information about the test-report
mailing list