|FAILURE| pw128450 [PATCH] net/nfp: fix set IPv6 flow action can't g

dpdklab at iol.unh.edu dpdklab at iol.unh.edu
Fri Jun 9 11:32:47 CEST 2023


Test-Label: iol-x86_64-compile-testing
Test-Status: FAILURE
http://dpdk.org/patch/128450

_Testing issues_

Submitter: Chaoyong He <chaoyong.he at corigine.com>
Date: Friday, June 09 2023 06:19:19 
DPDK git baseline: Repo:dpdk
  Branch: master
  CommitID:2125ed73e10ec028dd1b5fd6105aef80456e659e

128450 --> testing fail

Test environment and result as below:

+---------------------+--------------------+----------------------+
|     Environment     | dpdk_meson_compile | dpdk_mingw64_compile |
+=====================+====================+======================+
| FreeBSD 13          | PASS               | SKIPPED              |
+---------------------+--------------------+----------------------+
| Windows Server 2019 | PASS               | PASS                 |
+---------------------+--------------------+----------------------+
| CentOS Stream 9     | PASS               | SKIPPED              |
+---------------------+--------------------+----------------------+
| Debian Buster       | PASS               | SKIPPED              |
+---------------------+--------------------+----------------------+
| Fedora 37           | PASS               | SKIPPED              |
+---------------------+--------------------+----------------------+
| RHEL8               | PASS               | SKIPPED              |
+---------------------+--------------------+----------------------+
| RHEL 7              | FAIL               | SKIPPED              |
+---------------------+--------------------+----------------------+
| Ubuntu 20.04        | PASS               | SKIPPED              |
+---------------------+--------------------+----------------------+
| Ubuntu 22.04        | PASS               | SKIPPED              |
+---------------------+--------------------+----------------------+
| openSUSE Leap 15    | PASS               | SKIPPED              |
+---------------------+--------------------+----------------------+
| Fedora 38           | PASS               | SKIPPED              |
+---------------------+--------------------+----------------------+
| Alpine              | PASS               | SKIPPED              |
+---------------------+--------------------+----------------------+
| CentOS Stream 8     | PASS               | SKIPPED              |
+---------------------+--------------------+----------------------+
| Debian Bullseye     | PASS               | SKIPPED              |
+---------------------+--------------------+----------------------+

==== 20 line log output for RHEL 7 (dpdk_meson_compile): ====
[1827/3036] Compiling C object 'drivers/a715181@@tmp_rte_net_nfp at sta/net_nfp_flower_nfp_flower_ctrl.c.o'.
[1828/3036] Compiling C object 'drivers/a715181@@tmp_rte_net_nfp at sta/net_nfp_flower_nfp_flower_cmsg.c.o'.
[1829/3036] Compiling C object 'drivers/a715181@@tmp_rte_net_nfp at sta/net_nfp_nfp_common.c.o'.
[1830/3036] Compiling C object 'drivers/a715181@@tmp_rte_net_nfp at sta/net_nfp_flower_nfp_flower_representor.c.o'.
[1831/3036] Compiling C object 'drivers/a715181@@tmp_rte_net_nfp at sta/net_nfp_nfpcore_nfp_cpp_pcie_ops.c.o'.
[1832/3036] Linking target drivers/librte_net_netvsc.so.23.2.
[1833/3036] Compiling C object 'drivers/a715181@@tmp_rte_net_nfp at sta/net_nfp_nfpcore_nfp_nsp.c.o'.
[1834/3036] Compiling C object 'drivers/a715181@@tmp_rte_net_nfp at sta/net_nfp_nfpcore_nfp_cppcore.c.o'.
[1835/3036] Compiling C object 'drivers/a715181@@tmp_rte_net_nfp at sta/net_nfp_nfpcore_nfp_resource.c.o'.
[1836/3036] Compiling C object 'drivers/a715181@@tmp_rte_net_nfp at sta/net_nfp_nfp_ethdev_vf.c.o'.
[1837/3036] Compiling C object 'drivers/a715181@@tmp_rte_net_nfp at sta/net_nfp_nfp_ethdev.c.o'.
[1838/3036] Compiling C object 'drivers/a715181@@tmp_rte_net_nfp at sta/net_nfp_nfp_flow.c.o'.
FAILED: drivers/a715181@@tmp_rte_net_nfp at sta/net_nfp_nfp_flow.c.o
ccache cc -Idrivers/a715181@@tmp_rte_net_nfp at sta -Idrivers -I../drivers -Idrivers/net/nfp -I../drivers/net/nfp -Ilib/ethdev -I../lib/ethdev -I. -I../ -Iconfig -I../config -Ilib/eal/include -I../lib/eal/include -Ilib/eal/linux/include -I../lib/eal/linux/include -Ilib/eal/x86/include -I../lib/eal/x86/include -Ilib/eal/common -I../lib/eal/common -Ilib/eal -I../lib/eal -Ilib/kvargs -I../lib/kvargs -Ilib/telemetry/../metrics -I../lib/telemetry/../metrics -Ilib/telemetry -I../lib/telemetry -Ilib/net -I../lib/net -Ilib/mbuf -I../lib/mbuf -Ilib/mempool -I../lib/mempool -Ilib/ring -I../lib/ring -Ilib/meter -I../lib/meter -Idrivers/bus/pci -I../drivers/bus/pci -I../drivers/bus/pci/linux -Ilib/pci -I../lib/pci -Idrivers/bus/vdev -I../drivers/bus/vdev -Ilib/hash -I../lib/hash -Ilib/rcu -I../lib/rcu -pipe -D_FILE_OFFSET_BITS=64 -Wall -Winvalid-pch -Wextra -Werror -O3 -include rte_config.h -Wcast-qual -Wdeprecated -Wformat -Wformat-nonliteral -Wformat-security -Wmissing-declarations -Wmissing-prot
 otypes -Wnested-externs -Wold-style-definition -Wpointer-arith -Wsign-compare -Wstrict-prototypes -Wundef -Wwrite-strings -Wno-missing-field-initializers -D_GNU_SOURCE -fPIC -march=native -DALLOW_EXPERIMENTAL_API -DALLOW_INTERNAL_API -DRTE_LOG_DEFAULT_LOGTYPE=pmd.net.nfp -MD -MQ 'drivers/a715181@@tmp_rte_net_nfp at sta/net_nfp_nfp_flow.c.o' -MF 'drivers/a715181@@tmp_rte_net_nfp at sta/net_nfp_nfp_flow.c.o.d' -o 'drivers/a715181@@tmp_rte_net_nfp at sta/net_nfp_nfp_flow.c.o' -c ../drivers/net/nfp/nfp_flow.c
../drivers/net/nfp/nfp_flow.c: In function 'nfp_flow_action_set_ipv6':
../drivers/net/nfp/nfp_flow.c:2169:3: error: dereferencing type-punned pointer will break strict-aliasing rules [-Werror=strict-aliasing]
set_ip->ipv6[i].exact = *(const rte_be32_t *)&set_ipv6->ipv6_addr[i * 4];
^
cc1: all warnings being treated as errors
ninja: build stopped: subcommand failed.
==== End log output ====

FreeBSD 13
	Kernel: 13.0
	Compiler: clang 11.0.1

Windows Server 2019
	Kernel: 10.0
	Compiler: clang 14.0 and gcc 8.1.0 (MinGW)

CentOS Stream 9
	Kernel: 4.18.0-240.10.1.el8_3.x86_64
	Compiler: gcc 11.3.1 20220421

Debian Buster
	Kernel: 5.4.0-122-generic
	Compiler: gcc 8.3.0-6

Fedora 37
	Kernel: Depends on container host system
	Compiler: gcc 12.3.1

RHEL8
	Kernel: 4.18.0-240.10.1.el8_3.x86_64
	Compiler: gcc 8.3.1 20191121 (Red Hat 8.3.1-5)

RHEL 7
	Kernel: 4.18.0-240.10.1.el8_3.x86_64
	Compiler: gcc 4.8.5 20150623 (Red Hat 4.8.5-44)

Ubuntu 20.04
	Kernel: 4.18.0-240.10.1.el8_3.x86_64
	Compiler: gcc 9.3.0-17ubuntu1~20.04

Ubuntu 22.04
	Kernel: 4.18.0-240.10.1.el8_3.x86_64
	Compiler: gcc 11.3.0

openSUSE Leap 15
	Kernel: 4.18.0-240.10.1.el8_3.x86_64
	Compiler: gcc 7.5.0

Fedora 38
	Kernel: Depends on container host
	Compiler: gcc 13.1.1

Alpine
	Kernel: 5.4.0-73-generic
	Compiler: gcc (Alpine 10.3.1_git20210424) 10.3.1 20210424

CentOS Stream 8
	Kernel: 4.18.0-240.10.1.el8_3.x86_64
	Compiler: gcc 8.4.1 20200928

Debian Bullseye
	Kernel: 5.4.0-122-generic
	Compiler: gcc 10.2.1-6

To view detailed results, visit:
https://lab.dpdk.org/results/dashboard/patchsets/26603/

UNH-IOL DPDK Community Lab

To manage your email subscriptions, visit: 
https://lab.dpdk.org/results/dashboard/preferences/subscriptions/


More information about the test-report mailing list