|FAILURE| pw128121-128138 [PATCH] [v7,17/17] doc: update multicore d

dpdklab at iol.unh.edu dpdklab at iol.unh.edu
Fri Jun 9 23:56:36 CEST 2023


Test-Label: iol-x86_64-compile-testing
Test-Status: FAILURE
http://dpdk.org/patch/128138

_Testing issues_

Submitter: Zhirun Yan <zhirun.yan at intel.com>
Date: Monday, June 05 2023 11:19:23 
DPDK git baseline: Repo:dpdk
  Branch: master
  CommitID:abaa473297cf21cb81e5348185a7694ae2f221e7

128121-128138 --> testing fail

Test environment and result as below:

+------------------+--------------------+
|   Environment    | dpdk_meson_compile |
+==================+====================+
| FreeBSD 13       | PASS               |
+------------------+--------------------+
| Debian Buster    | PASS               |
+------------------+--------------------+
| Debian Bullseye  | PASS               |
+------------------+--------------------+
| RHEL 7           | FAIL               |
+------------------+--------------------+
| Fedora 38        | PASS               |
+------------------+--------------------+
| openSUSE Leap 15 | PASS               |
+------------------+--------------------+
| Ubuntu 22.04     | PASS               |
+------------------+--------------------+
| Ubuntu 20.04     | PASS               |
+------------------+--------------------+
| Alpine           | PASS               |
+------------------+--------------------+
| RHEL8            | PASS               |
+------------------+--------------------+
| CentOS Stream 9  | PASS               |
+------------------+--------------------+
| CentOS Stream 8  | PASS               |
+------------------+--------------------+
| Fedora 37        | PASS               |
+------------------+--------------------+

==== 20 line log output for RHEL 7 (dpdk_meson_compile): ====
[481/3220] Linking target lib/librte_table.so.23.2.
[482/3220] Generating symbol file 'lib/76b5a35@@rte_table at sha/librte_table.so.23.2.symbols'.
[483/3220] Compiling C object 'lib/76b5a35@@rte_pipeline at sta/pipeline_rte_port_in_action.c.o'.
[484/3220] Compiling C object 'lib/76b5a35@@rte_pipeline at sta/pipeline_rte_pipeline.c.o'.
[485/3220] Compiling C object 'lib/76b5a35@@rte_pipeline at sta/pipeline_rte_swx_pipeline.c.o'.
[486/3220] Compiling C object 'lib/76b5a35@@rte_pipeline at sta/pipeline_rte_swx_ctl.c.o'.
[487/3220] Compiling C object 'lib/76b5a35@@rte_pipeline at sta/pipeline_rte_swx_pipeline_spec.c.o'.
[488/3220] Linking static target lib/librte_pipeline.a.
[489/3220] Generating pipeline.sym_chk with a meson_exe.py custom command.
[490/3220] Compiling C object 'lib/76b5a35@@rte_graph at sta/graph_graph_ops.c.o'.
FAILED: lib/76b5a35@@rte_graph at sta/graph_graph_ops.c.o
ccache cc -Ilib/76b5a35@@rte_graph at sta -Ilib -I../lib -Ilib/graph -I../lib/graph -I. -I../ -Iconfig -I../config -Ilib/eal/include -I../lib/eal/include -Ilib/eal/linux/include -I../lib/eal/linux/include -Ilib/eal/x86/include -I../lib/eal/x86/include -Ilib/eal/common -I../lib/eal/common -Ilib/eal -I../lib/eal -Ilib/kvargs -I../lib/kvargs -Ilib/telemetry/../metrics -I../lib/telemetry/../metrics -Ilib/telemetry -I../lib/telemetry -Ilib/pcapng -I../lib/pcapng -Ilib/ethdev -I../lib/ethdev -Ilib/net -I../lib/net -Ilib/mbuf -I../lib/mbuf -Ilib/mempool -I../lib/mempool -Ilib/ring -I../lib/ring -Ilib/meter -I../lib/meter -pipe -D_FILE_OFFSET_BITS=64 -Wall -Winvalid-pch -Wextra -Werror -O3 -include rte_config.h -Wcast-qual -Wdeprecated -Wformat -Wformat-nonliteral -Wformat-security -Wmissing-declarations -Wmissing-prototypes -Wnested-externs -Wold-style-definition -Wpointer-arith -Wsign-compare -Wstrict-prototypes -Wundef -Wwrite-strings -Wno-missing-field-initializers -D_GNU_SOURCE -fPIC -marc
 h=native -DALLOW_EXPERIMENTAL_API -DALLOW_INTERNAL_API -DRTE_LOG_DEFAULT_LOGTYPE=lib.graph -MD -MQ 'lib/76b5a35@@rte_graph at sta/graph_graph_ops.c.o' -MF 'lib/76b5a35@@rte_graph at sta/graph_graph_ops.c.o.d' -o 'lib/76b5a35@@rte_graph at sta/graph_graph_ops.c.o' -c ../lib/graph/graph_ops.c
In file included from ../lib/graph/graph_private.h:18:0,
from ../lib/graph/graph_ops.c:11:
../lib/graph/rte_graph_worker.h: In function 'rte_graph_walk':
../lib/graph/rte_graph_worker.h:34:7: error: "RTE_GRAPH_MODEL_SELECT" is not defined [-Werror=undef]
#elif RTE_GRAPH_MODEL_SELECT == RTE_GRAPH_MODEL_MCORE_DISPATCH
^
cc1: all warnings being treated as errors
ninja: build stopped: subcommand failed.
==== End log output ====

FreeBSD 13
	Kernel: 13.0
	Compiler: clang 11.0.1

Debian Buster
	Kernel: 5.4.0-122-generic
	Compiler: gcc 8.3.0-6

Debian Bullseye
	Kernel: 5.4.0-122-generic
	Compiler: gcc 10.2.1-6

RHEL 7
	Kernel: 4.18.0-240.10.1.el8_3.x86_64
	Compiler: gcc 4.8.5 20150623 (Red Hat 4.8.5-44)

Fedora 38
	Kernel: Depends on container host
	Compiler: gcc 13.1.1

openSUSE Leap 15
	Kernel: 4.18.0-240.10.1.el8_3.x86_64
	Compiler: gcc 7.5.0

Ubuntu 22.04
	Kernel: 4.18.0-240.10.1.el8_3.x86_64
	Compiler: gcc 11.3.0

Ubuntu 20.04
	Kernel: 4.18.0-240.10.1.el8_3.x86_64
	Compiler: gcc 9.3.0-17ubuntu1~20.04

Alpine
	Kernel: 5.4.0-73-generic
	Compiler: gcc (Alpine 10.3.1_git20210424) 10.3.1 20210424

RHEL8
	Kernel: 4.18.0-240.10.1.el8_3.x86_64
	Compiler: gcc 8.3.1 20191121 (Red Hat 8.3.1-5)

CentOS Stream 9
	Kernel: 4.18.0-240.10.1.el8_3.x86_64
	Compiler: gcc 11.3.1 20220421

CentOS Stream 8
	Kernel: 4.18.0-240.10.1.el8_3.x86_64
	Compiler: gcc 8.4.1 20200928

Fedora 37
	Kernel: Depends on container host system
	Compiler: gcc 12.3.1

To view detailed results, visit:
https://lab.dpdk.org/results/dashboard/patchsets/26537/

UNH-IOL DPDK Community Lab

To manage your email subscriptions, visit: 
https://lab.dpdk.org/results/dashboard/preferences/subscriptions/


More information about the test-report mailing list