|FAILURE| pw127786 [PATCH] [v1] doc: remove warning with doxygen 1.9

dpdklab at iol.unh.edu dpdklab at iol.unh.edu
Sat Jun 10 00:51:57 CEST 2023


Test-Label: iol-unit-testing
Test-Status: FAILURE
http://dpdk.org/patch/127786

_Testing issues_

Submitter: Jerin Jacob Kollanukkaran <jerinj at marvell.com>
Date: Wednesday, May 31 2023 12:46:47 
DPDK git baseline: Repo:dpdk
  Branch: master
  CommitID:c9df59bcc9bec67783de98486879594e52bdc418

127786 --> testing fail

Test environment and result as below:

+--------------------------+----------------+
|       Environment        | dpdk_unit_test |
+==========================+================+
| CentOS Stream 9 (ARM)    | PASS           |
+--------------------------+----------------+
| Fedora 37 (ARM)          | PASS           |
+--------------------------+----------------+
| Debian 11 (Buster) (ARM) | PASS           |
+--------------------------+----------------+
| Debian Buster            | PASS           |
+--------------------------+----------------+
| CentOS Stream 9          | PASS           |
+--------------------------+----------------+
| Fedora 38 (ARM)          | PASS           |
+--------------------------+----------------+
| Ubuntu 20.04 (ARM)       | PASS           |
+--------------------------+----------------+
| CentOS Stream 8          | PASS           |
+--------------------------+----------------+
| Debian Bullseye          | PASS           |
+--------------------------+----------------+
| Fedora 37                | PASS           |
+--------------------------+----------------+
| RHEL 7                   | FAIL           |
+--------------------------+----------------+
| Ubuntu 22.04             | PASS           |
+--------------------------+----------------+
| openSUSE Leap 15         | PASS           |
+--------------------------+----------------+
| RHEL8                    | PASS           |
+--------------------------+----------------+
| Fedora 38                | PASS           |
+--------------------------+----------------+

==== 20 line log output for RHEL 7 (dpdk_unit_test): ====
Message: drivers/event/sw: Defining dependency "event_sw"
Message: drivers/event/octeontx: Defining dependency "event_octeontx"
Message: drivers/baseband/acc: Defining dependency "baseband_acc"
Message: drivers/baseband/fpga_5gnr_fec: Defining dependency "baseband_fpga_5gnr_fec"
Message: drivers/baseband/fpga_lte_fec: Defining dependency "baseband_fpga_lte_fec"
Message: drivers/baseband/la12xx: Defining dependency "baseband_la12xx"
Message: drivers/baseband/null: Defining dependency "baseband_null"
Run-time dependency flexran_sdk_turbo found: NO (tried pkgconfig and cmake)
Run-time dependency flexran_sdk_ldpc_decoder_5gnr found: NO (tried pkgconfig and cmake)
Message: drivers/baseband/turbo_sw: Defining dependency "baseband_turbo_sw"
Has header "cuda.h" : NO
Compiler for C supports arguments -Wno-format-truncation -Wformat-truncation: NO
Dependency zlib found: YES 1.2.7 (cached)
Message: hugepage availability: true
Program test_telemetry.sh found: YES (/home-local/jenkins-local/jenkins-agent/workspace/Generic-Unit-Test-DPDK/dpdk/app/test/test_telemetry.sh)
Program doxygen found: YES (/usr/bin/doxygen)

doc/api/meson.build:44:21: ERROR: Unknown method "version" in object.

A full log can be found at /home-local/jenkins-local/jenkins-agent/workspace/Generic-Unit-Test-DPDK/dpdk/build/meson-logs/meson-log.txt
==== End log output ====

CentOS Stream 9 (ARM)
	Kernel: Container Host Kernel
	Compiler: gcc 11.3.1

Fedora 37 (ARM)
	Kernel: Depends on container host
	Compiler: gcc 12.3.1

Debian 11 (Buster) (ARM)
	Kernel: Container Host Kernel
	Compiler: gcc 10.2.1

Debian Buster
	Kernel: 5.4.0-122-generic
	Compiler: gcc 8.3.0-6

CentOS Stream 9
	Kernel: 4.18.0-240.10.1.el8_3.x86_64
	Compiler: gcc 11.3.1 20220421

Fedora 38 (ARM)
	Kernel: Depends on container host
	Compiler: gcc 13.1.1

Ubuntu 20.04 (ARM)
	Kernel: Container Host Kernel
	Compiler: gcc 9.4.0

CentOS Stream 8
	Kernel: 4.18.0-240.10.1.el8_3.x86_64
	Compiler: gcc 8.4.1 20200928

Debian Bullseye
	Kernel: 5.4.0-122-generic
	Compiler: gcc 10.2.1-6

Fedora 37
	Kernel: Depends on container host system
	Compiler: gcc 12.3.1

RHEL 7
	Kernel: 4.18.0-240.10.1.el8_3.x86_64
	Compiler: gcc 4.8.5 20150623 (Red Hat 4.8.5-44)

Ubuntu 22.04
	Kernel: 4.18.0-240.10.1.el8_3.x86_64
	Compiler: gcc 11.3.0

openSUSE Leap 15
	Kernel: 4.18.0-240.10.1.el8_3.x86_64
	Compiler: gcc 7.5.0

RHEL8
	Kernel: 4.18.0-240.10.1.el8_3.x86_64
	Compiler: gcc 8.3.1 20191121 (Red Hat 8.3.1-5)

Fedora 38
	Kernel: Depends on container host
	Compiler: gcc 13.1.1

To view detailed results, visit:
https://lab.dpdk.org/results/dashboard/patchsets/26472/

UNH-IOL DPDK Community Lab

To manage your email subscriptions, visit: 
https://lab.dpdk.org/results/dashboard/preferences/subscriptions/


More information about the test-report mailing list