|WARNING| pw128755-128757 [PATCH] [v2,5/5] devtools: ignore changes

dpdklab at iol.unh.edu dpdklab at iol.unh.edu
Thu Jun 15 19:48:16 CEST 2023


Test-Label: iol-abi-testing
Test-Status: WARNING
http://dpdk.org/patch/128757

_Testing issues_

Submitter: Nicolas Chautru <nicolas.chautru at intel.com>
Date: Thursday, June 15 2023 16:49:01 
DPDK git baseline: Repo:dpdk
  Branch: master
  CommitID:050de60d8a5cef8b7c10b4471905ca8bf69d670e

128755-128757 --> testing fail

Test environment and result as below:

+-----------------+----------+
|   Environment   | abi_test |
+=================+==========+
| Fedora 37       | FAIL     |
+-----------------+----------+
| Debian Bullseye | FAIL     |
+-----------------+----------+
| RHEL 7          | FAIL     |
+-----------------+----------+

==== 20 line log output for RHEL 7 (abi_test): ====
Variables changes summary: 0 Removed, 0 Changed, 0 Added variable

Functions changes summary: 0 Removed, 0 Changed (3 filtered out), 0 Added functions
Variables changes summary: 0 Removed, 0 Changed, 0 Added variable

Functions changes summary: 0 Removed, 0 Changed (14 filtered out), 0 Added functions
Variables changes summary: 0 Removed, 0 Changed, 0 Added variable

Functions changes summary: 0 Removed, 0 Changed (34 filtered out), 0 Added (15 filtered out) functions
Variables changes summary: 0 Removed (6 filtered out), 0 Changed (1 filtered out), 0 Added variables

Functions changes summary: 0 Removed (1 filtered out), 0 Changed (2 filtered out), 0 Added (3 filtered out) functions
Variables changes summary: 0 Removed, 0 Changed, 0 Added variable

Functions changes summary: 0 Removed (1 filtered out), 0 Changed, 0 Added (9 filtered out) functions
Variables changes summary: 0 Removed (15 filtered out), 0 Changed, 0 Added (1 filtered out) variables

Functions changes summary: 0 Removed, 0 Changed, 0 Added (1 filtered out) function
Variables changes summary: 0 Removed, 0 Changed, 0 Added variable

==== End log output ====

Fedora 37
	Kernel: Depends on container host system
	Compiler: gcc 12.3.1

Debian Bullseye
	Kernel: 5.4.0-122-generic
	Compiler: gcc 10.2.1-6

RHEL 7
	Kernel: 4.18.0-240.10.1.el8_3.x86_64
	Compiler: gcc 4.8.5 20150623 (Red Hat 4.8.5-44)

To view detailed results, visit:
https://lab.dpdk.org/results/dashboard/patchsets/26712/

UNH-IOL DPDK Community Lab

To manage your email subscriptions, visit: 
https://lab.dpdk.org/results/dashboard/preferences/subscriptions/


More information about the test-report mailing list