|FAILURE| pw128771-128773 [PATCH] [v2,3/3] doc: add event dispatcher

dpdklab at iol.unh.edu dpdklab at iol.unh.edu
Fri Jun 16 20:16:52 CEST 2023


Test-Label: iol-x86_64-compile-testing
Test-Status: FAILURE
http://dpdk.org/patch/128773

_Testing issues_

Submitter: Mattias Ronnblom <mattias.ronnblom at ericsson.com>
Date: Friday, June 16 2023 07:40:41 
DPDK git baseline: Repo:dpdk
  Branch: master
  CommitID:7556a1a355fb377279508735f7afc1faf1d00158

128771-128773 --> testing fail

Test environment and result as below:

+---------------------+--------------------+
|     Environment     | dpdk_meson_compile |
+=====================+====================+
| Debian Bullseye     | PASS               |
+---------------------+--------------------+
| Fedora 37           | PASS               |
+---------------------+--------------------+
| openSUSE Leap 15    | PASS               |
+---------------------+--------------------+
| RHEL 7              | FAIL               |
+---------------------+--------------------+
| Ubuntu 22.04        | PASS               |
+---------------------+--------------------+
| Fedora 38           | PASS               |
+---------------------+--------------------+
| Alpine              | PASS               |
+---------------------+--------------------+
| RHEL8               | PASS               |
+---------------------+--------------------+
| Windows Server 2019 | FAIL               |
+---------------------+--------------------+
| Ubuntu 20.04        | PASS               |
+---------------------+--------------------+

==== 20 line log output for Windows Server 2019 (dpdk_meson_compile): ====
[732/817] Compiling C object app/test/dpdk-test.exe.p/test_fib6.c.obj
[733/817] Compiling C object app/test/dpdk-test.exe.p/test_event_timer_adapter.c.obj
[734/817] Compiling C object app/test/dpdk-test.exe.p/test_cycles.c.obj
[735/817] Compiling C object app/test/dpdk-test.exe.p/test_hash_functions.c.obj
[736/817] Compiling C object app/test/dpdk-test.exe.p/test_ipsec_sad.c.obj
[737/817] Compiling C object app/test/dpdk-test.exe.p/test_devargs.c.obj
[738/817] Compiling C object app/test/dpdk-test.exe.p/test_kni.c.obj
[739/817] Compiling C object app/test/dpdk-test.exe.p/test_event_dispatcher.c.obj
FAILED: app/test/dpdk-test.exe.p/test_event_dispatcher.c.obj
"clang" "-Iapp\test\dpdk-test.exe.p" "-Iapp\test" "-I..\app\test" "-I." "-I.." "-Iconfig" "-I..\config" "-Ilib\eal\include" "-I..\lib\eal\include" "-Ilib\eal\windows\include" "-I..\lib\eal\windows\include" "-Ilib\eal\x86\include" "-I..\lib\eal\x86\include" "-Ilib\kvargs" "-I..\lib\kvargs" "-Ilib\metrics" "-I..\lib\metrics" "-Ilib\telemetry" "-I..\lib\telemetry" "-Ilib\eal\common" "-I..\lib\eal\common" "-Ilib\eal" "-I..\lib\eal" "-Ilib\ring" "-I..\lib\ring" "-Ilib\rcu" "-I..\lib\rcu" "-Ilib\mempool" "-I..\lib\mempool" "-Ilib\mbuf" "-I..\lib\mbuf" "-Ilib\net" "-I..\lib\net" "-Ilib\meter" "-I..\lib\meter" "-Ilib\ethdev" "-I..\lib\ethdev" "-Ilib\pci" "-I..\lib\pci" "-Ilib\cmdline" "-I..\lib\cmdline" "-Ilib\hash" "-I..\lib\hash" "-Ilib\timer" "-I..\lib\timer" "-Ilib\bitratestats" "-I..\lib\bitratestats" "-Ilib\cfgfile" "-I..\lib\cfgfile" "-Ilib\cryptodev" "-I..\lib\cryptodev" "-Ilib\gpudev" "-I..\lib\gpudev" "-Ilib\gro" "-I..\lib\gro" "-Ilib\gso" "-I..\lib\gso" "-Ilib\ip_frag" "-I..\lib\i
 p_frag" "-Ilib\latencystats" "-I..\lib\latencystats" "-Ilib\lpm" "-I..\lib\lpm" "-Ilib\pcapng" "-I..\lib\pcapng" "-Ilib\mldev" "-I..\lib\mldev" "-Ilib\dmadev" "-I..\lib\dmadev" "-Ilib\rib" "-I..\lib\rib" "-Ilib\reorder" "-I..\lib\reorder" "-Ilib\security" "-I..\lib\security" "-Ilib\stack" "-I..\lib\stack" "-Ilib\fib" "-I..\lib\fib" "-Idrivers\bus\pci" "-I..\drivers\bus\pci" "-I..\drivers\bus\pci\windows" "-Idrivers\bus\vdev" "-I..\drivers\bus\vdev" "-Idrivers\mempool\ring" "-I..\drivers\mempool\ring" "-Idrivers\mempool\stack" "-I..\drivers\mempool\stack" "-Idrivers\net\null" "-I..\drivers\net\null" "-IC:\Program Files\Mellanox\MLNX_WinOF2_DevX_SDK\inc" "-Xclang" "-fcolor-diagnostics" "-pipe" "-D_FILE_OFFSET_BITS=64" "-Wall" "-Winvalid-pch" "-Wextra" "-Werror" "-O3" "-include" "rte_config.h" "-Wcast-qual" "-Wdeprecated" "-Wformat" "-Wformat-nonliteral" "-Wformat-security" "-Wmissing-declarations" "-Wmissing-prototypes" "-Wnested-externs" "-Wold-style-definition" "-Wpointer-arith" "-W
 sign-compare" "-Wstrict-prototypes" "-Wundef" "-Wwrite-strings" "-Wno-address-of-packed-member" "-Wno-missing-field-initializers" "-D_GNU_SOURCE" "-D_WIN32_WINNT=0x0A00" "-D_CRT_SECURE_NO_WARNINGS" "-march=native" "-DALLOW_EXPERIMENTAL_API" "-fno-strict-aliasing" "-DALLOW_INTERNAL_API" -MD -MQ app/test/dpdk-test.exe.p/test_event_dispatcher.c.obj -MF "app\test\dpdk-test.exe.p\test_event_dispatcher.c.obj.d" -o app/test/dpdk-test.exe.p/test_event_dispatcher.c.obj "-c" ../app/test/test_event_dispatcher.c
../app/test/test_event_dispatcher.c:10:10: fatal error: 'rte_event_dispatcher.h' file not found
#include <rte_event_dispatcher.h>
^~~~~~~~~~~~~~~~~~~~~~~~
1 error generated.
[740/817] Compiling C object app/test/dpdk-test.exe.p/test_efd.c.obj
[741/817] Compiling C object app/test/dpdk-test.exe.p/test_hash_readwrite_lf_perf.c.obj
[742/817] Compiling C object app/test/dpdk-test.exe.p/test_hash_readwrite.c.obj
[743/817] Compiling C object app/test/dpdk-test.exe.p/test_lpm6_perf.c.obj
[744/817] Compiling C object app/test/dpdk-test.exe.p/test_distributor.c.obj
ninja: build stopped: subcommand failed.
==== End log output ====

Debian Bullseye
	Kernel: 5.4.0-122-generic
	Compiler: gcc 10.2.1-6

Fedora 37
	Kernel: Depends on container host system
	Compiler: gcc 12.3.1

openSUSE Leap 15
	Kernel: 4.18.0-240.10.1.el8_3.x86_64
	Compiler: gcc 7.5.0

RHEL 7
	Kernel: 4.18.0-240.10.1.el8_3.x86_64
	Compiler: gcc 4.8.5 20150623 (Red Hat 4.8.5-44)

Ubuntu 22.04
	Kernel: 4.18.0-240.10.1.el8_3.x86_64
	Compiler: gcc 11.3.0

Fedora 38
	Kernel: Depends on container host
	Compiler: gcc 13.1.1

Alpine
	Kernel: 5.4.0-73-generic
	Compiler: gcc (Alpine 10.3.1_git20210424) 10.3.1 20210424

RHEL8
	Kernel: 4.18.0-240.10.1.el8_3.x86_64
	Compiler: gcc 8.3.1 20191121 (Red Hat 8.3.1-5)

Windows Server 2019
	Kernel: 10.0
	Compiler: clang 14.0 and gcc 8.1.0 (MinGW)

Ubuntu 20.04
	Kernel: 4.18.0-240.10.1.el8_3.x86_64
	Compiler: gcc 9.3.0-17ubuntu1~20.04

To view detailed results, visit:
https://lab.dpdk.org/results/dashboard/patchsets/26722/

UNH-IOL DPDK Community Lab

To manage your email subscriptions, visit: 
https://lab.dpdk.org/results/dashboard/preferences/subscriptions/


More information about the test-report mailing list