|FAILURE| pw128974-128975 [PATCH] [2/2] net/sfc: support IPv4 fragme

dpdklab at iol.unh.edu dpdklab at iol.unh.edu
Fri Jun 23 20:12:08 CEST 2023


Test-Label: iol-x86_64-compile-testing
Test-Status: FAILURE
http://dpdk.org/patch/128975

_Testing issues_

Submitter: Artemii Morozov <Artemii.Morozov at arknetworks.am>
Date: Friday, June 23 2023 16:58:24 
DPDK git baseline: Repo:dpdk-next-net
  Branch: master
  CommitID:fdd1a65597147813fda263764e3ae140d09eee7d

128974-128975 --> testing fail

Test environment and result as below:

+---------------------+--------------------+----------------------+
|     Environment     | dpdk_meson_compile | dpdk_mingw64_compile |
+=====================+====================+======================+
| FreeBSD 13          | FAIL               | SKIPPED              |
+---------------------+--------------------+----------------------+
| Debian Bullseye     | FAIL               | SKIPPED              |
+---------------------+--------------------+----------------------+
| Debian Buster       | FAIL               | SKIPPED              |
+---------------------+--------------------+----------------------+
| Windows Server 2019 | PASS               | PASS                 |
+---------------------+--------------------+----------------------+
| CentOS Stream 8     | FAIL               | SKIPPED              |
+---------------------+--------------------+----------------------+
| Fedora 38           | FAIL               | SKIPPED              |
+---------------------+--------------------+----------------------+
| CentOS Stream 9     | FAIL               | SKIPPED              |
+---------------------+--------------------+----------------------+
| RHEL 7              | FAIL               | SKIPPED              |
+---------------------+--------------------+----------------------+
| openSUSE Leap 15    | FAIL               | SKIPPED              |
+---------------------+--------------------+----------------------+
| Fedora 37           | FAIL               | SKIPPED              |
+---------------------+--------------------+----------------------+
| RHEL8               | FAIL               | SKIPPED              |
+---------------------+--------------------+----------------------+
| Ubuntu 22.04        | FAIL               | SKIPPED              |
+---------------------+--------------------+----------------------+
| Ubuntu 20.04        | FAIL               | SKIPPED              |
+---------------------+--------------------+----------------------+
| Alpine              | FAIL               | SKIPPED              |
+---------------------+--------------------+----------------------+

==== 20 line log output for Alpine (dpdk_meson_compile): ====
[949/2953] Compiling C object 'drivers/a715181@@tmp_rte_net_sfc at sta/net_sfc_sfc_repr.c.o'.
[950/2953] Compiling C object 'drivers/a715181@@tmp_rte_net_sfc at sta/net_sfc_sfc_repr_proxy.c.o'.
[951/2953] Compiling C object 'drivers/a715181@@tmp_rte_net_sfc at sta/net_sfc_sfc_service.c.o'.
[952/2953] Compiling C object 'drivers/a715181@@tmp_rte_net_sfc at sta/net_sfc_sfc_ef100_tx.c.o'.
[953/2953] Compiling C object 'drivers/a715181@@tmp_rte_net_sfc at sta/net_sfc_sfc_ef100_rx.c.o'.
[954/2953] Compiling C object 'drivers/a715181@@tmp_rte_net_sfc at sta/net_sfc_sfc_ef10_tx.c.o'.
[955/2953] Compiling C object 'drivers/a715181@@tmp_rte_net_sfc at sta/net_sfc_sfc_ef10_essb_rx.c.o'.
[956/2953] Compiling C object 'drivers/a715181@@tmp_rte_net_sfc at sta/net_sfc_sfc_ef10_rx.c.o'.
[957/2953] Compiling C object 'drivers/a715181@@tmp_rte_net_sfc at sta/net_sfc_sfc_dp.c.o'.
[958/2953] Compiling C object 'drivers/a715181@@tmp_rte_net_sfc at sta/net_sfc_sfc_flow_tunnel.c.o'.
[959/2953] Compiling C object 'drivers/a715181@@tmp_rte_net_sfc at sta/net_sfc_sfc_flow_rss.c.o'.
[960/2953] Compiling C object 'drivers/a715181@@tmp_rte_net_sfc at sta/net_sfc_sfc_flow.c.o'.
[961/2953] Compiling C object 'drivers/a715181@@tmp_rte_net_sfc at sta/net_sfc_sfc_mae_ct.c.o'.
[962/2953] Compiling C object 'drivers/a715181@@tmp_rte_net_sfc at sta/net_sfc_sfc_mae_counter.c.o'.
[963/2953] Compiling C object 'drivers/a715181@@tmp_rte_net_sfc at sta/net_sfc_sfc_mae.c.o'.
../drivers/net/sfc/sfc_mae.c: In function 'sfc_mae_rule_parse_item_ipv4':
../drivers/net/sfc/sfc_mae.c:2335:22: error: assignment discards 'const' qualifier from pointer target type [-Werror=discarded-qualifiers]
2335 |                 last = item->last;
|                      ^
cc1: all warnings being treated as errors
==== End log output ====

FreeBSD 13
	Kernel: 13.0
	Compiler: clang 11.0.1

Debian Bullseye
	Kernel: 5.4.0-122-generic
	Compiler: gcc 10.2.1-6

Debian Buster
	Kernel: 5.4.0-122-generic
	Compiler: gcc 8.3.0-6

Windows Server 2019
	Kernel: 10.0
	Compiler: clang 14.0 and gcc 8.1.0 (MinGW)

CentOS Stream 8
	Kernel: 4.18.0-240.10.1.el8_3.x86_64
	Compiler: gcc 8.4.1 20200928

Fedora 38
	Kernel: Depends on container host
	Compiler: gcc 13.1.1

CentOS Stream 9
	Kernel: 4.18.0-240.10.1.el8_3.x86_64
	Compiler: gcc 11.3.1 20220421

RHEL 7
	Kernel: 4.18.0-240.10.1.el8_3.x86_64
	Compiler: gcc 4.8.5 20150623 (Red Hat 4.8.5-44)

openSUSE Leap 15
	Kernel: 4.18.0-240.10.1.el8_3.x86_64
	Compiler: gcc 7.5.0

Fedora 37
	Kernel: Depends on container host system
	Compiler: gcc 12.3.1

RHEL8
	Kernel: 4.18.0-240.10.1.el8_3.x86_64
	Compiler: gcc 8.3.1 20191121 (Red Hat 8.3.1-5)

Ubuntu 22.04
	Kernel: 4.18.0-240.10.1.el8_3.x86_64
	Compiler: gcc 11.3.0

Ubuntu 20.04
	Kernel: 4.18.0-240.10.1.el8_3.x86_64
	Compiler: gcc 9.3.0-17ubuntu1~20.04

Alpine
	Kernel: 5.4.0-73-generic
	Compiler: gcc (Alpine 10.3.1_git20210424) 10.3.1 20210424

To view detailed results, visit:
https://lab.dpdk.org/results/dashboard/patchsets/26793/

UNH-IOL DPDK Community Lab

To manage your email subscriptions, visit: 
https://lab.dpdk.org/results/dashboard/preferences/subscriptions/


More information about the test-report mailing list