|FAILURE| pw128974-128975 [PATCH] [2/2] net/sfc: support IPv4 fragme

dpdklab at iol.unh.edu dpdklab at iol.unh.edu
Sat Jun 24 04:40:01 CEST 2023


Test-Label: iol-aarch64-compile-testing
Test-Status: FAILURE
http://dpdk.org/patch/128975

_Testing issues_

Submitter: Artemii Morozov <Artemii.Morozov at arknetworks.am>
Date: Friday, June 23 2023 16:58:24 
DPDK git baseline: Repo:dpdk-next-net
  Branch: master
  CommitID:fdd1a65597147813fda263764e3ae140d09eee7d

128974-128975 --> testing fail

Test environment and result as below:

+----------------------------------------+--------------------+
|              Environment               | dpdk_meson_compile |
+========================================+====================+
| Ubuntu 20.04 (ARM)                     | FAIL               |
+----------------------------------------+--------------------+
| Fedora 37 (ARM)                        | FAIL               |
+----------------------------------------+--------------------+
| CentOS Stream 9 (ARM)                  | FAIL               |
+----------------------------------------+--------------------+
| Debian 11 (Buster) (ARM)               | FAIL               |
+----------------------------------------+--------------------+
| Ubuntu 20.04 ARM GCC Cross Compile     | FAIL               |
+----------------------------------------+--------------------+
| Ubuntu 20.04 aarch32 GCC Cross Compile | PASS               |
+----------------------------------------+--------------------+
| Ubuntu 20.04 ARM Clang Cross Compile   | FAIL               |
+----------------------------------------+--------------------+
| Fedora 38 (ARM)                        | FAIL               |
+----------------------------------------+--------------------+
| Ubuntu 20.04 ARM SVE                   | PASS               |
+----------------------------------------+--------------------+
| Fedora 38 (ARM Clang)                  | FAIL               |
+----------------------------------------+--------------------+

==== 20 line log output for Fedora 38 (ARM Clang) (dpdk_meson_compile): ====
[1956/3034] Compiling C object 'drivers/a715181@@tmp_rte_net_sfc at sta/net_sfc_sfc_sw_stats.c.o'.
[1957/3034] Compiling C object 'drivers/a715181@@tmp_rte_net_sfc at sta/net_sfc_sfc_intr.c.o'.
[1958/3034] Compiling C object 'drivers/a715181@@tmp_rte_net_sfc at sta/net_sfc_sfc_ev.c.o'.
[1959/3034] Compiling C object 'drivers/a715181@@tmp_rte_net_sfc at sta/net_sfc_sfc_port.c.o'.
[1960/3034] Compiling C object 'drivers/a715181@@tmp_rte_net_sfc at sta/net_sfc_sfc_rx.c.o'.
[1961/3034] Compiling C object 'drivers/a715181@@tmp_rte_net_sfc at sta/net_sfc_sfc_tx.c.o'.
[1962/3034] Compiling C object 'drivers/a715181@@tmp_rte_net_sfc at sta/net_sfc_sfc_tso.c.o'.
[1963/3034] Compiling C object 'drivers/a715181@@tmp_rte_net_sfc at sta/net_sfc_sfc_filter.c.o'.
[1964/3034] Compiling C object 'drivers/a715181@@tmp_rte_net_sfc at sta/net_sfc_sfc_switch.c.o'.
[1965/3034] Compiling C object 'drivers/a715181@@tmp_rte_net_sfc at sta/net_sfc_sfc_tbls.c.o'.
[1966/3034] Compiling C object 'drivers/a715181@@tmp_rte_net_sfc at sta/net_sfc_sfc_tbl_meta.c.o'.
[1967/3034] Compiling C object 'drivers/a715181@@tmp_rte_net_sfc at sta/net_sfc_sfc_tbl_meta_cache.c.o'.
[1968/3034] Compiling C object 'drivers/a715181@@tmp_rte_net_sfc at sta/net_sfc_sfc_mae.c.o'.
FAILED: drivers/a715181@@tmp_rte_net_sfc at sta/net_sfc_sfc_mae.c.o
clang -Idrivers/a715181@@tmp_rte_net_sfc at sta -Idrivers -I../drivers -Idrivers/net/sfc -I../drivers/net/sfc -Ilib/ethdev -I../lib/ethdev -I. -I../ -Iconfig -I../config -Ilib/eal/include -I../lib/eal/include -Ilib/eal/linux/include -I../lib/eal/linux/include -Ilib/eal/arm/include -I../lib/eal/arm/include -Ilib/eal/common -I../lib/eal/common -Ilib/eal -I../lib/eal -Ilib/kvargs -I../lib/kvargs -Ilib/telemetry/../metrics -I../lib/telemetry/../metrics -Ilib/telemetry -I../lib/telemetry -Ilib/net -I../lib/net -Ilib/mbuf -I../lib/mbuf -Ilib/mempool -I../lib/mempool -Ilib/ring -I../lib/ring -Ilib/meter -I../lib/meter -Idrivers/bus/pci -I../drivers/bus/pci -I../drivers/bus/pci/linux -Ilib/pci -I../lib/pci -Idrivers/bus/vdev -I../drivers/bus/vdev -Idrivers/common/sfc_efx -I../drivers/common/sfc_efx -Idrivers/common/sfc_efx/base -I../drivers/common/sfc_efx/base -Ilib/hash -I../lib/hash -Ilib/rcu -I../lib/rcu -Xclang -fcolor-diagnostics -pipe -D_FILE_OFFSET_BITS=64 -Wall -Winvalid-pch -Wextra -We
 rror -O3 -include rte_config.h -Wcast-qual -Wdeprecated -Wformat -Wformat-nonliteral -Wformat-security -Wmissing-declarations -Wmissing-prototypes -Wnested-externs -Wold-style-definition -Wpointer-arith -Wsign-compare -Wstrict-prototypes -Wundef -Wwrite-strings -Wno-address-of-packed-member -Wno-missing-field-initializers -D_GNU_SOURCE -fPIC -march=armv8.1-a+crc+crypto -mcpu=thunderx2t99 -DALLOW_EXPERIMENTAL_API -DALLOW_INTERNAL_API -Wno-strict-aliasing -Wdisabled-optimization -Waggregate-return -Wbad-function-cast -DRTE_LOG_DEFAULT_LOGTYPE=pmd.net.sfc -DRTE_ANNOTATE_LOCKS -Wthread-safety -MD -MQ 'drivers/a715181@@tmp_rte_net_sfc at sta/net_sfc_sfc_mae.c.o' -MF 'drivers/a715181@@tmp_rte_net_sfc at sta/net_sfc_sfc_mae.c.o.d' -o 'drivers/a715181@@tmp_rte_net_sfc at sta/net_sfc_sfc_mae.c.o' -c ../drivers/net/sfc/sfc_mae.c
../drivers/net/sfc/sfc_mae.c:2335:8: error: assigning to 'uint8_t *' (aka 'unsigned char *') from 'const void *const' discards qualifiers [-Werror,-Wincompatible-pointer-types-discards-qualifiers]
last = item->last;
^ ~~~~~~~~~~
1 error generated.
ninja: build stopped: subcommand failed.
==== End log output ====

Ubuntu 20.04 (ARM)
	Kernel: Container Host Kernel
	Compiler: gcc 9.4.0

Fedora 37 (ARM)
	Kernel: Depends on container host
	Compiler: gcc 12.3.1

CentOS Stream 9 (ARM)
	Kernel: Container Host Kernel
	Compiler: gcc 11.3.1

Debian 11 (Buster) (ARM)
	Kernel: Container Host Kernel
	Compiler: gcc 10.2.1

Ubuntu 20.04 ARM GCC Cross Compile
	Kernel: 5.4.0-72-generic
	Compiler: aarch64-linux-gnu-gcc (Ubuntu 9.3.0-17ubuntu1~20.04) 9.3.0

Ubuntu 20.04 aarch32 GCC Cross Compile
	Kernel: 5.4.0-72-generic
	Compiler: gcc 9.3.0

Ubuntu 20.04 ARM Clang Cross Compile
	Kernel: 5.4.0-72-generic
	Compiler: clang version 10.0.0-4ubuntu1

Fedora 38 (ARM)
	Kernel: Depends on container host
	Compiler: gcc 13.1.1

Ubuntu 20.04 ARM SVE
	Kernel: 5.4.0-80-generic
	Compiler: gcc 10.3.0 (Ubuntu 10.3.0-1ubuntu1~20.04)

Fedora 38 (ARM Clang)
	Kernel: Depends on container host
	Compiler: clang 16.0.3

To view detailed results, visit:
https://lab.dpdk.org/results/dashboard/patchsets/26793/

UNH-IOL DPDK Community Lab

To manage your email subscriptions, visit: 
https://lab.dpdk.org/results/dashboard/preferences/subscriptions/


More information about the test-report mailing list