|FAILURE| pw129078-129083 [PATCH] [v5,6/6] eal: add option to put ti

dpdklab at iol.unh.edu dpdklab at iol.unh.edu
Wed Jun 28 22:25:54 CEST 2023


Test-Label: iol-x86_64-compile-testing
Test-Status: FAILURE
http://dpdk.org/patch/129083

_Testing issues_

Submitter: Stephen Hemminger <stephen at networkplumber.org>
Date: Wednesday, June 28 2023 17:58:27 
DPDK git baseline: Repo:dpdk
  Branch: master
  CommitID:93a4b3beba4ee611685148917981f846427cafb2

129078-129083 --> testing fail

Test environment and result as below:

+---------------------+--------------------+----------------------+
|     Environment     | dpdk_meson_compile | dpdk_mingw64_compile |
+=====================+====================+======================+
| FreeBSD 13          | FAIL               | SKIPPED              |
+---------------------+--------------------+----------------------+
| Windows Server 2019 | FAIL               | FAIL                 |
+---------------------+--------------------+----------------------+
| CentOS Stream 8     | PASS               | SKIPPED              |
+---------------------+--------------------+----------------------+
| CentOS Stream 9     | PASS               | SKIPPED              |
+---------------------+--------------------+----------------------+
| Debian Buster       | PASS               | SKIPPED              |
+---------------------+--------------------+----------------------+
| Fedora 38           | PASS               | SKIPPED              |
+---------------------+--------------------+----------------------+
| openSUSE Leap 15    | PASS               | SKIPPED              |
+---------------------+--------------------+----------------------+
| RHEL 7              | PASS               | SKIPPED              |
+---------------------+--------------------+----------------------+
| Debian Bullseye     | PASS               | SKIPPED              |
+---------------------+--------------------+----------------------+
| Ubuntu 22.04        | PASS               | SKIPPED              |
+---------------------+--------------------+----------------------+
| Fedora 37           | PASS               | SKIPPED              |
+---------------------+--------------------+----------------------+
| RHEL8               | PASS               | SKIPPED              |
+---------------------+--------------------+----------------------+
| Alpine              | PASS               | SKIPPED              |
+---------------------+--------------------+----------------------+
| Ubuntu 20.04        | PASS               | SKIPPED              |
+---------------------+--------------------+----------------------+

==== 20 line log output for Windows Server 2019 (dpdk_mingw64_compile): ====
[161/736] Compiling C object lib/librte_eal.a.p/eal_windows_getopt.c.obj
[162/736] Compiling C object lib/librte_eal.a.p/eal_windows_eal_timer.c.obj
[163/736] Compiling C object lib/librte_eal.a.p/eal_x86_rte_spinlock.c.obj
[164/736] Compiling C object lib/librte_eal.a.p/eal_windows_eal_alarm.c.obj
[165/736] Compiling C object lib/librte_eal.a.p/eal_windows_eal.c.obj
FAILED: lib/librte_eal.a.p/eal_windows_eal.c.obj
"gcc" "-Ilib\librte_eal.a.p" "-Ilib" "-I..\lib" "-I." "-I.." "-Iconfig" "-I..\config" "-Ilib\eal\include" "-I..\lib\eal\include" "-Ilib\eal\windows\include" "-I..\lib\eal\windows\include" "-Ilib\eal\x86\include" "-I..\lib\eal\x86\include" "-Ilib\eal\common" "-I..\lib\eal\common" "-Ilib\eal" "-I..\lib\eal" "-Ilib\kvargs" "-I..\lib\kvargs" "-fdiagnostics-color=always" "-pipe" "-D_FILE_OFFSET_BITS=64" "-Wall" "-Winvalid-pch" "-Wextra" "-Werror" "-O3" "-include" "rte_config.h" "-Wcast-qual" "-Wdeprecated" "-Wformat" "-Wformat-nonliteral" "-Wformat-security" "-Wmissing-declarations" "-Wmissing-prototypes" "-Wnested-externs" "-Wold-style-definition" "-Wpointer-arith" "-Wsign-compare" "-Wstrict-prototypes" "-Wundef" "-Wwrite-strings" "-Wno-packed-not-aligned" "-Wno-missing-field-initializers" "-D_GNU_SOURCE" "-D_WIN32_WINNT=0x0A00" "-D__USE_MINGW_ANSI_STDIO" "-march=native" "-mno-avx512f" "-DALLOW_EXPERIMENTAL_API" "-DALLOW_INTERNAL_API" "-Wno-format-truncation" "-DABI_VERSION=\"23.2\"" "-D
 RTE_LOG_DEFAULT_LOGTYPE=lib.eal" -MD -MQ lib/librte_eal.a.p/eal_windows_eal.c.obj -MF "lib\librte_eal.a.p\eal_windows_eal.c.obj.d" -o lib/librte_eal.a.p/eal_windows_eal.c.obj "-c" ../lib/eal/windows/eal.c
../lib/eal/windows/eal.c:101:1: error: conflicting types for 'eal_log_level_parse'
eal_log_level_parse(int argc, char **argv)
^~~~~~~~~~~~~~~~~~~
In file included from ../lib/eal/windows/eal.c:30:
..\lib\eal\common/eal_log.h:19:5: note: previous declaration of 'eal_log_level_parse' was here
int eal_log_level_parse(int argc, char * const argv[]);
^~~~~~~~~~~~~~~~~~~
[166/736] Compiling C object lib/librte_eal.a.p/eal_common_eal_common_dynmem.c.obj
[167/736] Compiling C object lib/librte_eal.a.p/eal_windows_rte_thread.c.obj
[168/736] Compiling C object lib/librte_eal.a.p/eal_common_rte_random.c.obj
[169/736] Compiling C object lib/librte_eal.a.p/eal_windows_eal_lcore.c.obj
[170/736] Compiling C object lib/librte_eal.a.p/eal_common_malloc_heap.c.obj
ninja: build stopped: subcommand failed.
==== End log output ====

FreeBSD 13
	Kernel: 13.0
	Compiler: clang 11.0.1

Windows Server 2019
	Kernel: 10.0
	Compiler: clang 14.0 and gcc 8.1.0 (MinGW)

CentOS Stream 8
	Kernel: 4.18.0-240.10.1.el8_3.x86_64
	Compiler: gcc 8.4.1 20200928

CentOS Stream 9
	Kernel: 4.18.0-240.10.1.el8_3.x86_64
	Compiler: gcc 11.3.1 20220421

Debian Buster
	Kernel: 5.4.0-122-generic
	Compiler: gcc 8.3.0-6

Fedora 38
	Kernel: Depends on container host
	Compiler: gcc 13.1.1

openSUSE Leap 15
	Kernel: 4.18.0-240.10.1.el8_3.x86_64
	Compiler: gcc 7.5.0

RHEL 7
	Kernel: 4.18.0-240.10.1.el8_3.x86_64
	Compiler: gcc 4.8.5 20150623 (Red Hat 4.8.5-44)

Debian Bullseye
	Kernel: 5.4.0-122-generic
	Compiler: gcc 10.2.1-6

Ubuntu 22.04
	Kernel: 4.18.0-240.10.1.el8_3.x86_64
	Compiler: gcc 11.3.0

Fedora 37
	Kernel: Depends on container host system
	Compiler: gcc 12.3.1

RHEL8
	Kernel: 4.18.0-240.10.1.el8_3.x86_64
	Compiler: gcc 8.3.1 20191121 (Red Hat 8.3.1-5)

Alpine
	Kernel: 5.4.0-73-generic
	Compiler: gcc (Alpine 10.3.1_git20210424) 10.3.1 20210424

Ubuntu 20.04
	Kernel: 4.18.0-240.10.1.el8_3.x86_64
	Compiler: gcc 9.3.0-17ubuntu1~20.04

To view detailed results, visit:
https://lab.dpdk.org/results/dashboard/patchsets/26851/

UNH-IOL DPDK Community Lab

To manage your email subscriptions, visit: 
https://lab.dpdk.org/results/dashboard/preferences/subscriptions/


More information about the test-report mailing list