|FAILURE| pw126405-126414 [PATCH] [v2, 11/11] net/bnxt: Avoid submitting hwrm rss request when rss mode disabled
dpdklab at iol.unh.edu
dpdklab at iol.unh.edu
Wed May 3 18:48:18 CEST 2023
Test-Label: iol-unit-testing
Test-Status: FAILURE
http://dpdk.org/patch/126414
_Testing issues_
Submitter: Randy Schacher <stuart.schacher at broadcom.com>
Date: Friday, April 21 2023 18:11:55
DPDK git baseline: Repo:dpdk
Branch: master
CommitID:d03446724972d2a1bb645ce7f3e64f5ef0203d61
126405-126414 --> testing fail
Test environment and result as below:
+--------------------------+----------------+
| Environment | dpdk_unit_test |
+==========================+================+
| CentOS Stream 9 (ARM) | FAIL |
+--------------------------+----------------+
| Fedora 36 (ARM) | FAIL |
+--------------------------+----------------+
| Debian 11 (Buster) (ARM) | FAIL |
+--------------------------+----------------+
| Ubuntu 20.04 (ARM) | FAIL |
+--------------------------+----------------+
| Fedora 36 Clang (ARM) | FAIL |
+--------------------------+----------------+
| Debian Buster | FAIL |
+--------------------------+----------------+
| CentOS Stream 9 | FAIL |
+--------------------------+----------------+
| Debian Bullseye | FAIL |
+--------------------------+----------------+
| CentOS Stream 8 | FAIL |
+--------------------------+----------------+
| Ubuntu 20.04 | FAIL |
+--------------------------+----------------+
| Ubuntu 22.04 | FAIL |
+--------------------------+----------------+
| RHEL 7 | FAIL |
+--------------------------+----------------+
| openSUSE Leap 15 | FAIL |
+--------------------------+----------------+
| RHEL8 | FAIL |
+--------------------------+----------------+
==== 20 line log output for RHEL8 (dpdk_unit_test): ====
94/104 DPDK:fast-tests / telemetry_data_autotest OK 0.17 s
95/104 DPDK:fast-tests / table_autotest OK 7.74 s
96/104 DPDK:fast-tests / ring_pmd_autotest OK 0.17 s
97/104 DPDK:fast-tests / event_eth_tx_adapter_autotest OK 0.66 s
98/104 DPDK:fast-tests / bitratestats_autotest OK 0.17 s
99/104 DPDK:fast-tests / latencystats_autotest OK 0.20 s
100/104 DPDK:fast-tests / pdump_autotest OK 5.24 s
101/104 DPDK:fast-tests / vdev_autotest OK 0.17 s
102/104 DPDK:fast-tests / rawdev_autotest OK 0.17 s
103/104 DPDK:fast-tests / compressdev_autotest SKIP 0.22 s
104/104 DPDK:fast-tests / telemetry_all SKIP 0.01 s
Ok: 93
Expected Fail: 0
Fail: 2
Unexpected Pass: 0
Skipped: 9
Timeout: 0
Full log written to /home-local/jenkins-local/jenkins-agent/workspace/Generic-Unit-Test-DPDK/dpdk/build/meson-logs/testlog.txt
==== End log output ====
CentOS Stream 9 (ARM)
Kernel: Container Host Kernel
Compiler: gcc 11.3.1
Fedora 36 (ARM)
Kernel: Container Host Kernel
Compiler: gcc 12.2.1
Debian 11 (Buster) (ARM)
Kernel: Container Host Kernel
Compiler: gcc 10.2.1
Ubuntu 20.04 (ARM)
Kernel: Container Host Kernel
Compiler: gcc 9.4.0
Fedora 36 Clang (ARM)
Kernel: Container Host Kernel
Compiler: clang 14.0.5
Debian Buster
Kernel: 5.4.0-122-generic
Compiler: gcc 8.3.0-6
CentOS Stream 9
Kernel: 4.18.0-240.10.1.el8_3.x86_64
Compiler: gcc 11.3.1 20220421
Debian Bullseye
Kernel: 5.4.0-122-generic
Compiler: gcc 10.2.1-6
CentOS Stream 8
Kernel: 4.18.0-240.10.1.el8_3.x86_64
Compiler: gcc 8.4.1 20200928
Ubuntu 20.04
Kernel: 4.18.0-240.10.1.el8_3.x86_64
Compiler: gcc 9.3.0-17ubuntu1~20.04
Ubuntu 22.04
Kernel: Container Host Kernel
Compiler: gcc 12.2.1-2
RHEL 7
Kernel: 4.18.0-240.10.1.el8_3.x86_64
Compiler: gcc 4.8.5 20150623 (Red Hat 4.8.5-44)
openSUSE Leap 15
Kernel: 4.18.0-240.10.1.el8_3.x86_64
Compiler: gcc 7.5.0
RHEL8
Kernel: 4.18.0-240.10.1.el8_3.x86_64
Compiler: gcc 8.3.1 20191121 (Red Hat 8.3.1-5)
To view detailed results, visit:
https://lab.dpdk.org/results/dashboard/patchsets/26087/
UNH-IOL DPDK Community Lab
To manage your email subscriptions, visit:
https://lab.dpdk.org/results/dashboard/preferences/subscriptions/
More information about the test-report
mailing list