|WARNING| pw126723 [PATCH] app/pdump: make dpdk-pdump can run multiple simultaneously

dpdklab at iol.unh.edu dpdklab at iol.unh.edu
Sat May 6 12:17:16 CEST 2023


Test-Label: iol-aarch64-unit-testing
Test-Status: WARNING
http://dpdk.org/patch/126723

_Testing issues_

Submitter: Chaoyong He <chaoyong.he at corigine.com>
Date: Saturday, May 06 2023 08:52:06 
DPDK git baseline: Repo:dpdk
  Branch: master
  CommitID:d03446724972d2a1bb645ce7f3e64f5ef0203d61

126723 --> testing fail

Test environment and result as below:

+----------------------+---------------------------+--------------+------------------------------+
|     Environment      | cryptodev_sw_zuc_autotest | lpm_autotest | cryptodev_sw_snow3g_autotest |
+======================+===========================+==============+==============================+
| Debian 11            | PASS                      | SKIPPED      | PASS                         |
+----------------------+---------------------------+--------------+------------------------------+
| Ubuntu 20.04 ARM SVE | SKIPPED                   | FAIL         | SKIPPED                      |
+----------------------+---------------------------+--------------+------------------------------+

==== 20 line log output for Ubuntu 20.04 ARM SVE (lpm_autotest): ====
[438/657] Compiling C object 'app/a172ced@@dpdk-test-eventdev at exe/test-eventdev_evt_options.c.o'.
[439/657] Compiling C object 'app/a172ced@@dpdk-test-crypto-perf at exe/test-crypto-perf_cperf_ops.c.o'.
[440/657] Compiling C object 'app/a172ced@@dpdk-test-crypto-perf at exe/test-crypto-perf_cperf_test_common.c.o'.
FAILED: app/a172ced@@dpdk-test-crypto-perf at exe/test-crypto-perf_cperf_test_common.c.o
gcc-10 -Iapp/a172ced@@dpdk-test-crypto-perf at exe -Iapp -I../app -Ilib/cryptodev -I../lib/cryptodev -I. -I../ -Iconfig -I../config -Ilib/eal/include -I../lib/eal/include -Ilib/eal/linux/include -I../lib/eal/linux/include -Ilib/eal/arm/include -I../lib/eal/arm/include -Ilib/eal/common -I../lib/eal/common -Ilib/eal -I../lib/eal -Ilib/kvargs -I../lib/kvargs -I../lib/telemetry/../metrics -Ilib/telemetry -I../lib/telemetry -Ilib/mbuf -I../lib/mbuf -Ilib/mempool -I../lib/mempool -Ilib/ring -I../lib/ring -Ilib/rcu -I../lib/rcu -Ilib/net -I../lib/net -Ilib/security -I../lib/security -fdiagnostics-color=always -pipe -D_FILE_OFFSET_BITS=64 -Wall -Winvalid-pch -Wextra -Werror -O3 -include rte_config.h -Wcast-qual -Wdeprecated -Wformat -Wformat-nonliteral -Wformat-security -Wmissing-declarations -Wmissing-prototypes -Wnested-externs -Wold-style-definition -Wpointer-arith -Wsign-compare -Wstrict-prototypes -Wundef -Wwrite-strings -Wno-address-of-packed-member -Wno-packed-not-aligned -Wno-missing-fi
 eld-initializers -Wno-zero-length-bounds -D_GNU_SOURCE -march=armv8.2-a+crypto+sve -DALLOW_EXPERIMENTAL_API -MD -MQ 'app/a172ced@@dpdk-test-crypto-perf at exe/test-crypto-perf_cperf_test_common.c.o' -MF 'app/a172ced@@dpdk-test-crypto-perf at exe/test-crypto-perf_cperf_test_common.c.o.d' -o 'app/a172ced@@dpdk-test-crypto-perf at exe/test-crypto-perf_cperf_test_common.c.o' -c ../app/test-crypto-perf/cperf_test_common.c
In file included from /usr/include/stdio.h:867,
from ../lib/eal/include/rte_malloc.h:14,
from ../app/test-crypto-perf/cperf_test_common.c:5:
In function 'snprintf',
inlined from 'cperf_alloc_common_memory' at ../app/test-crypto-perf/cperf_test_common.c:158:3:
/usr/include/aarch64-linux-gnu/bits/stdio2.h:67:10: error: '__builtin___snprintf_chk' specified bound 58 exceeds destination size 32 [-Werror=stringop-overflow=]
67 |   return __builtin___snprintf_chk (__s, __n, __USE_FORTIFY_LEVEL - 1,
|          ^~~~~~~~~~~~~~~~~~~~~~~~~~~~~~~~~~~~~~~~~~~~~~~~~~~~~~~~~~~~
68 |        __bos (__s), __fmt, __va_arg_pack ());
|        ~~~~~~~~~~~~~~~~~~~~~~~~~~~~~~~~~~~~~
cc1: all warnings being treated as errors
[441/657] Compiling C object 'app/a172ced@@dpdk-test-crypto-perf at exe/test-crypto-perf_cperf_options_parsing.c.o'.
[442/657] Compiling C object 'app/a172ced@@dpdk-test-crypto-perf at exe/test-crypto-perf_cperf_test_latency.c.o'.
[443/657] Compiling C object 'app/a172ced@@dpdk-test-bbdev at exe/test-bbdev_test_bbdev_perf.c.o'.
ninja: build stopped: subcommand failed.
==== End log output ====

Debian 11
	Kernel: Container Host Kernel
	Compiler: gcc 10.2.1

Ubuntu 20.04 ARM SVE
	Kernel: 5.4.0-80-generic
	Compiler: gcc 10.3.0 (Ubuntu 10.3.0-1ubuntu1~20.04)

To view detailed results, visit:
https://lab.dpdk.org/results/dashboard/patchsets/26176/

UNH-IOL DPDK Community Lab

To manage your email subscriptions, visit: 
https://lab.dpdk.org/results/dashboard/preferences/subscriptions/


More information about the test-report mailing list