|FAILURE| pw126723 [PATCH] app/pdump: make dpdk-pdump can run multiple simultaneously
dpdklab at iol.unh.edu
dpdklab at iol.unh.edu
Sat May 6 12:53:26 CEST 2023
Test-Label: iol-aarch64-compile-testing
Test-Status: FAILURE
http://dpdk.org/patch/126723
_Testing issues_
Submitter: Chaoyong He <chaoyong.he at corigine.com>
Date: Saturday, May 06 2023 08:52:06
DPDK git baseline: Repo:dpdk
Branch: master
CommitID:d03446724972d2a1bb645ce7f3e64f5ef0203d61
126723 --> testing fail
Test environment and result as below:
+----------------------------------------+--------------------+
| Environment | dpdk_meson_compile |
+========================================+====================+
| Ubuntu 20.04 ARM GCC Native | FAIL |
+----------------------------------------+--------------------+
| Ubuntu 20.04 ARM Clang Native | FAIL |
+----------------------------------------+--------------------+
| Ubuntu 20.04 aarch32 GCC Cross Compile | FAIL |
+----------------------------------------+--------------------+
| Ubuntu 20.04 ARM Clang Cross Compile | FAIL |
+----------------------------------------+--------------------+
| Ubuntu 20.04 ARM SVE | FAIL |
+----------------------------------------+--------------------+
| Ubuntu 20.04 ARM GCC Cross Compile | FAIL |
+----------------------------------------+--------------------+
==== 20 line log output for Ubuntu 20.04 ARM GCC Cross Compile (dpdk_meson_compile): ====
[2738/3152] Compiling C object 'app/a172ced@@dpdk-test-compress-perf at exe/test-compress-perf_main.c.o'.
[2739/3152] Linking target app/dpdk-test-compress-perf.
[2740/3152] Compiling C object 'app/a172ced@@dpdk-test-crypto-perf at exe/test-crypto-perf_cperf_ops.c.o'.
[2741/3152] Compiling C object 'app/a172ced@@dpdk-test-eventdev at exe/test-eventdev_evt_options.c.o'.
[2742/3152] Compiling C object 'app/a172ced@@dpdk-test-crypto-perf at exe/test-crypto-perf_cperf_options_parsing.c.o'.
[2743/3152] Compiling C object 'app/a172ced@@dpdk-test-crypto-perf at exe/test-crypto-perf_cperf_test_common.c.o'.
FAILED: app/a172ced@@dpdk-test-crypto-perf at exe/test-crypto-perf_cperf_test_common.c.o
ccache aarch64-linux-gnu-gcc -Iapp/a172ced@@dpdk-test-crypto-perf at exe -Iapp -I../app -Ilib/cryptodev -I../lib/cryptodev -I. -I../ -Iconfig -I../config -Ilib/eal/include -I../lib/eal/include -Ilib/eal/linux/include -I../lib/eal/linux/include -Ilib/eal/arm/include -I../lib/eal/arm/include -Ilib/eal/common -I../lib/eal/common -Ilib/eal -I../lib/eal -Ilib/kvargs -I../lib/kvargs -Ilib/telemetry/../metrics -I../lib/telemetry/../metrics -Ilib/telemetry -I../lib/telemetry -Ilib/mbuf -I../lib/mbuf -Ilib/mempool -I../lib/mempool -Ilib/ring -I../lib/ring -Ilib/rcu -I../lib/rcu -Ilib/net -I../lib/net -Ilib/security -I../lib/security -Idrivers/crypto/scheduler -I../drivers/crypto/scheduler -Idrivers/bus/vdev -I../drivers/bus/vdev -Ilib/reorder -I../lib/reorder -fdiagnostics-color=always -pipe -D_FILE_OFFSET_BITS=64 -Wall -Winvalid-pch -Wextra -Werror -O3 -include rte_config.h -Wcast-qual -Wdeprecated -Wformat -Wformat-nonliteral -Wformat-security -Wmissing-declarations -Wmissing-prototypes -Wnest
ed-externs -Wold-style-definition -Wpointer-arith -Wsign-compare -Wstrict-prototypes -Wundef -Wwrite-strings -Wno-address-of-packed-member -Wno-packed-not-aligned -Wno-missing-field-initializers -D_GNU_SOURCE -march=armv8-a+crc -moutline-atomics -DALLOW_EXPERIMENTAL_API -MD -MQ 'app/a172ced@@dpdk-test-crypto-perf at exe/test-crypto-perf_cperf_test_common.c.o' -MF 'app/a172ced@@dpdk-test-crypto-perf at exe/test-crypto-perf_cperf_test_common.c.o.d' -o 'app/a172ced@@dpdk-test-crypto-perf at exe/test-crypto-perf_cperf_test_common.c.o' -c ../app/test-crypto-perf/cperf_test_common.c
In file included from /usr/aarch64-linux-gnu/include/stdio.h:867,
from ../lib/eal/include/rte_malloc.h:14,
from ../app/test-crypto-perf/cperf_test_common.c:5:
In function 'snprintf',
inlined from 'cperf_alloc_common_memory' at ../app/test-crypto-perf/cperf_test_common.c:158:3:
/usr/aarch64-linux-gnu/include/bits/stdio2.h:67:10: error: '__builtin___snprintf_chk' specified bound 58 exceeds destination size 32 [-Werror=stringop-overflow=]
67 | return __builtin___snprintf_chk (__s, __n, __USE_FORTIFY_LEVEL - 1,
| ^~~~~~~~~~~~~~~~~~~~~~~~~~~~~~~~~~~~~~~~~~~~~~~~~~~~~~~~~~~~
68 | __bos (__s), __fmt, __va_arg_pack ());
| ~~~~~~~~~~~~~~~~~~~~~~~~~~~~~~~~~~~~~
cc1: all warnings being treated as errors
ninja: build stopped: subcommand failed.
==== End log output ====
Ubuntu 20.04 ARM GCC Native
Kernel: 5.4.0-53-generic
Compiler: gcc 9.3
Ubuntu 20.04 ARM Clang Native
Kernel: 5.4.0-53-generic
Compiler: clang 10.0.0-4ubuntu1
Ubuntu 20.04 aarch32 GCC Cross Compile
Kernel: 5.4.0-72-generic
Compiler: gcc 9.3.0
Ubuntu 20.04 ARM Clang Cross Compile
Kernel: 5.4.0-72-generic
Compiler: clang version 10.0.0-4ubuntu1
Ubuntu 20.04 ARM SVE
Kernel: 5.4.0-80-generic
Compiler: gcc 10.3.0 (Ubuntu 10.3.0-1ubuntu1~20.04)
Ubuntu 20.04 ARM GCC Cross Compile
Kernel: 5.4.0-72-generic
Compiler: aarch64-linux-gnu-gcc (Ubuntu 9.3.0-17ubuntu1~20.04) 9.3.0
To view detailed results, visit:
https://lab.dpdk.org/results/dashboard/patchsets/26176/
UNH-IOL DPDK Community Lab
To manage your email subscriptions, visit:
https://lab.dpdk.org/results/dashboard/preferences/subscriptions/
More information about the test-report
mailing list