|FAILURE| pw126845-126848 [PATCH] [v1, 4/4] bus/pci: add VFIO sparse mmap support

dpdklab at iol.unh.edu dpdklab at iol.unh.edu
Mon May 15 10:28:07 CEST 2023


Test-Label: iol-aarch64-compile-testing
Test-Status: FAILURE
http://dpdk.org/patch/126848

_Testing issues_

Submitter: Miao Li <miao.li at intel.com>
Date: Monday, May 15 2023 06:47:00 
DPDK git baseline: Repo:dpdk
  Branch: master
  CommitID:dbff181d62c997f128b75db2bbac9f42e8dd0f8f

126845-126848 --> testing fail

Test environment and result as below:

+----------------------------------------+--------------------+
|              Environment               | dpdk_meson_compile |
+========================================+====================+
| Ubuntu 20.04 ARM GCC Native            | PASS               |
+----------------------------------------+--------------------+
| Ubuntu 20.04 ARM Clang Native          | PASS               |
+----------------------------------------+--------------------+
| Ubuntu 20.04 aarch32 GCC Cross Compile | FAIL               |
+----------------------------------------+--------------------+
| Ubuntu 20.04 ARM Clang Cross Compile   | PASS               |
+----------------------------------------+--------------------+
| Ubuntu 20.04 ARM GCC Cross Compile     | PASS               |
+----------------------------------------+--------------------+
| Ubuntu 20.04 ARM SVE                   | PASS               |
+----------------------------------------+--------------------+

==== 20 line log output for Ubuntu 20.04 aarch32 GCC Cross Compile (dpdk_meson_compile): ====
[609/2139] Compiling C object 'drivers/a715181@@tmp_rte_bus_pci at sta/bus_pci_pci_common.c.o'.
[610/2139] Linking target drivers/librte_bus_ifpga.so.23.2.
[611/2139] Compiling C object 'drivers/a715181@@tmp_rte_bus_pci at sta/bus_pci_pci_params.c.o'.
[612/2139] Compiling C object 'drivers/a715181@@tmp_rte_bus_pci at sta/bus_pci_pci_common_uio.c.o'.
[613/2139] Compiling C object 'drivers/a715181@@tmp_rte_bus_pci at sta/bus_pci_linux_pci.c.o'.
[614/2139] Compiling C object 'drivers/a715181@@tmp_rte_bus_pci at sta/bus_pci_linux_pci_uio.c.o'.
[615/2139] Compiling C object 'drivers/a715181@@tmp_rte_bus_pci at sta/bus_pci_linux_pci_vfio.c.o'.
FAILED: drivers/a715181@@tmp_rte_bus_pci at sta/bus_pci_linux_pci_vfio.c.o
ccache arm-linux-gnueabihf-gcc -Idrivers/a715181@@tmp_rte_bus_pci at sta -Idrivers -I../drivers -Idrivers/bus/pci -I../drivers/bus/pci -I../drivers/bus/pci/linux -I. -I../ -Iconfig -I../config -Ilib/eal/include -I../lib/eal/include -Ilib/eal/linux/include -I../lib/eal/linux/include -Ilib/eal/arm/include -I../lib/eal/arm/include -Ilib/eal/common -I../lib/eal/common -Ilib/eal -I../lib/eal -Ilib/kvargs -I../lib/kvargs -Ilib/telemetry/../metrics -I../lib/telemetry/../metrics -Ilib/telemetry -I../lib/telemetry -Ilib/pci -I../lib/pci -fdiagnostics-color=always -pipe -D_FILE_OFFSET_BITS=64 -Wall -Winvalid-pch -Wextra -Werror -O3 -include rte_config.h -Wcast-qual -Wdeprecated -Wformat -Wformat-nonliteral -Wformat-security -Wmissing-declarations -Wmissing-prototypes -Wnested-externs -Wold-style-definition -Wpointer-arith -Wsign-compare -Wstrict-prototypes -Wundef -Wwrite-strings -Wno-address-of-packed-member -Wno-packed-not-aligned -Wno-missing-field-initializers -Wno-pointer-to-int-cast -D_GNU_
 SOURCE -fPIC -march=armv8-a -mfpu=neon -DALLOW_EXPERIMENTAL_API -DALLOW_INTERNAL_API -Wno-format-truncation -DRTE_LOG_DEFAULT_LOGTYPE=bus.pci -MD -MQ 'drivers/a715181@@tmp_rte_bus_pci at sta/bus_pci_linux_pci_vfio.c.o' -MF 'drivers/a715181@@tmp_rte_bus_pci at sta/bus_pci_linux_pci_vfio.c.o.d' -o 'drivers/a715181@@tmp_rte_bus_pci at sta/bus_pci_linux_pci_vfio.c.o' -c ../drivers/bus/pci/linux/pci_vfio.c
In file included from ../lib/eal/include/rte_log.h:25,
from ../drivers/bus/pci/linux/pci_vfio.c:14:
../drivers/bus/pci/linux/pci_vfio.c: In function 'pci_vfio_sparse_mmap_bar':
../lib/eal/include/rte_common.h:290:30: error: cast to pointer from integer of different size [-Werror=int-to-pointer-cast]
290 | #define RTE_PTR_ADD(ptr, x) ((void*)((uintptr_t)(ptr) + (x)))
|                              ^
../drivers/bus/pci/linux/pci_vfio.c:698:18: note: in expansion of macro 'RTE_PTR_ADD'
698 |     void *addr = RTE_PTR_ADD(bar_addr, sparse->offset);
|                  ^~~~~~~~~~~
cc1: all warnings being treated as errors
ninja: build stopped: subcommand failed.
==== End log output ====

Ubuntu 20.04 ARM GCC Native
	Kernel: 5.4.0-53-generic
	Compiler: gcc 9.3

Ubuntu 20.04 ARM Clang Native
	Kernel: 5.4.0-53-generic
	Compiler: clang 10.0.0-4ubuntu1

Ubuntu 20.04 aarch32 GCC Cross Compile
	Kernel: 5.4.0-72-generic
	Compiler: gcc 9.3.0

Ubuntu 20.04 ARM Clang Cross Compile
	Kernel: 5.4.0-72-generic
	Compiler: clang version 10.0.0-4ubuntu1

Ubuntu 20.04 ARM GCC Cross Compile
	Kernel: 5.4.0-72-generic
	Compiler: aarch64-linux-gnu-gcc (Ubuntu 9.3.0-17ubuntu1~20.04) 9.3.0

Ubuntu 20.04 ARM SVE
	Kernel: 5.4.0-80-generic
	Compiler: gcc 10.3.0 (Ubuntu 10.3.0-1ubuntu1~20.04)

To view detailed results, visit:
https://lab.dpdk.org/results/dashboard/patchsets/26223/

UNH-IOL DPDK Community Lab

To manage your email subscriptions, visit: 
https://lab.dpdk.org/results/dashboard/preferences/subscriptions/


More information about the test-report mailing list