|FAILURE| pw126958 [PATCH] [v13] app/procinfo: display eventdev xstats
dpdklab at iol.unh.edu
dpdklab at iol.unh.edu
Thu May 18 00:38:54 CEST 2023
Test-Label: iol-aarch64-compile-testing
Test-Status: FAILURE
http://dpdk.org/patch/126958
_Testing issues_
Submitter: Abdullah Sevincer <abdullah.sevincer at intel.com>
Date: Wednesday, May 17 2023 21:22:39
DPDK git baseline: Repo:dpdk
Branch: master
CommitID:a399d7b5a994e335c446d4b15d7622d71dd8848c
126958 --> testing fail
Test environment and result as below:
+----------------------------------------+--------------------+
| Environment | dpdk_meson_compile |
+========================================+====================+
| Ubuntu 20.04 ARM GCC Native | PASS |
+----------------------------------------+--------------------+
| Ubuntu 20.04 ARM Clang Native | FAIL |
+----------------------------------------+--------------------+
| Ubuntu 20.04 aarch32 GCC Cross Compile | PASS |
+----------------------------------------+--------------------+
| Ubuntu 20.04 ARM GCC Cross Compile | PASS |
+----------------------------------------+--------------------+
| Ubuntu 20.04 ARM SVE | PASS |
+----------------------------------------+--------------------+
| Ubuntu 20.04 ARM Clang Cross Compile | FAIL |
+----------------------------------------+--------------------+
==== 20 line log output for Ubuntu 20.04 ARM Clang Cross Compile (dpdk_meson_compile): ====
[2712/3152] Compiling C object 'drivers/a715181@@rte_baseband_turbo_sw at sta/meson-generated_.._rte_baseband_turbo_sw.pmd.c.o'.
[2713/3152] Linking static target drivers/librte_baseband_turbo_sw.a.
[2714/3152] Compiling C object 'drivers/a715181@@rte_baseband_turbo_sw at sha/meson-generated_.._rte_baseband_turbo_sw.pmd.c.o'.
[2715/3152] Compiling C object 'app/a172ced@@dpdk-pdump at exe/pdump_main.c.o'.
[2716/3152] Linking target drivers/librte_baseband_turbo_sw.so.23.2.
[2717/3152] Compiling C object 'app/a172ced@@dpdk-proc-info at exe/proc-info_main.c.o'.
FAILED: app/a172ced@@dpdk-proc-info at exe/proc-info_main.c.o
ccache clang -Iapp/a172ced@@dpdk-proc-info at exe -Iapp -I../app -Ilib/ethdev -I../lib/ethdev -I. -I../ -Iconfig -I../config -Ilib/eal/include -I../lib/eal/include -Ilib/eal/linux/include -I../lib/eal/linux/include -Ilib/eal/arm/include -I../lib/eal/arm/include -Ilib/eal/common -I../lib/eal/common -Ilib/eal -I../lib/eal -Ilib/kvargs -I../lib/kvargs -Ilib/telemetry/../metrics -I../lib/telemetry/../metrics -Ilib/telemetry -I../lib/telemetry -Ilib/net -I../lib/net -Ilib/mbuf -I../lib/mbuf -Ilib/mempool -I../lib/mempool -Ilib/ring -I../lib/ring -Ilib/meter -I../lib/meter -Ilib/security -I../lib/security -Ilib/cryptodev -I../lib/cryptodev -Ilib/rcu -I../lib/rcu -Ilib/eventdev -I../lib/eventdev -Ilib/hash -I../lib/hash -Ilib/timer -I../lib/timer -Ilib/metrics -I../lib/metrics -Xclang -fcolor-diagnostics -pipe -D_FILE_OFFSET_BITS=64 -Wall -Winvalid-pch -Wextra -Werror -O3 -include rte_config.h -Wcast-qual -Wdeprecated -Wformat -Wformat-nonliteral -Wformat-security -Wmissing-declarations -Wmiss
ing-prototypes -Wnested-externs -Wold-style-definition -Wpointer-arith -Wsign-compare -Wstrict-prototypes -Wundef -Wwrite-strings -Wno-address-of-packed-member -Wno-missing-field-initializers -D_GNU_SOURCE -target aarch64-linux-gnu --sysroot /usr/aarch64-linux-gnu -march=armv8-a+crc -DALLOW_EXPERIMENTAL_API -MD -MQ 'app/a172ced@@dpdk-proc-info at exe/proc-info_main.c.o' -MF 'app/a172ced@@dpdk-proc-info at exe/proc-info_main.c.o.d' -o 'app/a172ced@@dpdk-proc-info at exe/proc-info_main.c.o' -c ../app/proc-info/main.c
../app/proc-info/main.c:2068:46: error: format specifies type 'unsigned char' but the argument has type 'int' [-Werror,-Wformat]
rte_panic("invalid event device %hhu\n", i);
~~~~ ^
%d
../lib/eal/include/rte_debug.h:43:45: note: expanded from macro 'rte_panic'
#define rte_panic(...) rte_panic_(__func__, __VA_ARGS__, "dummy")
^~~~~~~~~~~
../lib/eal/include/rte_debug.h:44:72: note: expanded from macro 'rte_panic_'
#define rte_panic_(func, format, ...) __rte_panic(func, format "%.0s", __VA_ARGS__)
~~~~~~ ^~~~~~~~~~~
1 error generated.
ninja: build stopped: subcommand failed.
==== End log output ====
Ubuntu 20.04 ARM GCC Native
Kernel: 5.4.0-53-generic
Compiler: gcc 9.3
Ubuntu 20.04 ARM Clang Native
Kernel: 5.4.0-53-generic
Compiler: clang 10.0.0-4ubuntu1
Ubuntu 20.04 aarch32 GCC Cross Compile
Kernel: 5.4.0-72-generic
Compiler: gcc 9.3.0
Ubuntu 20.04 ARM GCC Cross Compile
Kernel: 5.4.0-72-generic
Compiler: aarch64-linux-gnu-gcc (Ubuntu 9.3.0-17ubuntu1~20.04) 9.3.0
Ubuntu 20.04 ARM SVE
Kernel: 5.4.0-80-generic
Compiler: gcc 10.3.0 (Ubuntu 10.3.0-1ubuntu1~20.04)
Ubuntu 20.04 ARM Clang Cross Compile
Kernel: 5.4.0-72-generic
Compiler: clang version 10.0.0-4ubuntu1
To view detailed results, visit:
https://lab.dpdk.org/results/dashboard/patchsets/26269/
UNH-IOL DPDK Community Lab
To manage your email subscriptions, visit:
https://lab.dpdk.org/results/dashboard/preferences/subscriptions/
More information about the test-report
mailing list