|FAILURE| pw126958 [PATCH] [v13] app/procinfo: display eventdev xstats
dpdklab at iol.unh.edu
dpdklab at iol.unh.edu
Thu May 18 01:11:47 CEST 2023
Test-Label: iol-unit-testing
Test-Status: FAILURE
http://dpdk.org/patch/126958
_Testing issues_
Submitter: Abdullah Sevincer <abdullah.sevincer at intel.com>
Date: Wednesday, May 17 2023 21:22:39
DPDK git baseline: Repo:dpdk
Branch: master
CommitID:a399d7b5a994e335c446d4b15d7622d71dd8848c
126958 --> testing fail
Test environment and result as below:
+--------------------------+----------------+
| Environment | dpdk_unit_test |
+==========================+================+
| CentOS Stream 9 (ARM) | PASS |
+--------------------------+----------------+
| Ubuntu 20.04 (ARM) | PASS |
+--------------------------+----------------+
| Debian 11 (Buster) (ARM) | PASS |
+--------------------------+----------------+
| Fedora 36 (ARM) | PASS |
+--------------------------+----------------+
| Fedora 36 Clang (ARM) | FAIL |
+--------------------------+----------------+
| CentOS Stream 9 | PASS |
+--------------------------+----------------+
| CentOS Stream 8 | PASS |
+--------------------------+----------------+
| Debian Bullseye | PASS |
+--------------------------+----------------+
| Debian Buster | PASS |
+--------------------------+----------------+
| Ubuntu 22.04 | PASS |
+--------------------------+----------------+
| Ubuntu 20.04 | PASS |
+--------------------------+----------------+
| RHEL8 | PASS |
+--------------------------+----------------+
| openSUSE Leap 15 | PASS |
+--------------------------+----------------+
| RHEL 7 | PASS |
+--------------------------+----------------+
==== 20 line log output for Fedora 36 Clang (ARM) (dpdk_unit_test): ====
[2854/3149] Compiling C object 'drivers/a715181@@rte_baseband_null at sha/meson-generated_.._rte_baseband_null.pmd.c.o'.
[2855/3149] Linking target drivers/librte_baseband_null.so.23.2.
[2856/3149] Compiling C object 'app/a172ced@@dpdk-proc-info at exe/proc-info_main.c.o'.
FAILED: app/a172ced@@dpdk-proc-info at exe/proc-info_main.c.o
clang -Iapp/a172ced@@dpdk-proc-info at exe -Iapp -I../app -Ilib/ethdev -I../lib/ethdev -I. -I../ -Iconfig -I../config -Ilib/eal/include -I../lib/eal/include -Ilib/eal/linux/include -I../lib/eal/linux/include -Ilib/eal/arm/include -I../lib/eal/arm/include -Ilib/eal/common -I../lib/eal/common -Ilib/eal -I../lib/eal -Ilib/kvargs -I../lib/kvargs -Ilib/telemetry/../metrics -I../lib/telemetry/../metrics -Ilib/telemetry -I../lib/telemetry -Ilib/net -I../lib/net -Ilib/mbuf -I../lib/mbuf -Ilib/mempool -I../lib/mempool -Ilib/ring -I../lib/ring -Ilib/meter -I../lib/meter -Ilib/security -I../lib/security -Ilib/cryptodev -I../lib/cryptodev -Ilib/rcu -I../lib/rcu -Ilib/eventdev -I../lib/eventdev -Ilib/hash -I../lib/hash -Ilib/timer -I../lib/timer -Ilib/metrics -I../lib/metrics -Xclang -fcolor-diagnostics -pipe -D_FILE_OFFSET_BITS=64 -Wall -Winvalid-pch -Wextra -Werror -O3 -include rte_config.h -Wcast-qual -Wdeprecated -Wformat -Wformat-nonliteral -Wformat-security -Wmissing-declarations -Wmissing-pro
totypes -Wnested-externs -Wold-style-definition -Wpointer-arith -Wsign-compare -Wstrict-prototypes -Wundef -Wwrite-strings -Wno-address-of-packed-member -Wno-missing-field-initializers -D_GNU_SOURCE -march=armv8.1-a+crc+crypto -mcpu=thunderx2t99 -DALLOW_EXPERIMENTAL_API -MD -MQ 'app/a172ced@@dpdk-proc-info at exe/proc-info_main.c.o' -MF 'app/a172ced@@dpdk-proc-info at exe/proc-info_main.c.o.d' -o 'app/a172ced@@dpdk-proc-info at exe/proc-info_main.c.o' -c ../app/proc-info/main.c
../app/proc-info/main.c:2068:46: error: format specifies type 'unsigned char' but the argument has type 'int' [-Werror,-Wformat]
rte_panic("invalid event device %hhu\n", i);
~~~~ ^
%d
../lib/eal/include/rte_debug.h:43:45: note: expanded from macro 'rte_panic'
#define rte_panic(...) rte_panic_(__func__, __VA_ARGS__, "dummy")
^~~~~~~~~~~
../lib/eal/include/rte_debug.h:44:72: note: expanded from macro 'rte_panic_'
#define rte_panic_(func, format, ...) __rte_panic(func, format "%.0s", __VA_ARGS__)
~~~~~~ ^~~~~~~~~~~
1 error generated.
[2857/3149] Compiling C object 'app/a172ced@@dpdk-test-acl at exe/test-acl_main.c.o'.
[2858/3149] Compiling C object 'drivers/a715181@@tmp_rte_event_cnxk at sta/event_cnxk_tx_cn10k_tx_112_127_seg.c.o'.
[2859/3149] Compiling C object 'drivers/a715181@@tmp_rte_baseband_turbo_sw at sta/baseband_turbo_sw_bbdev_turbo_software.c.o'.
ninja: build stopped: subcommand failed.
==== End log output ====
CentOS Stream 9 (ARM)
Kernel: Container Host Kernel
Compiler: gcc 11.3.1
Ubuntu 20.04 (ARM)
Kernel: Container Host Kernel
Compiler: gcc 9.4.0
Debian 11 (Buster) (ARM)
Kernel: Container Host Kernel
Compiler: gcc 10.2.1
Fedora 36 (ARM)
Kernel: Container Host Kernel
Compiler: gcc 12.2.1
Fedora 36 Clang (ARM)
Kernel: Container Host Kernel
Compiler: clang 14.0.5
CentOS Stream 9
Kernel: 4.18.0-240.10.1.el8_3.x86_64
Compiler: gcc 11.3.1 20220421
CentOS Stream 8
Kernel: 4.18.0-240.10.1.el8_3.x86_64
Compiler: gcc 8.4.1 20200928
Debian Bullseye
Kernel: 5.4.0-122-generic
Compiler: gcc 10.2.1-6
Debian Buster
Kernel: 5.4.0-122-generic
Compiler: gcc 8.3.0-6
Ubuntu 22.04
Kernel: 4.18.0-240.10.1.el8_3.x86_64
Compiler: gcc 11.3.0
Ubuntu 20.04
Kernel: 4.18.0-240.10.1.el8_3.x86_64
Compiler: gcc 9.3.0-17ubuntu1~20.04
RHEL8
Kernel: 4.18.0-240.10.1.el8_3.x86_64
Compiler: gcc 8.3.1 20191121 (Red Hat 8.3.1-5)
openSUSE Leap 15
Kernel: 4.18.0-240.10.1.el8_3.x86_64
Compiler: gcc 7.5.0
RHEL 7
Kernel: 4.18.0-240.10.1.el8_3.x86_64
Compiler: gcc 4.8.5 20150623 (Red Hat 4.8.5-44)
To view detailed results, visit:
https://lab.dpdk.org/results/dashboard/patchsets/26269/
UNH-IOL DPDK Community Lab
To manage your email subscriptions, visit:
https://lab.dpdk.org/results/dashboard/preferences/subscriptions/
More information about the test-report
mailing list