|WARNING| pw126954-126957 [PATCH] [4/4] app/test: add rsa kat and pwct tests

dpdklab at iol.unh.edu dpdklab at iol.unh.edu
Thu May 18 01:19:08 CEST 2023


Test-Label: iol-abi-testing
Test-Status: WARNING
http://dpdk.org/patch/126957

_Testing issues_

Submitter: Arek Kusztal <arkadiuszx.kusztal at intel.com>
Date: Wednesday, May 17 2023 21:19:00 
DPDK git baseline: Repo:dpdk
  Branch: master
  CommitID:a399d7b5a994e335c446d4b15d7622d71dd8848c

126954-126957 --> testing fail

Test environment and result as below:

+------------------+----------+
|   Environment    | abi_test |
+==================+==========+
| RHEL8            | PASS     |
+------------------+----------+
| Debian Bullseye  | PASS     |
+------------------+----------+
| openSUSE Leap 15 | FAIL     |
+------------------+----------+
| RHEL 7           | FAIL     |
+------------------+----------+
| Ubuntu 22.04     | FAIL     |
+------------------+----------+
| CentOS Stream 9  | PASS     |
+------------------+----------+

==== 20 line log output for Ubuntu 22.04 (abi_test): ====
../app/test/test_cryptodev_asym.c:1648:3: error: initializer element is not a compile-time constant
TC_DATA_GENERIC(KAT_RSA_Encrypt,
^~~~~~~~~~~~~~~~~~~~~~~~~~~~~~~~
../app/test/test_cryptodev_asym.c:1605:8: note: expanded from macro 'TC_DATA_GENERIC'
data.description,       \
~~~~~^~~~~~~~~~~~~~~~~~~~
../app/test/test.h:133:38: note: expanded from macro 'TEST_CASE_NAMED_WITH_DATA'
{ setup, teardown, NULL, testcase, name, 1, data }
^~~~
../app/test/test_cryptodev_asym.c:1675:3: error: initializer element is not a compile-time constant
TC_DATA_GENERIC(PWCT_RSA_Encrypt_Decrypt,
^~~~~~~~~~~~~~~~~~~~~~~~~~~~~~~~~~~~~~~~~
../app/test/test_cryptodev_asym.c:1605:8: note: expanded from macro 'TC_DATA_GENERIC'
data.description,       \
~~~~~^~~~~~~~~~~~~~~~~~~~
../app/test/test.h:133:38: note: expanded from macro 'TEST_CASE_NAMED_WITH_DATA'
{ setup, teardown, NULL, testcase, name, 1, data }
^~~~
3 errors generated.
ninja: build stopped: subcommand failed.
==== End log output ====

RHEL8
	Kernel: 4.18.0-240.10.1.el8_3.x86_64
	Compiler: gcc 8.3.1 20191121 (Red Hat 8.3.1-5)

Debian Bullseye
	Kernel: 5.4.0-122-generic
	Compiler: gcc 10.2.1-6

openSUSE Leap 15
	Kernel: 4.18.0-240.10.1.el8_3.x86_64
	Compiler: gcc 7.5.0

RHEL 7
	Kernel: 4.18.0-240.10.1.el8_3.x86_64
	Compiler: gcc 4.8.5 20150623 (Red Hat 4.8.5-44)

Ubuntu 22.04
	Kernel: Container Host Kernel
	Compiler: clang 14.0.5-1.fc36

CentOS Stream 9
	Kernel: 4.18.0-240.10.1.el8_3.x86_64
	Compiler: gcc 11.3.1 20220421

To view detailed results, visit:
https://lab.dpdk.org/results/dashboard/patchsets/26268/

UNH-IOL DPDK Community Lab

To manage your email subscriptions, visit: 
https://lab.dpdk.org/results/dashboard/preferences/subscriptions/


More information about the test-report mailing list