|FAILURE| pw126954-126957 [PATCH] [4/4] app/test: add rsa kat and pwct tests
dpdklab at iol.unh.edu
dpdklab at iol.unh.edu
Thu May 18 01:50:09 CEST 2023
Test-Label: iol-unit-testing
Test-Status: FAILURE
http://dpdk.org/patch/126957
_Testing issues_
Submitter: Arek Kusztal <arkadiuszx.kusztal at intel.com>
Date: Wednesday, May 17 2023 21:19:00
DPDK git baseline: Repo:dpdk
Branch: master
CommitID:a399d7b5a994e335c446d4b15d7622d71dd8848c
126954-126957 --> testing fail
Test environment and result as below:
+--------------------------+----------------+
| Environment | dpdk_unit_test |
+==========================+================+
| CentOS Stream 9 (ARM) | PASS |
+--------------------------+----------------+
| Fedora 36 (ARM) | PASS |
+--------------------------+----------------+
| Debian 11 (Buster) (ARM) | PASS |
+--------------------------+----------------+
| Ubuntu 20.04 (ARM) | PASS |
+--------------------------+----------------+
| CentOS Stream 9 | PASS |
+--------------------------+----------------+
| Debian Buster | PASS |
+--------------------------+----------------+
| Debian Bullseye | PASS |
+--------------------------+----------------+
| openSUSE Leap 15 | FAIL |
+--------------------------+----------------+
| Ubuntu 22.04 | FAIL |
+--------------------------+----------------+
| Fedora 36 Clang (ARM) | FAIL |
+--------------------------+----------------+
| Ubuntu 20.04 | PASS |
+--------------------------+----------------+
| RHEL8 | PASS |
+--------------------------+----------------+
| RHEL 7 | FAIL |
+--------------------------+----------------+
| CentOS Stream 8 | PASS |
+--------------------------+----------------+
==== 20 line log output for RHEL 7 (dpdk_unit_test): ====
../app/test/test_cryptodev_asym.c:1688:3: error: initializer element is not constant
TC_DATA_GENERIC(modular_exponentiation,
^
../app/test/test_cryptodev_asym.c:1688:3: error: (near initialization for 'cryptodev_octeontx_asym_testsuite.unit_test_cases[7].name')
../app/test/test_cryptodev_asym.c:1690:3: error: initializer element is not constant
TC_DATA_GENERIC(modular_exponentiation,
^
../app/test/test_cryptodev_asym.c:1690:3: error: (near initialization for 'cryptodev_octeontx_asym_testsuite.unit_test_cases[8].name')
../app/test/test_cryptodev_asym.c:1692:3: error: initializer element is not constant
TC_DATA_GENERIC(modular_exponentiation,
^
../app/test/test_cryptodev_asym.c:1692:3: error: (near initialization for 'cryptodev_octeontx_asym_testsuite.unit_test_cases[9].name')
../app/test/test_cryptodev_asym.c:1694:3: error: initializer element is not constant
TC_DATA_GENERIC(modular_exponentiation,
^
../app/test/test_cryptodev_asym.c:1694:3: error: (near initialization for 'cryptodev_octeontx_asym_testsuite.unit_test_cases[10].name')
[3037/3189] Compiling C object 'app/test/3062f5d@@dpdk-test at exe/test_eal_flags.c.o'.
[3038/3189] Compiling C object 'app/test/3062f5d@@dpdk-test at exe/test_eal_fs.c.o'.
[3039/3189] Generating rte_event_cnxk.pmd.c with a custom command.
ninja: build stopped: subcommand failed.
==== End log output ====
CentOS Stream 9 (ARM)
Kernel: Container Host Kernel
Compiler: gcc 11.3.1
Fedora 36 (ARM)
Kernel: Container Host Kernel
Compiler: gcc 12.2.1
Debian 11 (Buster) (ARM)
Kernel: Container Host Kernel
Compiler: gcc 10.2.1
Ubuntu 20.04 (ARM)
Kernel: Container Host Kernel
Compiler: gcc 9.4.0
CentOS Stream 9
Kernel: 4.18.0-240.10.1.el8_3.x86_64
Compiler: gcc 11.3.1 20220421
Debian Buster
Kernel: 5.4.0-122-generic
Compiler: gcc 8.3.0-6
Debian Bullseye
Kernel: 5.4.0-122-generic
Compiler: gcc 10.2.1-6
openSUSE Leap 15
Kernel: 4.18.0-240.10.1.el8_3.x86_64
Compiler: gcc 7.5.0
Ubuntu 22.04
Kernel: Container Host Kernel
Compiler: gcc 11.3.1-2
Fedora 36 Clang (ARM)
Kernel: Container Host Kernel
Compiler: clang 14.0.5
Ubuntu 20.04
Kernel: 4.18.0-240.10.1.el8_3.x86_64
Compiler: gcc 9.3.0-17ubuntu1~20.04
RHEL8
Kernel: 4.18.0-240.10.1.el8_3.x86_64
Compiler: gcc 8.3.1 20191121 (Red Hat 8.3.1-5)
RHEL 7
Kernel: 4.18.0-240.10.1.el8_3.x86_64
Compiler: gcc 4.8.5 20150623 (Red Hat 4.8.5-44)
CentOS Stream 8
Kernel: 4.18.0-240.10.1.el8_3.x86_64
Compiler: gcc 8.4.1 20200928
To view detailed results, visit:
https://lab.dpdk.org/results/dashboard/patchsets/26268/
UNH-IOL DPDK Community Lab
To manage your email subscriptions, visit:
https://lab.dpdk.org/results/dashboard/preferences/subscriptions/
More information about the test-report
mailing list