|FAILURE| pw127043 [PATCH] [v3] net/gve: check driver compatibility

dpdklab at iol.unh.edu dpdklab at iol.unh.edu
Fri May 19 16:48:24 CEST 2023


Test-Label: iol-x86_64-compile-testing
Test-Status: FAILURE
http://dpdk.org/patch/127043

_Testing issues_

Submitter: Rushil Gupta <rushilg at google.com>
Date: Thursday, May 18 2023 17:40:05 
DPDK git baseline: Repo:dpdk
  Branch: master
  CommitID:a399d7b5a994e335c446d4b15d7622d71dd8848c

127043 --> testing fail

Test environment and result as below:

+------------------+--------------------+
|   Environment    | dpdk_meson_compile |
+==================+====================+
| FreeBSD 13       | PASS               |
+------------------+--------------------+
| Debian Buster    | PASS               |
+------------------+--------------------+
| Debian Bullseye  | PASS               |
+------------------+--------------------+
| CentOS Stream 9  | FAIL               |
+------------------+--------------------+
| CentOS Stream 8  | PASS               |
+------------------+--------------------+
| Ubuntu 22.04     | PASS               |
+------------------+--------------------+
| RHEL 7           | PASS               |
+------------------+--------------------+
| openSUSE Leap 15 | PASS               |
+------------------+--------------------+
| Ubuntu 20.04     | PASS               |
+------------------+--------------------+
| Alpine           | FAIL               |
+------------------+--------------------+
| RHEL8            | PASS               |
+------------------+--------------------+

==== 20 line log output for Alpine (dpdk_meson_compile): ====
285 |                 },
|                 ~~
286 |         };
|         ~
../drivers/net/gve/gve_ethdev.c:266:23: note: object of size 0 allocated by 'calloc'
266 |         driver_info = calloc(sizeof(struct gve_driver_info), 0);
|                       ^~~~~~~~~~~~~~~~~~~~~~~~~~~~~~~~~~~~~~~~~
../drivers/net/gve/gve_ethdev.c:289:33: error: array subscript 0 is outside array bounds of 'struct gve_driver_info[0]' [-Werror=array-bounds]
289 |                         (char *)driver_info->os_version_str2);
|                                 ^~~~~~~~~~~
../drivers/net/gve/gve_ethdev.c:266:23: note: object of size 0 allocated by 'calloc'
266 |         driver_info = calloc(sizeof(struct gve_driver_info), 0);
|                       ^~~~~~~~~~~~~~~~~~~~~~~~~~~~~~~~~~~~~~~~~
../drivers/net/gve/gve_ethdev.c:288:49: error: array subscript 0 is outside array bounds of 'struct gve_driver_info[0]' [-Werror=array-bounds]
288 |         populate_driver_version_strings((char *)driver_info->os_version_str1,
|                                                 ^~~~~~~~~~~
../drivers/net/gve/gve_ethdev.c:266:23: note: object of size 0 allocated by 'calloc'
266 |         driver_info = calloc(sizeof(struct gve_driver_info), 0);
|                       ^~~~~~~~~~~~~~~~~~~~~~~~~~~~~~~~~~~~~~~~~
cc1: all warnings being treated as errors
==== End log output ====

FreeBSD 13
	Kernel: 13.0
	Compiler: clang 11.0.1

Debian Buster
	Kernel: 5.4.0-122-generic
	Compiler: gcc 8.3.0-6

Debian Bullseye
	Kernel: 5.4.0-122-generic
	Compiler: gcc 10.2.1-6

CentOS Stream 9
	Kernel: 4.18.0-240.10.1.el8_3.x86_64
	Compiler: gcc 11.3.1 20220421

CentOS Stream 8
	Kernel: 4.18.0-240.10.1.el8_3.x86_64
	Compiler: gcc 8.4.1 20200928

Ubuntu 22.04
	Kernel: Container Host Kernel
	Compiler: gcc 11.3.1-2

RHEL 7
	Kernel: 4.18.0-240.10.1.el8_3.x86_64
	Compiler: gcc 4.8.5 20150623 (Red Hat 4.8.5-44)

openSUSE Leap 15
	Kernel: 4.18.0-240.10.1.el8_3.x86_64
	Compiler: gcc 7.5.0

Ubuntu 20.04
	Kernel: 4.18.0-240.10.1.el8_3.x86_64
	Compiler: gcc 9.3.0-17ubuntu1~20.04

Alpine
	Kernel: 5.4.0-73-generic
	Compiler: gcc (Alpine 10.3.1_git20210424) 10.3.1 20210424

RHEL8
	Kernel: 4.18.0-240.10.1.el8_3.x86_64
	Compiler: gcc 8.3.1 20191121 (Red Hat 8.3.1-5)

To view detailed results, visit:
https://lab.dpdk.org/results/dashboard/patchsets/26290/

UNH-IOL DPDK Community Lab

To manage your email subscriptions, visit: 
https://lab.dpdk.org/results/dashboard/preferences/subscriptions/


More information about the test-report mailing list