|FAILURE| pw127507 [PATCH] ethdev: validate reserved fields
dpdklab at iol.unh.edu
dpdklab at iol.unh.edu
Fri May 26 01:05:04 CEST 2023
Test-Label: iol-unit-testing
Test-Status: FAILURE
http://dpdk.org/patch/127507
_Testing issues_
Submitter: Stephen Hemminger <stephen at networkplumber.org>
Date: Thursday, May 25 2023 20:39:42
DPDK git baseline: Repo:dpdk
Branch: master
CommitID:c9df59bcc9bec67783de98486879594e52bdc418
127507 --> testing fail
Test environment and result as below:
+--------------------------+----------------+
| Environment | dpdk_unit_test |
+==========================+================+
| Debian 11 (Buster) (ARM) | FAIL |
+--------------------------+----------------+
| CentOS Stream 9 (ARM) | FAIL |
+--------------------------+----------------+
| Fedora 38 (ARM) | FAIL |
+--------------------------+----------------+
| Fedora 37 (ARM) | FAIL |
+--------------------------+----------------+
| Ubuntu 20.04 (ARM) | FAIL |
+--------------------------+----------------+
| CentOS Stream 8 | FAIL |
+--------------------------+----------------+
| CentOS Stream 9 | FAIL |
+--------------------------+----------------+
| Debian Buster | FAIL |
+--------------------------+----------------+
| Debian Bullseye | FAIL |
+--------------------------+----------------+
| RHEL8 | FAIL |
+--------------------------+----------------+
| RHEL 7 | FAIL |
+--------------------------+----------------+
| Ubuntu 20.04 | FAIL |
+--------------------------+----------------+
| Fedora 37 | FAIL |
+--------------------------+----------------+
| Ubuntu 22.04 | FAIL |
+--------------------------+----------------+
| Fedora 38 | FAIL |
+--------------------------+----------------+
| openSUSE Leap 15 | FAIL |
+--------------------------+----------------+
==== 20 line log output for openSUSE Leap 15 (dpdk_unit_test): ====
94/104 DPDK:fast-tests / telemetry_data_autotest OK 0.21 s
95/104 DPDK:fast-tests / table_autotest OK 8.06 s
96/104 DPDK:fast-tests / ring_pmd_autotest FAIL 0.32 s (killed by signal 11 SIGSEGV)
97/104 DPDK:fast-tests / event_eth_tx_adapter_autotest FAIL 0.26 s (killed by signal 11 SIGSEGV)
98/104 DPDK:fast-tests / bitratestats_autotest FAIL 0.41 s (killed by signal 11 SIGSEGV)
99/104 DPDK:fast-tests / latencystats_autotest FAIL 0.27 s (killed by signal 11 SIGSEGV)
100/104 DPDK:fast-tests / pdump_autotest FAIL 0.40 s (killed by signal 11 SIGSEGV)
101/104 DPDK:fast-tests / vdev_autotest OK 0.20 s
102/104 DPDK:fast-tests / rawdev_autotest OK 0.23 s
103/104 DPDK:fast-tests / compressdev_autotest SKIP 0.17 s
104/104 DPDK:fast-tests / telemetry_all SKIP 0.01 s
Ok: 89
Expected Fail: 0
Fail: 5
Unexpected Pass: 0
Skipped: 10
Timeout: 0
Full log written to /home-local/jenkins-local/jenkins-agent/workspace/Generic-Unit-Test-DPDK/dpdk/build/meson-logs/testlog.txt
==== End log output ====
Debian 11 (Buster) (ARM)
Kernel: Container Host Kernel
Compiler: gcc 10.2.1
CentOS Stream 9 (ARM)
Kernel: Container Host Kernel
Compiler: gcc 11.3.1
Fedora 38 (ARM)
Kernel: Depends on container host
Compiler: gcc 13.1.1
Fedora 37 (ARM)
Kernel: Depends on container host
Compiler: gcc 12.3.1
Ubuntu 20.04 (ARM)
Kernel: Container Host Kernel
Compiler: gcc 9.4.0
CentOS Stream 8
Kernel: 4.18.0-240.10.1.el8_3.x86_64
Compiler: gcc 8.4.1 20200928
CentOS Stream 9
Kernel: 4.18.0-240.10.1.el8_3.x86_64
Compiler: gcc 11.3.1 20220421
Debian Buster
Kernel: 5.4.0-122-generic
Compiler: gcc 8.3.0-6
Debian Bullseye
Kernel: 5.4.0-122-generic
Compiler: gcc 10.2.1-6
RHEL8
Kernel: 4.18.0-240.10.1.el8_3.x86_64
Compiler: gcc 8.3.1 20191121 (Red Hat 8.3.1-5)
RHEL 7
Kernel: 4.18.0-240.10.1.el8_3.x86_64
Compiler: gcc 4.8.5 20150623 (Red Hat 4.8.5-44)
Ubuntu 20.04
Kernel: 4.18.0-240.10.1.el8_3.x86_64
Compiler: gcc 9.3.0-17ubuntu1~20.04
Fedora 37
Kernel: Depends on container host system
Compiler: gcc 12.3.1
Ubuntu 22.04
Kernel: 4.18.0-240.10.1.el8_3.x86_64
Compiler: gcc 11.3.0
Fedora 38
Kernel: Depends on container host
Compiler: gcc 13.1.1
openSUSE Leap 15
Kernel: 4.18.0-240.10.1.el8_3.x86_64
Compiler: gcc 7.5.0
To view detailed results, visit:
https://lab.dpdk.org/results/dashboard/patchsets/26398/
UNH-IOL DPDK Community Lab
To manage your email subscriptions, visit:
https://lab.dpdk.org/results/dashboard/preferences/subscriptions/
More information about the test-report
mailing list