|FAILURE| pw127647 [PATCH] [v2] crypto/qat: add SM3 HMAC to gen4 dev
dpdklab at iol.unh.edu
dpdklab at iol.unh.edu
Sun May 28 22:47:37 CEST 2023
Test-Label: iol-aarch64-compile-testing
Test-Status: FAILURE
http://dpdk.org/patch/127647
_Testing issues_
Submitter: Kusztal, ArkadiuszX <arkadiuszx.kusztal at intel.com>
Date: Sunday, May 28 2023 17:36:25
DPDK git baseline: Repo:dpdk
Branch: master
CommitID:c9df59bcc9bec67783de98486879594e52bdc418
127647 --> testing fail
Test environment and result as below:
+----------------------------------------+--------------------+
| Environment | dpdk_meson_compile |
+========================================+====================+
| Fedora 37 (ARM) | FAIL |
+----------------------------------------+--------------------+
| Fedora 38 (ARM) | FAIL |
+----------------------------------------+--------------------+
| Debian 11 (Buster) (ARM) | FAIL |
+----------------------------------------+--------------------+
| Ubuntu 20.04 (ARM) | FAIL |
+----------------------------------------+--------------------+
| CentOS Stream 9 (ARM) | FAIL |
+----------------------------------------+--------------------+
| Ubuntu 20.04 aarch32 GCC Cross Compile | PASS |
+----------------------------------------+--------------------+
| Ubuntu 20.04 ARM GCC Cross Compile | PASS |
+----------------------------------------+--------------------+
| Ubuntu 20.04 ARM SVE | PASS |
+----------------------------------------+--------------------+
| Ubuntu 20.04 ARM Clang Cross Compile | PASS |
+----------------------------------------+--------------------+
==== 20 line log output for CentOS Stream 9 (ARM) (dpdk_meson_compile): ====
[761/3180] Compiling C object 'drivers/a715181@@tmp_rte_common_qat at sta/common_qat_dev_qat_dev_gen2.c.o'.
[762/3180] Compiling C object 'drivers/a715181@@tmp_rte_common_qat at sta/common_qat_dev_qat_dev_gen3.c.o'.
[763/3180] Compiling C object 'drivers/a715181@@tmp_rte_common_qat at sta/common_qat_dev_qat_dev_gen4.c.o'.
[764/3180] Compiling C object 'drivers/a715181@@tmp_rte_common_qat at sta/compress_qat_qat_comp_pmd.c.o'.
[765/3180] Compiling C object 'drivers/a715181@@tmp_rte_common_qat at sta/compress_qat_qat_comp.c.o'.
[766/3180] Compiling C object 'drivers/a715181@@tmp_rte_common_qat at sta/compress_qat_dev_qat_comp_pmd_gen1.c.o'.
[767/3180] Compiling C object 'drivers/a715181@@tmp_rte_common_qat at sta/compress_qat_dev_qat_comp_pmd_gen2.c.o'.
[768/3180] Compiling C object 'drivers/a715181@@tmp_rte_common_qat at sta/compress_qat_dev_qat_comp_pmd_gen3.c.o'.
[769/3180] Compiling C object 'drivers/a715181@@tmp_rte_common_qat at sta/compress_qat_dev_qat_comp_pmd_gen4.c.o'.
[770/3180] Compiling C object 'drivers/a715181@@tmp_rte_common_qat at sta/crypto_qat_qat_sym.c.o'.
[771/3180] Compiling C object 'drivers/a715181@@tmp_rte_common_qat at sta/crypto_qat_qat_sym_session.c.o'.
FAILED: drivers/a715181@@tmp_rte_common_qat at sta/crypto_qat_qat_sym_session.c.o
ccache cc -Idrivers/a715181@@tmp_rte_common_qat at sta -Idrivers -I../drivers -Idrivers/common/qat -I../drivers/common/qat -I../drivers/common/qat/qat_adf -I../drivers/common/qat/../../crypto/qat -I../drivers/common/qat/../../compress/qat -Idrivers/bus/pci -I../drivers/bus/pci -I../drivers/bus/pci/linux -I. -I../ -Iconfig -I../config -Ilib/eal/include -I../lib/eal/include -Ilib/eal/linux/include -I../lib/eal/linux/include -Ilib/eal/arm/include -I../lib/eal/arm/include -Ilib/eal/common -I../lib/eal/common -Ilib/eal -I../lib/eal -Ilib/kvargs -I../lib/kvargs -Ilib/telemetry/../metrics -I../lib/telemetry/../metrics -Ilib/telemetry -I../lib/telemetry -Ilib/pci -I../lib/pci -Ilib/cryptodev -I../lib/cryptodev -Ilib/mbuf -I../lib/mbuf -Ilib/mempool -I../lib/mempool -Ilib/ring -I../lib/ring -Ilib/rcu -I../lib/rcu -Ilib/net -I../lib/net -Ilib/compressdev -I../lib/compressdev -Ilib/security -I../lib/security -fdiagnostics-color=always -pipe -D_FILE_OFFSET_BITS=64 -Wall -Winvalid-pch -Wextra -Werro
r -O3 -include rte_config.h -Wcast-qual -Wdeprecated -Wformat -Wformat-nonliteral -Wformat-security -Wmissing-declarations -Wmissing-prototypes -Wnested-externs -Wold-style-definition -Wpointer-arith -Wsign-compare -Wstrict-prototypes -Wundef -Wwrite-strings -Wno-address-of-packed-member -Wno-packed-not-aligned -Wno-missing-field-initializers -Wno-zero-length-bounds -D_GNU_SOURCE -fPIC -march=armv8.1-a+crc+crypto -mcpu=thunderx2t99 -DALLOW_EXPERIMENTAL_API -DALLOW_INTERNAL_API -Wno-format-truncation -DBUILD_QAT_SYM -DBUILD_QAT_ASYM -DRTE_LOG_DEFAULT_LOGTYPE=pmd.common.qat -MD -MQ 'drivers/a715181@@tmp_rte_common_qat at sta/crypto_qat_qat_sym_session.c.o' -MF 'drivers/a715181@@tmp_rte_common_qat at sta/crypto_qat_qat_sym_session.c.o.d' -o 'drivers/a715181@@tmp_rte_common_qat at sta/crypto_qat_qat_sym_session.c.o' -c ../drivers/crypto/qat/qat_sym_session.c
../drivers/crypto/qat/qat_sym_session.c: In function 'qat_sym_session_configure_auth':
../drivers/crypto/qat/qat_sym_session.c:704:14: error: 'RTE_CRYPTO_AUTH_SM3_HMAC' undeclared (first use in this function); did you mean 'RTE_CRYPTO_AUTH_SHA1_HMAC'?
704 | case RTE_CRYPTO_AUTH_SM3_HMAC:
| ^~~~~~~~~~~~~~~~~~~~~~~~
| RTE_CRYPTO_AUTH_SHA1_HMAC
../drivers/crypto/qat/qat_sym_session.c:704:14: note: each undeclared identifier is reported only once for each function it appears in
ninja: build stopped: subcommand failed.
==== End log output ====
Fedora 37 (ARM)
Kernel: Depends on container host
Compiler: gcc 12.3.1
Fedora 38 (ARM)
Kernel: Depends on container host
Compiler: gcc 13.1.1
Debian 11 (Buster) (ARM)
Kernel: Container Host Kernel
Compiler: gcc 10.2.1
Ubuntu 20.04 (ARM)
Kernel: Container Host Kernel
Compiler: gcc 9.4.0
CentOS Stream 9 (ARM)
Kernel: Container Host Kernel
Compiler: gcc 11.3.1
Ubuntu 20.04 aarch32 GCC Cross Compile
Kernel: 5.4.0-72-generic
Compiler: gcc 9.3.0
Ubuntu 20.04 ARM GCC Cross Compile
Kernel: 5.4.0-72-generic
Compiler: aarch64-linux-gnu-gcc (Ubuntu 9.3.0-17ubuntu1~20.04) 9.3.0
Ubuntu 20.04 ARM SVE
Kernel: 5.4.0-80-generic
Compiler: gcc 10.3.0 (Ubuntu 10.3.0-1ubuntu1~20.04)
Ubuntu 20.04 ARM Clang Cross Compile
Kernel: 5.4.0-72-generic
Compiler: clang version 10.0.0-4ubuntu1
To view detailed results, visit:
https://lab.dpdk.org/results/dashboard/patchsets/26427/
UNH-IOL DPDK Community Lab
To manage your email subscriptions, visit:
https://lab.dpdk.org/results/dashboard/preferences/subscriptions/
More information about the test-report
mailing list