|FAILURE| [GIT MASTER] 9b1122634e8affeb1a3d957f3a96e48ae17956bc

dpdklab at iol.unh.edu dpdklab at iol.unh.edu
Tue Oct 3 13:58:08 CEST 2023


_Testing issues_

Branch: dpdk-next-eventdev

9b1122634e8affeb1a3d957f3a96e48ae17956bc --> testing fail

Test environment and result as below:

+---------------------+----------------+
|     Environment     | dpdk_unit_test |
+=====================+================+
| CentOS Stream 9     | FAIL           |
+---------------------+----------------+
| Windows Server 2019 | PASS           |
+---------------------+----------------+
| Fedora 37           | FAIL           |
+---------------------+----------------+

==== 20 line log output for Fedora 37 (dpdk_unit_test): ====
98/108 DPDK:fast-tests / telemetry_data_autotest  OK       0.23 s
99/108 DPDK:fast-tests / telemetry_json_autotest  OK       0.24 s
100/108 DPDK:fast-tests / thash_autotest        OK       0.28 s
101/108 DPDK:fast-tests / threads_autotest      OK       0.46 s
102/108 DPDK:fast-tests / ticketlock_autotest   OK       0.33 s
103/108 DPDK:fast-tests / timer_autotest        OK       2.73 s
104/108 DPDK:fast-tests / trace_autotest        OK       0.22 s
105/108 DPDK:fast-tests / trace_autotest_with_traces  OK       0.22 s
106/108 DPDK:fast-tests / vdev_autotest         OK       0.23 s
107/108 DPDK:fast-tests / version_autotest      OK       0.21 s
108/108 DPDK:fast-tests / telemetry_all         SKIP     0.01 s

Ok:                   96
Expected Fail:         0
Fail:                  3
Unexpected Pass:       0
Skipped:               9
Timeout:               0

Full log written to /home-local/jenkins-local/jenkins-agent/workspace/Generic-Unit-Test-DPDK/dpdk/build/meson-logs/testlog.txt
==== End log output ====

CentOS Stream 9
	Kernel: 4.18.0-240.10.1.el8_3.x86_64
	Compiler: gcc 11.3.1 20220421

Windows Server 2019
	Kernel: 10.0
	Compiler: clang 14.0 and gcc 8.1.0 (MinGW)

Fedora 37
	Kernel: Depends on container host system
	Compiler: gcc 12.3.1

To view detailed results, visit:
https://lab.dpdk.org/results/dashboard/tarballs/26335/

UNH-IOL DPDK Community Lab

To manage your email subscriptions, visit: 
https://lab.dpdk.org/results/dashboard/preferences/subscriptions/


More information about the test-report mailing list