|FAILURE| pw132285 [PATCH] eventdev: drop custom OS defines

dpdklab at iol.unh.edu dpdklab at iol.unh.edu
Tue Oct 3 20:15:24 CEST 2023


Test-Label: iol-unit-amd64-testing
Test-Status: FAILURE
http://dpdk.org/patch/132285

_Testing issues_

Submitter: Bruce Richardson <bruce.richardson at intel.com>
Date: Tuesday, October 03 2023 17:01:15 
DPDK git baseline: Repo:dpdk-next-eventdev
  Branch: master
  CommitID:9b1122634e8affeb1a3d957f3a96e48ae17956bc

132285 --> testing fail

Test environment and result as below:

+---------------------+----------------+
|     Environment     | dpdk_unit_test |
+=====================+================+
| Windows Server 2019 | PASS           |
+---------------------+----------------+
| CentOS Stream 8     | FAIL           |
+---------------------+----------------+
| Fedora 38           | FAIL           |
+---------------------+----------------+
| Debian Buster       | FAIL           |
+---------------------+----------------+
| CentOS Stream 9     | FAIL           |
+---------------------+----------------+

==== 20 line log output for CentOS Stream 9 (dpdk_unit_test): ====
98/108 DPDK:fast-tests / telemetry_data_autotest  OK       0.46 s
99/108 DPDK:fast-tests / telemetry_json_autotest  OK       0.29 s
100/108 DPDK:fast-tests / thash_autotest        OK       0.31 s
101/108 DPDK:fast-tests / threads_autotest      OK       0.56 s
102/108 DPDK:fast-tests / ticketlock_autotest   OK       0.34 s
103/108 DPDK:fast-tests / timer_autotest        OK       3.00 s
104/108 DPDK:fast-tests / trace_autotest        OK       0.34 s
105/108 DPDK:fast-tests / trace_autotest_with_traces  OK       0.24 s
106/108 DPDK:fast-tests / vdev_autotest         OK       0.33 s
107/108 DPDK:fast-tests / version_autotest      OK       0.35 s
108/108 DPDK:fast-tests / telemetry_all         SKIP     0.02 s

Ok:                   96
Expected Fail:         0
Fail:                  3
Unexpected Pass:       0
Skipped:               9
Timeout:               0

Full log written to /home-local/jenkins-local/jenkins-agent/workspace/Generic-Unit-Test-DPDK/dpdk/build/meson-logs/testlog.txt
==== End log output ====

Windows Server 2019
	Kernel: 10.0
	Compiler: clang 14.0 and gcc 8.1.0 (MinGW)

CentOS Stream 8
	Kernel: 4.18.0-240.10.1.el8_3.x86_64
	Compiler: gcc 8.4.1 20200928

Fedora 38
	Kernel: Depends on container host
	Compiler: gcc 13.1.1

Debian Buster
	Kernel: 5.4.0-122-generic
	Compiler: gcc 8.3.0-6

CentOS Stream 9
	Kernel: 4.18.0-240.10.1.el8_3.x86_64
	Compiler: gcc 11.3.1 20220421

To view detailed results, visit:
https://lab.dpdk.org/results/dashboard/patchsets/27815/

UNH-IOL DPDK Community Lab

To manage your email subscriptions, visit: 
https://lab.dpdk.org/results/dashboard/preferences/subscriptions/


More information about the test-report mailing list