|FAILURE| pw132441-132445 [PATCH] [5/5] net/mlx5/hws: fix integrity

dpdklab at iol.unh.edu dpdklab at iol.unh.edu
Mon Oct 9 21:58:07 CEST 2023


Test-Label: iol-compile-amd64-testing
Test-Status: FAILURE
http://dpdk.org/patch/132445

_Testing issues_

Submitter: Alexander Kozyrev <akozyrev at nvidia.com>
Date: Monday, October 09 2023 16:36:17 
DPDK git baseline: Repo:dpdk
  Branch: master
  CommitID:4dd146e597d81d900140a904e0b3b9feb1b0be6c

132441-132445 --> testing fail

Test environment and result as below:

+---------------------+--------------------+----------------------+
|     Environment     | dpdk_meson_compile | dpdk_mingw64_compile |
+=====================+====================+======================+
| FreeBSD 13          | PASS               | SKIPPED              |
+---------------------+--------------------+----------------------+
| CentOS Stream 9     | FAIL               | SKIPPED              |
+---------------------+--------------------+----------------------+
| CentOS Stream 8     | FAIL               | SKIPPED              |
+---------------------+--------------------+----------------------+
| Debian Buster       | FAIL               | SKIPPED              |
+---------------------+--------------------+----------------------+
| Debian Bullseye     | FAIL               | SKIPPED              |
+---------------------+--------------------+----------------------+
| Fedora 38           | FAIL               | SKIPPED              |
+---------------------+--------------------+----------------------+
| Fedora 37           | FAIL               | SKIPPED              |
+---------------------+--------------------+----------------------+
| Windows Server 2019 | SKIPPED            | PASS                 |
+---------------------+--------------------+----------------------+

==== 20 line log output for Fedora 37 (dpdk_meson_compile): ====
[1666/2725] Compiling C object 'drivers/a715181@@tmp_rte_net_mlx5 at sta/net_mlx5_mlx5_tx.c.o'.
[1667/2725] Compiling C object 'drivers/a715181@@tmp_rte_net_mlx5 at sta/net_mlx5_mlx5_tx_empw.c.o'.
[1668/2725] Compiling C object 'drivers/a715181@@tmp_rte_net_mlx5 at sta/net_mlx5_mlx5_tx_mpw.c.o'.
[1669/2725] Compiling C object 'drivers/a715181@@tmp_rte_net_mlx5 at sta/net_mlx5_mlx5_tx_nompw.c.o'.
[1670/2725] Compiling C object 'drivers/a715181@@tmp_rte_net_mlx5 at sta/net_mlx5_mlx5_tx_txpp.c.o'.
[1671/2725] Compiling C object 'drivers/a715181@@tmp_rte_net_mlx5 at sta/net_mlx5_mlx5_txq.c.o'.
[1672/2725] Compiling C object 'drivers/a715181@@tmp_rte_net_mlx5 at sta/net_mlx5_mlx5_txpp.c.o'.
[1673/2725] Compiling C object 'drivers/a715181@@tmp_rte_net_mlx5 at sta/net_mlx5_mlx5_vlan.c.o'.
[1674/2725] Compiling C object 'drivers/a715181@@tmp_rte_net_mlx5 at sta/net_mlx5_mlx5_utils.c.o'.
[1675/2725] Compiling C object 'drivers/a715181@@tmp_rte_net_mlx5 at sta/net_mlx5_mlx5_devx.c.o'.
[1676/2725] Compiling C object 'drivers/a715181@@tmp_rte_net_mlx5 at sta/net_mlx5_mlx5_flow_hw.c.o'.
FAILED: drivers/a715181@@tmp_rte_net_mlx5 at sta/net_mlx5_mlx5_flow_hw.c.o
ccache cc -Idrivers/a715181@@tmp_rte_net_mlx5 at sta -Idrivers -I../drivers -Idrivers/net/mlx5 -I../drivers/net/mlx5 -Idrivers/net/mlx5/linux -I../drivers/net/mlx5/linux -Idrivers/net/mlx5/hws -I../drivers/net/mlx5/hws -Ilib/ethdev -I../lib/ethdev -I. -I../ -Iconfig -I../config -Ilib/eal/include -I../lib/eal/include -Ilib/eal/linux/include -I../lib/eal/linux/include -Ilib/eal/x86/include -I../lib/eal/x86/include -Ilib/eal/common -I../lib/eal/common -Ilib/eal -I../lib/eal -Ilib/kvargs -I../lib/kvargs -Ilib/log -I../lib/log -Ilib/telemetry/../metrics -I../lib/telemetry/../metrics -Ilib/telemetry -I../lib/telemetry -Ilib/net -I../lib/net -Ilib/mbuf -I../lib/mbuf -Ilib/mempool -I../lib/mempool -Ilib/ring -I../lib/ring -Ilib/meter -I../lib/meter -Idrivers/bus/pci -I../drivers/bus/pci -I../drivers/bus/pci/linux -Ilib/pci -I../lib/pci -Idrivers/bus/vdev -I../drivers/bus/vdev -Ilib/hash -I../lib/hash -Ilib/rcu -I../lib/rcu -Idrivers/common/mlx5 -I../drivers/common/mlx5 -Idrivers/common/mlx5/lin
 ux -I../drivers/common/mlx5/linux -Idrivers/bus/auxiliary -I../drivers/bus/auxiliary -fdiagnostics-color=always -pipe -D_FILE_OFFSET_BITS=64 -Wall -Winvalid-pch -Wextra -Werror -std=c11 -O3 -include rte_config.h -Wcast-qual -Wdeprecated -Wformat -Wformat-nonliteral -Wformat-security -Wmissing-declarations -Wmissing-prototypes -Wnested-externs -Wold-style-definition -Wpointer-arith -Wsign-compare -Wstrict-prototypes -Wundef -Wwrite-strings -Wno-address-of-packed-member -Wno-packed-not-aligned -Wno-missing-field-initializers -Wno-zero-length-bounds -D_GNU_SOURCE -fPIC -march=native -mrtm -DALLOW_EXPERIMENTAL_API -DALLOW_INTERNAL_API -Wno-format-truncation -std=c11 -Wno-strict-prototypes -D_BSD_SOURCE -D_DEFAULT_SOURCE -D_XOPEN_SOURCE=600 -UPEDANTIC -DRTE_LOG_DEFAULT_LOGTYPE=pmd.net.mlx5 -MD -MQ 'drivers/a715181@@tmp_rte_net_mlx5 at sta/net_mlx5_mlx5_flow_hw.c.o' -MF 'drivers/a715181@@tmp_rte_net_mlx5 at sta/net_mlx5_mlx5_flow_hw.c.o.d' -o 'drivers/a715181@@tmp_rte_net_mlx5 at sta/net_mlx5_mlx5
 _flow_hw.c.o' -c ../drivers/net/mlx5/mlx5_flow_hw.c
../drivers/net/mlx5/mlx5_flow_hw.c: In function 'flow_hw_pattern_validate':
../drivers/net/mlx5/mlx5_flow_hw.c:5378:22: error: 'RTE_FLOW_ITEM_TYPE_PTYPE' undeclared (first use in this function); did you mean 'RTE_FLOW_ITEM_TYPE_PPP'?
5378 |                 case RTE_FLOW_ITEM_TYPE_PTYPE:
|                      ^~~~~~~~~~~~~~~~~~~~~~~~
|                      RTE_FLOW_ITEM_TYPE_PPP
../drivers/net/mlx5/mlx5_flow_hw.c:5378:22: note: each undeclared identifier is reported only once for each function it appears in
ninja: build stopped: subcommand failed.
==== End log output ====

FreeBSD 13
	Kernel: 13.0
	Compiler: clang 11.0.1

CentOS Stream 9
	Kernel: 4.18.0-240.10.1.el8_3.x86_64
	Compiler: gcc 11.3.1 20220421

CentOS Stream 8
	Kernel: 4.18.0-240.10.1.el8_3.x86_64
	Compiler: gcc 8.4.1 20200928

Debian Buster
	Kernel: 5.4.0-122-generic
	Compiler: gcc 8.3.0-6

Debian Bullseye
	Kernel: 5.4.0-122-generic
	Compiler: gcc 10.2.1-6

Fedora 38
	Kernel: Depends on container host
	Compiler: gcc 13.1.1

Fedora 37
	Kernel: Depends on container host system
	Compiler: gcc 12.3.1

Windows Server 2019
	Kernel: 10.0
	Compiler: clang 14.0 and gcc 8.1.0 (MinGW)

To view detailed results, visit:
https://lab.dpdk.org/results/dashboard/patchsets/27870/

UNH-IOL DPDK Community Lab

To manage your email subscriptions, visit: 
https://lab.dpdk.org/results/dashboard/preferences/subscriptions/


More information about the test-report mailing list