|FAILURE| pw132446-132447 [PATCH] [v6,3/3] doc: add dispatcher progr

dpdklab at iol.unh.edu dpdklab at iol.unh.edu
Mon Oct 9 22:15:11 CEST 2023


Test-Label: iol-unit-amd64-testing
Test-Status: FAILURE
http://dpdk.org/patch/132447

_Testing issues_

Submitter: Mattias Ronnblom <mattias.ronnblom at ericsson.com>
Date: Monday, October 09 2023 18:17:11 
DPDK git baseline: Repo:dpdk
  Branch: master
  CommitID:4dd146e597d81d900140a904e0b3b9feb1b0be6c

132446-132447 --> testing fail

Test environment and result as below:

+---------------------+----------------+
|     Environment     | dpdk_unit_test |
+=====================+================+
| Windows Server 2019 | PASS           |
+---------------------+----------------+
| CentOS Stream 8     | FAIL           |
+---------------------+----------------+
| CentOS Stream 9     | FAIL           |
+---------------------+----------------+

==== 20 line log output for CentOS Stream 9 (dpdk_unit_test): ====
98/108 DPDK:fast-tests / telemetry_data_autotest  OK       0.22 s
99/108 DPDK:fast-tests / telemetry_json_autotest  OK       0.22 s
100/108 DPDK:fast-tests / thash_autotest        OK       0.22 s
101/108 DPDK:fast-tests / threads_autotest      OK       0.37 s
102/108 DPDK:fast-tests / ticketlock_autotest   OK       0.22 s
103/108 DPDK:fast-tests / timer_autotest        OK       2.52 s
104/108 DPDK:fast-tests / trace_autotest        OK       0.22 s
105/108 DPDK:fast-tests / trace_autotest_with_traces  OK       0.22 s
106/108 DPDK:fast-tests / vdev_autotest         OK       0.22 s
107/108 DPDK:fast-tests / version_autotest      OK       0.22 s
108/108 DPDK:fast-tests / telemetry_all         SKIP     0.02 s

Ok:                   98
Expected Fail:         0
Fail:                  1
Unexpected Pass:       0
Skipped:               9
Timeout:               0

Full log written to /home-local/jenkins-local/jenkins-agent/workspace/Generic-Unit-Test-DPDK/dpdk/build/meson-logs/testlog.txt
==== End log output ====

Windows Server 2019
	Kernel: 10.0
	Compiler: clang 14.0 and gcc 8.1.0 (MinGW)

CentOS Stream 8
	Kernel: 4.18.0-240.10.1.el8_3.x86_64
	Compiler: gcc 8.4.1 20200928

CentOS Stream 9
	Kernel: 4.18.0-240.10.1.el8_3.x86_64
	Compiler: gcc 11.3.1 20220421

To view detailed results, visit:
https://lab.dpdk.org/results/dashboard/patchsets/27871/

UNH-IOL DPDK Community Lab

To manage your email subscriptions, visit: 
https://lab.dpdk.org/results/dashboard/preferences/subscriptions/


More information about the test-report mailing list