|FAILURE| pw132988-133016 [PATCH] [v3,29/29] port: make API's stable

dpdklab at iol.unh.edu dpdklab at iol.unh.edu
Fri Oct 20 00:11:22 CEST 2023


Test-Label: iol-compile-amd64-testing
Test-Status: FAILURE
http://dpdk.org/patch/133016

_Testing issues_

Submitter: Stephen Hemminger <stephen at networkplumber.org>
Date: Thursday, October 19 2023 16:55:58 
DPDK git baseline: Repo:dpdk
  Branch: master
  CommitID:d7b8b11866a7c4b5975eaedd15dcc9a6f0cd92ce

132988-133016 --> testing fail

Test environment and result as below:

+------------------+--------------------+
|   Environment    | dpdk_meson_compile |
+==================+====================+
| FreeBSD 13       | FAIL               |
+------------------+--------------------+
| openSUSE Leap 15 | FAIL               |
+------------------+--------------------+
| Fedora 38        | FAIL               |
+------------------+--------------------+
| Debian Buster    | FAIL               |
+------------------+--------------------+
| CentOS Stream 8  | FAIL               |
+------------------+--------------------+
| Fedora 37        | FAIL               |
+------------------+--------------------+
| Ubuntu 20.04     | FAIL               |
+------------------+--------------------+
| Debian Bullseye  | FAIL               |
+------------------+--------------------+
| RHEL8            | FAIL               |
+------------------+--------------------+
| CentOS Stream 9  | FAIL               |
+------------------+--------------------+
| Ubuntu 22.04     | FAIL               |
+------------------+--------------------+
| Alpine           | FAIL               |
+------------------+--------------------+

==== 20 line log output for Alpine (dpdk_meson_compile): ====
[2612/2622] Linking target lib/librte_table.so.24.0.
[2613/2622] Generating symbol file 'lib/76b5a35@@rte_table at sha/librte_table.so.24.0.symbols'.
[2614/2622] Linking target lib/librte_pipeline.so.24.0.
[2615/2622] Generating symbol file 'lib/76b5a35@@rte_pipeline at sha/librte_pipeline.so.24.0.symbols'.
[2616/2622] Linking target app/dpdk-test-pipeline.
[2617/2622] Linking target drivers/librte_net_softnic.so.24.0.
[2618/2622] Linking target lib/librte_dispatcher.so.24.0.
[2619/2622] Generating symbol file 'lib/76b5a35@@rte_dispatcher at sha/librte_dispatcher.so.24.0.symbols'.
[2620/2622] Linking target lib/librte_efd.so.24.0.
[2621/2622] Generating symbol file 'lib/76b5a35@@rte_efd at sha/librte_efd.so.24.0.symbols'.
[2622/2622] Linking target app/dpdk-test.
/usr/lib/gcc/x86_64-alpine-linux-musl/12.2.1/../../../../x86_64-alpine-linux-musl/bin/ld: app/a172ced@@dpdk-test at exe/test_test_power.c.o: in function `test_power':
test_power.c:(.text+0x204): undefined reference to `rte_power_unset_env'
/usr/lib/gcc/x86_64-alpine-linux-musl/12.2.1/../../../../x86_64-alpine-linux-musl/bin/ld: test_power.c:(.text+0x249): undefined reference to `rte_power_unset_env'
/usr/lib/gcc/x86_64-alpine-linux-musl/12.2.1/../../../../x86_64-alpine-linux-musl/bin/ld: test_power.c:(.text+0x281): undefined reference to `rte_power_unset_env'
/usr/lib/gcc/x86_64-alpine-linux-musl/12.2.1/../../../../x86_64-alpine-linux-musl/bin/ld: app/a172ced@@dpdk-test at exe/test_test_power_cpufreq.c.o: in function `test_power_caps':
test_power_cpufreq.c:(.text+0x4a): undefined reference to `rte_power_unset_env'
/usr/lib/gcc/x86_64-alpine-linux-musl/12.2.1/../../../../x86_64-alpine-linux-musl/bin/ld: test_power_cpufreq.c:(.text+0x97): undefined reference to `rte_power_unset_env'
/usr/lib/gcc/x86_64-alpine-linux-musl/12.2.1/../../../../x86_64-alpine-linux-musl/bin/ld: app/a172ced@@dpdk-test at exe/test_test_power_cpufreq.c.o:test_power_cpufreq.c:(.text+0x4c4): more undefined references to `rte_power_unset_env' follow
collect2: error: ld returned 1 exit status
==== End log output ====

FreeBSD 13
	Kernel: 13.0
	Compiler: clang 11.0.1

openSUSE Leap 15
	Kernel: 4.18.0-240.10.1.el8_3.x86_64
	Compiler: gcc 7.5.0

Fedora 38
	Kernel: Depends on container host
	Compiler: clang 16.0.3

Debian Buster
	Kernel: 5.4.0-122-generic
	Compiler: gcc 8.3.0-6

CentOS Stream 8
	Kernel: 4.18.0-240.10.1.el8_3.x86_64
	Compiler: gcc 8.4.1 20200928

Fedora 37
	Kernel: Depends on container host system
	Compiler: gcc 12.3.1

Ubuntu 20.04
	Kernel: 5.4.0-153-generic
	Compiler: gcc 9.4.0-1ubuntu1~20.04.1

Debian Bullseye
	Kernel: 5.4.0-122-generic
	Compiler: gcc 10.2.1-6

RHEL8
	Kernel: 4.18.0-240.10.1.el8_3.x86_64
	Compiler: gcc 8.3.1 20191121 (Red Hat 8.3.1-5)

CentOS Stream 9
	Kernel: 4.18.0-240.10.1.el8_3.x86_64
	Compiler: gcc 11.3.1 20220421

Ubuntu 22.04
	Kernel: 4.18.0-240.10.1.el8_3.x86_64
	Compiler: gcc 11.3.0

Alpine
	Kernel: 5.4.0-73-generic
	Compiler: gcc (Alpine 10.3.1_git20210424) 10.3.1 20210424

To view detailed results, visit:
https://lab.dpdk.org/results/dashboard/patchsets/28011/

UNH-IOL DPDK Community Lab

To manage your email subscriptions, visit: 
https://lab.dpdk.org/results/dashboard/preferences/subscriptions/


More information about the test-report mailing list