|FAILURE| pw133030-133057 [PATCH] [v4,28/28] port: make API's stable
dpdklab at iol.unh.edu
dpdklab at iol.unh.edu
Fri Oct 20 05:41:54 CEST 2023
Test-Label: iol-compile-amd64-testing
Test-Status: FAILURE
http://dpdk.org/patch/133057
_Testing issues_
Submitter: Stephen Hemminger <stephen at networkplumber.org>
Date: Thursday, October 19 2023 19:10:16
DPDK git baseline: Repo:dpdk
Branch: master
CommitID:2cd2cf0cc53a508c4bd951a980ec534a646260de
133030-133057 --> testing fail
Test environment and result as below:
+---------------------+--------------------+----------------------+
| Environment | dpdk_meson_compile | dpdk_mingw64_compile |
+=====================+====================+======================+
| Debian Bullseye | FAIL | SKIPPED |
+---------------------+--------------------+----------------------+
| FreeBSD 13 | PASS | SKIPPED |
+---------------------+--------------------+----------------------+
| Fedora 37 | FAIL | SKIPPED |
+---------------------+--------------------+----------------------+
| CentOS Stream 8 | FAIL | SKIPPED |
+---------------------+--------------------+----------------------+
| openSUSE Leap 15 | FAIL | SKIPPED |
+---------------------+--------------------+----------------------+
| Fedora 38 | FAIL | SKIPPED |
+---------------------+--------------------+----------------------+
| RHEL8 | FAIL | SKIPPED |
+---------------------+--------------------+----------------------+
| Ubuntu 22.04 | FAIL | SKIPPED |
+---------------------+--------------------+----------------------+
| Ubuntu 20.04 | FAIL | SKIPPED |
+---------------------+--------------------+----------------------+
| CentOS Stream 9 | FAIL | SKIPPED |
+---------------------+--------------------+----------------------+
| Debian Buster | FAIL | SKIPPED |
+---------------------+--------------------+----------------------+
| Alpine | FAIL | SKIPPED |
+---------------------+--------------------+----------------------+
| Windows Server 2019 | SKIPPED | PASS |
+---------------------+--------------------+----------------------+
==== 20 line log output for Alpine (dpdk_meson_compile): ====
[2612/2622] Linking target lib/librte_table.so.24.0.
[2613/2622] Generating symbol file 'lib/76b5a35@@rte_table at sha/librte_table.so.24.0.symbols'.
[2614/2622] Linking target lib/librte_pipeline.so.24.0.
[2615/2622] Generating symbol file 'lib/76b5a35@@rte_pipeline at sha/librte_pipeline.so.24.0.symbols'.
[2616/2622] Linking target app/dpdk-test-pipeline.
[2617/2622] Linking target drivers/librte_net_softnic.so.24.0.
[2618/2622] Linking target lib/librte_dispatcher.so.24.0.
[2619/2622] Generating symbol file 'lib/76b5a35@@rte_dispatcher at sha/librte_dispatcher.so.24.0.symbols'.
[2620/2622] Linking target lib/librte_efd.so.24.0.
[2621/2622] Generating symbol file 'lib/76b5a35@@rte_efd at sha/librte_efd.so.24.0.symbols'.
[2622/2622] Linking target app/dpdk-test.
/usr/lib/gcc/x86_64-alpine-linux-musl/12.2.1/../../../../x86_64-alpine-linux-musl/bin/ld: app/a172ced@@dpdk-test at exe/test_test_power.c.o: in function `test_power':
test_power.c:(.text+0x204): undefined reference to `rte_power_unset_env'
/usr/lib/gcc/x86_64-alpine-linux-musl/12.2.1/../../../../x86_64-alpine-linux-musl/bin/ld: test_power.c:(.text+0x249): undefined reference to `rte_power_unset_env'
/usr/lib/gcc/x86_64-alpine-linux-musl/12.2.1/../../../../x86_64-alpine-linux-musl/bin/ld: test_power.c:(.text+0x281): undefined reference to `rte_power_unset_env'
/usr/lib/gcc/x86_64-alpine-linux-musl/12.2.1/../../../../x86_64-alpine-linux-musl/bin/ld: app/a172ced@@dpdk-test at exe/test_test_power_cpufreq.c.o: in function `test_power_caps':
test_power_cpufreq.c:(.text+0x4a): undefined reference to `rte_power_unset_env'
/usr/lib/gcc/x86_64-alpine-linux-musl/12.2.1/../../../../x86_64-alpine-linux-musl/bin/ld: test_power_cpufreq.c:(.text+0x97): undefined reference to `rte_power_unset_env'
/usr/lib/gcc/x86_64-alpine-linux-musl/12.2.1/../../../../x86_64-alpine-linux-musl/bin/ld: app/a172ced@@dpdk-test at exe/test_test_power_cpufreq.c.o:test_power_cpufreq.c:(.text+0x4c4): more undefined references to `rte_power_unset_env' follow
collect2: error: ld returned 1 exit status
==== End log output ====
Debian Bullseye
Kernel: 5.4.0-122-generic
Compiler: gcc 10.2.1-6
FreeBSD 13
Kernel: 13.0
Compiler: clang 11.0.1
Fedora 37
Kernel: Depends on container host system
Compiler: gcc 12.3.1
CentOS Stream 8
Kernel: 4.18.0-240.10.1.el8_3.x86_64
Compiler: gcc 8.4.1 20200928
openSUSE Leap 15
Kernel: 4.18.0-240.10.1.el8_3.x86_64
Compiler: gcc 7.5.0
Fedora 38
Kernel: Depends on container host
Compiler: gcc 13.1.1
RHEL8
Kernel: 4.18.0-240.10.1.el8_3.x86_64
Compiler: gcc 8.3.1 20191121 (Red Hat 8.3.1-5)
Ubuntu 22.04
Kernel: 4.18.0-240.10.1.el8_3.x86_64
Compiler: gcc 11.3.0
Ubuntu 20.04
Kernel: 5.4.0-153-generic
Compiler: gcc 9.4.0-1ubuntu1~20.04.1
CentOS Stream 9
Kernel: 4.18.0-240.10.1.el8_3.x86_64
Compiler: gcc 11.3.1 20220421
Debian Buster
Kernel: 5.4.0-122-generic
Compiler: gcc 8.3.0-6
Alpine
Kernel: 5.4.0-73-generic
Compiler: gcc (Alpine 10.3.1_git20210424) 10.3.1 20210424
Windows Server 2019
Kernel: 10.0
Compiler: clang 14.0 and gcc 8.1.0 (MinGW)
To view detailed results, visit:
https://lab.dpdk.org/results/dashboard/patchsets/28014/
UNH-IOL DPDK Community Lab
To manage your email subscriptions, visit:
https://lab.dpdk.org/results/dashboard/preferences/subscriptions/
More information about the test-report
mailing list