|FAILURE| pw133310 [PATCH] config: compiler support check for machin
dpdklab at iol.unh.edu
dpdklab at iol.unh.edu
Wed Oct 25 18:34:50 CEST 2023
Test-Label: iol-compile-arm64-testing
Test-Status: FAILURE
http://dpdk.org/patch/133310
_Testing issues_
Submitter: Sivaprasad Tummala <Sivaprasad.Tummala at amd.com>
Date: Wednesday, October 25 2023 14:17:09
DPDK git baseline: Repo:dpdk
Branch: master
CommitID:2a0557d1ea21c3f63a212385348c97c414970e81
133310 --> testing fail
Test environment and result as below:
+----------------------------------------+--------------------+
| Environment | dpdk_meson_compile |
+========================================+====================+
| Ubuntu 20.04 ARM SVE | FAIL |
+----------------------------------------+--------------------+
| Ubuntu 20.04 ARM GCC Cross Compile | PASS |
+----------------------------------------+--------------------+
| Ubuntu 20.04 ARM Clang Cross Compile | PASS |
+----------------------------------------+--------------------+
| Ubuntu 20.04 aarch32 GCC Cross Compile | PASS |
+----------------------------------------+--------------------+
| Fedora 37 (ARM) | PASS |
+----------------------------------------+--------------------+
| Debian 11 (Buster) (ARM) | PASS |
+----------------------------------------+--------------------+
| Ubuntu 20.04 (ARM) | PASS |
+----------------------------------------+--------------------+
| CentOS Stream 9 (ARM) | PASS |
+----------------------------------------+--------------------+
==== 20 line log output for Ubuntu 20.04 ARM SVE (dpdk_meson_compile): ====
Build type: native build
Program cat found: YES (/usr/bin/cat)
Project name: DPDK
Project version: 23.11.0-rc1
C compiler for the host machine: gcc-10 (gcc 10.3.0 "gcc-10 (Ubuntu 10.3.0-1ubuntu1~20.04) 10.3.0")
C linker for the host machine: gcc-10 ld.bfd 2.34
Host machine cpu family: aarch64
Host machine cpu: aarch64
Message: ## Building in Developer Mode ##
Program pkg-config found: YES (/usr/bin/pkg-config)
Program check-symbols.sh found: YES (/home-local/jenkins-local/jenkins-agent/workspace/Generic-DPDK-Compile-Meson/dpdk/buildtools/check-symbols.sh)
Program options-ibverbs-static.sh found: YES (/home-local/jenkins-local/jenkins-agent/workspace/Generic-DPDK-Compile-Meson/dpdk/buildtools/options-ibverbs-static.sh)
Program python3 found: YES (/usr/bin/python3)
Program cat found: YES (/usr/bin/cat)
Program ../buildtools/symlink-drivers-solibs.sh found: YES (/bin/sh /home-local/jenkins-local/jenkins-agent/workspace/Generic-DPDK-Compile-Meson/dpdk/config/../buildtools/symlink-drivers-solibs.sh)
Compiler for C supports arguments -march=auto: NO
config/meson.build:168:8: ERROR: Problem encountered: Compiler does not support "auto" arch flag.
A full log can be found at /home-local/jenkins-local/jenkins-agent/workspace/Generic-DPDK-Compile-Meson/dpdk/build/meson-logs/meson-log.txt
==== End log output ====
Ubuntu 20.04 ARM SVE
Kernel: 5.4.0-80-generic
Compiler: gcc 10.3.0 (Ubuntu 10.3.0-1ubuntu1~20.04)
Ubuntu 20.04 ARM GCC Cross Compile
Kernel: 5.4.0-72-generic
Compiler: aarch64-linux-gnu-gcc (Ubuntu 9.3.0-17ubuntu1~20.04) 9.3.0
Ubuntu 20.04 ARM Clang Cross Compile
Kernel: 5.4.0-72-generic
Compiler: clang version 10.0.0-4ubuntu1
Ubuntu 20.04 aarch32 GCC Cross Compile
Kernel: 5.4.0-72-generic
Compiler: gcc 9.3.0
Fedora 37 (ARM)
Kernel: Depends on container host
Compiler: gcc 12.3.1
Debian 11 (Buster) (ARM)
Kernel: Container Host Kernel
Compiler: gcc 10.2.1
Ubuntu 20.04 (ARM)
Kernel: Container Host Kernel
Compiler: gcc 9.4.0
CentOS Stream 9 (ARM)
Kernel: Container Host Kernel
Compiler: gcc 11.3.1
To view detailed results, visit:
https://lab.dpdk.org/results/dashboard/patchsets/28070/
UNH-IOL DPDK Community Lab
To manage your email subscriptions, visit:
https://lab.dpdk.org/results/dashboard/preferences/subscriptions/
More information about the test-report
mailing list