|FAILURE| pw133312-133313 [PATCH] [v3,2/2] eal/unix: allow creating 
    dpdklab at iol.unh.edu 
    dpdklab at iol.unh.edu
       
    Thu Oct 26 01:00:56 CEST 2023
    
    
  
Test-Label: iol-unit-arm64-testing
Test-Status: FAILURE
http://dpdk.org/patch/133313
_Testing issues_
Submitter: Thomas Monjalon <thomas at monjalon.net>
Date: Wednesday, October 25 2023 16:31:11 
DPDK git baseline: Repo:dpdk
  Branch: master
  CommitID:2a0557d1ea21c3f63a212385348c97c414970e81
133312-133313 --> testing fail
Test environment and result as below:
+--------------------------+----------------+--------------+---------------------------+------------------------------+
|       Environment        | dpdk_unit_test | lpm_autotest | cryptodev_sw_zuc_autotest | cryptodev_sw_snow3g_autotest |
+==========================+================+==============+===========================+==============================+
| Debian 11 (Buster) (ARM) | PASS           | SKIPPED      | SKIPPED                   | SKIPPED                      |
+--------------------------+----------------+--------------+---------------------------+------------------------------+
| Fedora 37 (ARM)          | PASS           | SKIPPED      | SKIPPED                   | SKIPPED                      |
+--------------------------+----------------+--------------+---------------------------+------------------------------+
| CentOS Stream 9 (ARM)    | FAIL           | SKIPPED      | SKIPPED                   | SKIPPED                      |
+--------------------------+----------------+--------------+---------------------------+------------------------------+
| Fedora 38 (ARM)          | PASS           | SKIPPED      | SKIPPED                   | SKIPPED                      |
+--------------------------+----------------+--------------+---------------------------+------------------------------+
| Fedora 38 (ARM Clang)    | PASS           | SKIPPED      | SKIPPED                   | SKIPPED                      |
+--------------------------+----------------+--------------+---------------------------+------------------------------+
| Ubuntu 20.04 ARM SVE     | SKIPPED        | PASS         | SKIPPED                   | SKIPPED                      |
+--------------------------+----------------+--------------+---------------------------+------------------------------+
| Debian 11 (arm)          | SKIPPED        | SKIPPED      | PASS                      | PASS                         |
+--------------------------+----------------+--------------+---------------------------+------------------------------+
==== 20 line log output for CentOS Stream 9 (ARM) (dpdk_unit_test): ====
100/110 DPDK:fast-tests / telemetry_data_autotest  OK       0.17 s
101/110 DPDK:fast-tests / telemetry_json_autotest  OK       0.17 s
102/110 DPDK:fast-tests / thash_autotest        OK       0.17 s
103/110 DPDK:fast-tests / threads_autotest      TIMEOUT 600.01 s
104/110 DPDK:fast-tests / ticketlock_autotest   OK       0.23 s
105/110 DPDK:fast-tests / timer_autotest        OK       2.83 s
106/110 DPDK:fast-tests / trace_autotest        OK       0.17 s
107/110 DPDK:fast-tests / trace_autotest_with_traces  OK       0.17 s
108/110 DPDK:fast-tests / vdev_autotest         OK       0.17 s
109/110 DPDK:fast-tests / version_autotest      OK       0.17 s
110/110 DPDK:fast-tests / telemetry_all         SKIP     0.01 s
Ok:                  102
Expected Fail:         0
Fail:                  0
Unexpected Pass:       0
Skipped:               7
Timeout:               1
Full log written to /home-local/jenkins-local/jenkins-agent/workspace/Generic-Unit-Test-DPDK/dpdk/build/meson-logs/testlog.txt
==== End log output ====
Debian 11 (Buster) (ARM)
	Kernel: Container Host Kernel
	Compiler: gcc 10.2.1
Fedora 37 (ARM)
	Kernel: Depends on container host
	Compiler: gcc 12.3.1
CentOS Stream 9 (ARM)
	Kernel: Container Host Kernel
	Compiler: gcc 11.3.1
Fedora 38 (ARM)
	Kernel: Depends on container host
	Compiler: gcc 13.1.1
Fedora 38 (ARM Clang)
	Kernel: Depends on container host
	Compiler: clang 16.0.3
Ubuntu 20.04 ARM SVE
	Kernel: 5.4.0-80-generic
	Compiler: gcc 10.3.0 (Ubuntu 10.3.0-1ubuntu1~20.04)
Debian 11 (arm)
	Kernel: Container Host Kernel
	Compiler: gcc 10.2.1
To view detailed results, visit:
https://lab.dpdk.org/results/dashboard/patchsets/28072/
UNH-IOL DPDK Community Lab
To manage your email subscriptions, visit: 
https://lab.dpdk.org/results/dashboard/preferences/subscriptions/
    
    
More information about the test-report
mailing list