|FAILURE| pw133485-133491 [PATCH] [9/9] app/testpmd: add RSS hash al

dpdklab at iol.unh.edu dpdklab at iol.unh.edu
Fri Oct 27 15:39:10 CEST 2023


Test-Label: iol-compile-arm64-testing
Test-Status: FAILURE
http://dpdk.org/patch/133491

_Testing issues_

Submitter: Jie Hai <haijie1 at huawei.com>
Date: Friday, October 27 2023 09:28:36 
DPDK git baseline: Repo:dpdk
  Branch: master
  CommitID:656dfad43136ef43f4315ab6ed45b78b68c287a7

133485-133491 --> testing fail

Test environment and result as below:

+----------------------------------------+--------------------+
|              Environment               | dpdk_meson_compile |
+========================================+====================+
| Ubuntu 20.04 ARM GCC Cross Compile     | FAIL               |
+----------------------------------------+--------------------+
| Fedora 37 (ARM)                        | FAIL               |
+----------------------------------------+--------------------+
| Ubuntu 20.04 ARM SVE                   | FAIL               |
+----------------------------------------+--------------------+
| Ubuntu 20.04 aarch32 GCC Cross Compile | FAIL               |
+----------------------------------------+--------------------+
| Ubuntu 20.04 ARM Clang Cross Compile   | FAIL               |
+----------------------------------------+--------------------+
| Fedora 38 (ARM)                        | FAIL               |
+----------------------------------------+--------------------+
| Ubuntu 20.04 (ARM)                     | FAIL               |
+----------------------------------------+--------------------+
| Debian 11 (Buster) (ARM)               | FAIL               |
+----------------------------------------+--------------------+
| CentOS Stream 9 (ARM)                  | FAIL               |
+----------------------------------------+--------------------+
| Fedora 38 (ARM Clang)                  | FAIL               |
+----------------------------------------+--------------------+

==== 20 line log output for Fedora 38 (ARM Clang) (dpdk_meson_compile): ====
../lib/ethdev/rte_ethdev.c:1520:29: error: more '%' conversions than data arguments [-Werror,-Wformat-insufficient-args]
"with rss_algo_capa: 0x%"PRIx64"\n",
~~~~~~~~~~~~~~~~~~~~~~~~~^~~~~~~~~~~
/usr/include/inttypes.h:121:34: note: expanded from macro 'PRIx64'
# define PRIx64         __PRI64_PREFIX "x"
^
../lib/ethdev/rte_ethdev.h:181:53: note: expanded from macro 'RTE_ETHDEV_LOG'
rte_log(RTE_LOG_ ## level, rte_eth_dev_logtype, "" __VA_ARGS__)
^~~~~~~~~~~
../lib/ethdev/rte_ethdev.c:4730:29: error: more '%' conversions than data arguments [-Werror,-Wformat-insufficient-args]
"with rss_algo_capa: 0x%"PRIx64"\n",
~~~~~~~~~~~~~~~~~~~~~~~~~^~~~~~~~~~~
/usr/include/inttypes.h:121:34: note: expanded from macro 'PRIx64'
# define PRIx64         __PRI64_PREFIX "x"
^
../lib/ethdev/rte_ethdev.h:181:53: note: expanded from macro 'RTE_ETHDEV_LOG'
rte_log(RTE_LOG_ ## level, rte_eth_dev_logtype, "" __VA_ARGS__)
^~~~~~~~~~~
2 errors generated.
ninja: build stopped: subcommand failed.
==== End log output ====

Ubuntu 20.04 ARM GCC Cross Compile
	Kernel: 5.4.0-72-generic
	Compiler: aarch64-linux-gnu-gcc (Ubuntu 9.3.0-17ubuntu1~20.04) 9.3.0

Fedora 37 (ARM)
	Kernel: Depends on container host
	Compiler: gcc 12.3.1

Ubuntu 20.04 ARM SVE
	Kernel: 5.4.0-80-generic
	Compiler: gcc 10.3.0 (Ubuntu 10.3.0-1ubuntu1~20.04)

Ubuntu 20.04 aarch32 GCC Cross Compile
	Kernel: 5.4.0-72-generic
	Compiler: gcc 9.3.0

Ubuntu 20.04 ARM Clang Cross Compile
	Kernel: 5.4.0-72-generic
	Compiler: clang version 10.0.0-4ubuntu1

Fedora 38 (ARM)
	Kernel: Depends on container host
	Compiler: gcc 13.1.1

Ubuntu 20.04 (ARM)
	Kernel: Container Host Kernel
	Compiler: gcc 9.4.0

Debian 11 (Buster) (ARM)
	Kernel: Container Host Kernel
	Compiler: gcc 10.2.1

CentOS Stream 9 (ARM)
	Kernel: Container Host Kernel
	Compiler: gcc 11.3.1

Fedora 38 (ARM Clang)
	Kernel: Depends on container host
	Compiler: clang 16.0.3

To view detailed results, visit:
https://lab.dpdk.org/results/dashboard/patchsets/28111/

UNH-IOL DPDK Community Lab

To manage your email subscriptions, visit: 
https://lab.dpdk.org/results/dashboard/preferences/subscriptions/


More information about the test-report mailing list