|FAILURE| pw133485-133491 [PATCH] [9/9] app/testpmd: add RSS hash al

dpdklab at iol.unh.edu dpdklab at iol.unh.edu
Fri Oct 27 16:08:19 CEST 2023


Test-Label: iol-unit-amd64-testing
Test-Status: FAILURE
http://dpdk.org/patch/133491

_Testing issues_

Submitter: Jie Hai <haijie1 at huawei.com>
Date: Friday, October 27 2023 09:28:36 
DPDK git baseline: Repo:dpdk
  Branch: master
  CommitID:656dfad43136ef43f4315ab6ed45b78b68c287a7

133485-133491 --> testing fail

Test environment and result as below:

+---------------------+----------------+
|     Environment     | dpdk_unit_test |
+=====================+================+
| CentOS Stream 8     | FAIL           |
+---------------------+----------------+
| Debian Buster       | FAIL           |
+---------------------+----------------+
| Fedora 38           | FAIL           |
+---------------------+----------------+
| CentOS Stream 9     | FAIL           |
+---------------------+----------------+
| Fedora 37           | FAIL           |
+---------------------+----------------+
| Debian Bullseye     | FAIL           |
+---------------------+----------------+
| openSUSE Leap 15    | FAIL           |
+---------------------+----------------+
| RHEL8               | FAIL           |
+---------------------+----------------+
| Ubuntu 20.04        | FAIL           |
+---------------------+----------------+
| Ubuntu 22.04        | FAIL           |
+---------------------+----------------+
| Windows Server 2019 | FAIL           |
+---------------------+----------------+

==== 20 line log output for Windows Server 2019 (dpdk_unit_test): ====
                 r t e _ l o g ( R T E _ L O G _   # #   l e v e l ,   r t e _ e t h _ d e v _ l o g t y p e ,   " "   _ _ V A _ A R G S _ _ ) 
 
                                                                                                                       ^ ~ ~ ~ ~ ~ ~ ~ ~ ~ ~ 
 
 . . / l i b / e t h d e v / r t e _ e t h d e v . c : 4 7 3 0 : 2 9 :   e r r o r :   m o r e   ' % '   c o n v e r s i o n s   t h a n   d a t a   a r g u m e n t s   [ - W e r r o r , - W f o r m a t - i n s u f f i c i e n t - a r g s ] 
 
                                                 " w i t h   r s s _ a l g o _ c a p a :   0 x % " P R I x 6 4 " \ n " , 
 
                                                 ~ ~ ~ ~ ~ ~ ~ ~ ~ ~ ~ ~ ~ ~ ~ ~ ~ ~ ~ ~ ~ ~ ~ ~ ~ ^ ~ ~ ~ ~ ~ ~ ~ ~ ~ ~ 
 
 C : \ P r o g r a m   F i l e s   ( x 8 6 ) \ W i n d o w s   K i t s \ 1 0 \ I n c l u d e \ 1 0 . 0 . 1 8 3 6 2 . 0 \ u c r t \ i n t t y p e s . h : 1 8 9 : 2 5 :   n o t e :   e x p a n d e d   f r o m   m a c r o   ' P R I x 6 4 ' 
 
 # d e f i n e   P R I x 6 4               " l l x " 
 
                                                 ^ 
 
 . . \ l i b \ e t h d e v \ r t e _ e t h d e v . h : 1 8 1 : 5 3 :   n o t e :   e x p a n d e d   f r o m   m a c r o   ' R T E _ E T H D E V _ L O G ' 
 
                 r t e _ l o g ( R T E _ L O G _   # #   l e v e l ,   r t e _ e t h _ d e v _ l o g t y p e ,   " "   _ _ V A _ A R G S _ _ ) 
 
                                                                                                                       ^ ~ ~ ~ ~ ~ ~ ~ ~ ~ ~ 
 
 2   e r r o r s   g e n e r a t e d . 
 
 [ 1 0 / 3 7 9 ]   C o m p i l i n g   C   o b j e c t   l i b / l i b r t e _ c r y p t o d e v . a . p / c r y p t o d e v _ r t e _ c r y p t o d e v . c . o b j 
 
 [ 1 1 / 3 7 9 ]   C o m p i l i n g   C   o b j e c t   l i b / l i b r t e _ c f g f i l e . a . p / c f g f i l e _ r t e _ c f g f i l e . c . o b j 
 
 [ 1 2 / 3 7 9 ]   C o m p i l i n g   C   o b j e c t   l i b / l i b r t e _ g s o . a . p / g s o _ g s o _ u d p 4 . c . o b j 
 
 [ 1 3 / 3 7 9 ]   C o m p i l i n g   C   o b j e c t   l i b / l i b r t e _ h a s h . a . p / h a s h _ r t e _ t h a s h . c . o b j 
 
 [ 1 4 / 3 7 9 ]   C o m p i l i n g   C   o b j e c t   l i b / l i b r t e _ h a s h . a . p / h a s h _ r t e _ c u c k o o _ h a s h . c . o b j 
 
 n i n j a :   b u i l d   s t o p p e d :   s u b c o m m a n d   f a i l e d . 
 
 C o u l d   n o t   r e b u i l d   C : \ U s e r s \ b u i l d e r \ j e n k i n s \ w o r k s p a c e \ G e n e r i c - V M - U n i t - T e s t - D P D K \ d p d k \ b u i l d 
 
 
==== End log output ====

CentOS Stream 8
	Kernel: 4.18.0-240.10.1.el8_3.x86_64
	Compiler: gcc 8.4.1 20200928

Debian Buster
	Kernel: 5.4.0-122-generic
	Compiler: gcc 8.3.0-6

Fedora 38
	Kernel: Depends on container host
	Compiler: gcc 13.1.1

CentOS Stream 9
	Kernel: 4.18.0-240.10.1.el8_3.x86_64
	Compiler: gcc 11.3.1 20220421

Fedora 37
	Kernel: Depends on container host system
	Compiler: gcc 12.3.1

Debian Bullseye
	Kernel: 5.4.0-122-generic
	Compiler: gcc 10.2.1-6

openSUSE Leap 15
	Kernel: 4.18.0-240.10.1.el8_3.x86_64
	Compiler: gcc 7.5.0

RHEL8
	Kernel: 4.18.0-240.10.1.el8_3.x86_64
	Compiler: gcc 8.3.1 20191121 (Red Hat 8.3.1-5)

Ubuntu 20.04
	Kernel: 5.4.0-153-generic
	Compiler: gcc 9.4.0-1ubuntu1~20.04.1

Ubuntu 22.04
	Kernel: 4.18.0-240.10.1.el8_3.x86_64
	Compiler: gcc 11.3.0

Windows Server 2019
	Kernel: 10.0
	Compiler: clang 14.0 and gcc 8.1.0 (MinGW)

To view detailed results, visit:
https://lab.dpdk.org/results/dashboard/patchsets/28111/

UNH-IOL DPDK Community Lab

To manage your email subscriptions, visit: 
https://lab.dpdk.org/results/dashboard/preferences/subscriptions/


More information about the test-report mailing list