|FAILURE| pw133513 [PATCH] Add bus master enable/disable APIs for CD
    dpdklab at iol.unh.edu 
    dpdklab at iol.unh.edu
       
    Sat Oct 28 00:46:56 CEST 2023
    
    
  
Test-Label: iol-compile-amd64-testing
Test-Status: FAILURE
http://dpdk.org/patch/133513
_Testing issues_
Submitter: Ferruh Yigit <ferruh.yigit at amd.com>
Date: Friday, October 27 2023 16:22:11 
DPDK git baseline: Repo:dpdk
  Branch: master
  CommitID:656dfad43136ef43f4315ab6ed45b78b68c287a7
133513 --> testing fail
Test environment and result as below:
+---------------------+--------------------+----------------------+
|     Environment     | dpdk_meson_compile | dpdk_mingw64_compile |
+=====================+====================+======================+
| CentOS Stream 9     | FAIL               | SKIPPED              |
+---------------------+--------------------+----------------------+
| Fedora 37           | FAIL               | SKIPPED              |
+---------------------+--------------------+----------------------+
| Fedora 38           | FAIL               | SKIPPED              |
+---------------------+--------------------+----------------------+
| Ubuntu 22.04        | FAIL               | SKIPPED              |
+---------------------+--------------------+----------------------+
| FreeBSD 13          | PASS               | SKIPPED              |
+---------------------+--------------------+----------------------+
| Debian Bullseye     | PASS               | SKIPPED              |
+---------------------+--------------------+----------------------+
| Debian Buster       | PASS               | SKIPPED              |
+---------------------+--------------------+----------------------+
| CentOS Stream 8     | PASS               | SKIPPED              |
+---------------------+--------------------+----------------------+
| openSUSE Leap 15    | PASS               | SKIPPED              |
+---------------------+--------------------+----------------------+
| Ubuntu 20.04        | PASS               | SKIPPED              |
+---------------------+--------------------+----------------------+
| Alpine              | FAIL               | SKIPPED              |
+---------------------+--------------------+----------------------+
| Windows Server 2019 | PASS               | PASS                 |
+---------------------+--------------------+----------------------+
| RHEL8               | PASS               | SKIPPED              |
+---------------------+--------------------+----------------------+
==== 20 line log output for Alpine (dpdk_meson_compile): ====
|                                                 [01;36m[K^~~~~~~~~~~~~[m[K
[01m[K../drivers/bus/cdx/cdx_vfio.c:677:16:[m[K [01;31m[Kerror: [m[Karray subscript 0 is outside array bounds of '[01m[Kstruct vfio_device_feature[0][m[K' [[01;31m[K-Werror=array-bounds[m[K]
677 |         feature[01;31m[K->[m[Kflags |= VFIO_DEVICE_FEATURE_SET;
|                [01;31m[K^~[m[K
[01m[K../drivers/bus/cdx/cdx_vfio.c:668:49:[m[K [01;36m[Knote: [m[Kobject of size 0 allocated by '[01m[Kmalloc[m[K'
668 |         feature = (struct vfio_device_feature *)[01;36m[Kmalloc(argsz)[m[K;
|                                                 [01;36m[K^~~~~~~~~~~~~[m[K
[01m[K../drivers/bus/cdx/cdx_vfio.c:686:16:[m[K [01;31m[Kerror: [m[Karray subscript 0 is outside array bounds of '[01m[Kstruct vfio_device_feature[0][m[K' [[01;31m[K-Werror=array-bounds[m[K]
686 |         feature[01;31m[K->[m[Kflags = RTE_VFIO_DEVICE_FEATURE_BUS_MASTER | VFIO_DEVICE_FEATURE_SET;
|                [01;31m[K^~[m[K
[01m[K../drivers/bus/cdx/cdx_vfio.c:668:49:[m[K [01;36m[Knote: [m[Kobject of size 0 allocated by '[01m[Kmalloc[m[K'
668 |         feature = (struct vfio_device_feature *)[01;36m[Kmalloc(argsz)[m[K;
|                                                 [01;36m[K^~~~~~~~~~~~~[m[K
[01m[K../drivers/bus/cdx/cdx_vfio.c:687:24:[m[K [01;31m[Kerror: [m[Karray subscript 2 is outside array bounds of '[01m[Kstruct vfio_device_feature[0][m[K' [[01;31m[K-Werror=array-bounds[m[K]
687 |         vfio_bm_feature[01;31m[K->[m[Kop = VFIO_DEVICE_FEATURE_CLEAR_MASTER;
|                        [01;31m[K^~[m[K
[01m[K../drivers/bus/cdx/cdx_vfio.c:668:49:[m[K [01;36m[Knote: [m[Kat offset 8 into object of size 0 allocated by '[01m[Kmalloc[m[K'
668 |         feature = (struct vfio_device_feature *)[01;36m[Kmalloc(argsz)[m[K;
|                                                 [01;36m[K^~~~~~~~~~~~~[m[K
cc1: all warnings being treated as errors
==== End log output ====
CentOS Stream 9
	Kernel: 4.18.0-240.10.1.el8_3.x86_64
	Compiler: gcc 11.3.1 20220421
Fedora 37
	Kernel: Depends on container host system
	Compiler: gcc 12.3.1
Fedora 38
	Kernel: Depends on container host
	Compiler: gcc 13.1.1
Ubuntu 22.04
	Kernel: 4.18.0-240.10.1.el8_3.x86_64
	Compiler: gcc 11.3.0
FreeBSD 13
	Kernel: 13.0
	Compiler: clang 11.0.1
Debian Bullseye
	Kernel: 5.4.0-122-generic
	Compiler: gcc 10.2.1-6
Debian Buster
	Kernel: 5.4.0-122-generic
	Compiler: gcc 8.3.0-6
CentOS Stream 8
	Kernel: 4.18.0-240.10.1.el8_3.x86_64
	Compiler: gcc 8.4.1 20200928
openSUSE Leap 15
	Kernel: 4.18.0-240.10.1.el8_3.x86_64
	Compiler: gcc 7.5.0
Ubuntu 20.04
	Kernel: 5.4.0-153-generic
	Compiler: gcc 9.4.0-1ubuntu1~20.04.1
Alpine
	Kernel: 5.4.0-73-generic
	Compiler: gcc (Alpine 10.3.1_git20210424) 10.3.1 20210424
Windows Server 2019
	Kernel: 10.0
	Compiler: clang 14.0 and gcc 8.1.0 (MinGW)
RHEL8
	Kernel: 4.18.0-240.10.1.el8_3.x86_64
	Compiler: gcc 8.3.1 20191121 (Red Hat 8.3.1-5)
To view detailed results, visit:
https://lab.dpdk.org/results/dashboard/patchsets/28117/
UNH-IOL DPDK Community Lab
To manage your email subscriptions, visit: 
https://lab.dpdk.org/results/dashboard/preferences/subscriptions/
    
    
More information about the test-report
mailing list