|FAILURE| pw139167 [PATCH] [v2] cnxk: disable building template file

dpdklab at iol.unh.edu dpdklab at iol.unh.edu
Fri Apr 5 23:19:54 CEST 2024


Test-Label: iol-compile-amd64-testing
Test-Status: FAILURE
http://dpdk.org/patch/139167

_Testing issues_

Submitter: Pavan Nikhilesh Bhagavatula <pbhagavatula at marvell.com>
Date: Friday, April 05 2024 20:25:20 
DPDK git baseline: Repo:dpdk
  Branch: master
  CommitID:e2e546ab5bf5e024986ccb5310ab43982f3bb40c

139167 --> testing fail

Test environment and result as below:

+---------------------+--------------------+----------------------+-------------------+
|     Environment     | dpdk_meson_compile | dpdk_mingw64_compile | dpdk_msvc_compile |
+=====================+====================+======================+===================+
| Debian Bullseye     | PASS               | SKIPPED              | SKIPPED           |
+---------------------+--------------------+----------------------+-------------------+
| CentOS Stream 8     | PASS               | SKIPPED              | SKIPPED           |
+---------------------+--------------------+----------------------+-------------------+
| CentOS Stream 9     | PASS               | SKIPPED              | SKIPPED           |
+---------------------+--------------------+----------------------+-------------------+
| Windows Server 2019 | PASS               | PASS                 | SKIPPED           |
+---------------------+--------------------+----------------------+-------------------+
| Windows Server 2022 | PASS               | PASS                 | PASS              |
+---------------------+--------------------+----------------------+-------------------+
| FreeBSD 13.2        | PASS               | SKIPPED              | SKIPPED           |
+---------------------+--------------------+----------------------+-------------------+
| Fedora 38           | PASS               | SKIPPED              | SKIPPED           |
+---------------------+--------------------+----------------------+-------------------+
| Debian 12           | PASS               | SKIPPED              | SKIPPED           |
+---------------------+--------------------+----------------------+-------------------+
| Fedora 37           | PASS               | SKIPPED              | SKIPPED           |
+---------------------+--------------------+----------------------+-------------------+
| RHEL8               | PASS               | SKIPPED              | SKIPPED           |
+---------------------+--------------------+----------------------+-------------------+
| Fedora 39           | FAIL               | SKIPPED              | SKIPPED           |
+---------------------+--------------------+----------------------+-------------------+

==== 20 line log output for Fedora 39 (dpdk_meson_compile): ====
[1274/2907] Compiling C object 'drivers/a715181@@tmp_rte_net_cnxk at sta/net_cnxk_cnxk_rep.c.o'.
[1275/2907] Compiling C object 'drivers/a715181@@tmp_rte_net_cnxk at sta/net_cnxk_cnxk_rep_msg.c.o'.
[1276/2907] Compiling C object 'drivers/a715181@@tmp_rte_net_cnxk at sta/net_cnxk_cnxk_rep_ops.c.o'.
[1277/2907] Compiling C object 'drivers/a715181@@tmp_rte_net_cnxk at sta/net_cnxk_cnxk_rep_flow.c.o'.
[1278/2907] Compiling C object 'drivers/a715181@@tmp_rte_net_cnxk at sta/net_cnxk_cnxk_stats.c.o'.
[1279/2907] Compiling C object 'drivers/a715181@@tmp_rte_net_cnxk at sta/net_cnxk_cnxk_tm.c.o'.
[1280/2907] Compiling C object 'drivers/a715181@@tmp_rte_net_cnxk at sta/net_cnxk_cn9k_ethdev.c.o'.
[1281/2907] Compiling C object 'drivers/a715181@@tmp_rte_net_cnxk at sta/net_cnxk_cn9k_ethdev_sec.c.o'.
[1282/2907] Compiling C object 'drivers/a715181@@tmp_rte_net_cnxk at sta/net_cnxk_cn9k_flow.c.o'.
[1283/2907] Compiling C object 'drivers/a715181@@tmp_rte_net_cnxk at sta/net_cnxk_cn9k_rx_select.c.o'.
FAILED: drivers/a715181@@tmp_rte_net_cnxk at sta/net_cnxk_cn9k_rx_select.c.o
clang -Idrivers/a715181@@tmp_rte_net_cnxk at sta -Idrivers -I../drivers -Idrivers/net/cnxk -I../drivers/net/cnxk -Ilib/ethdev -I../lib/ethdev -I. -I../ -Iconfig -I../config -Ilib/eal/include -I../lib/eal/include -Ilib/eal/linux/include -I../lib/eal/linux/include -Ilib/eal/x86/include -I../lib/eal/x86/include -Ilib/eal/common -I../lib/eal/common -Ilib/eal -I../lib/eal -Ilib/kvargs -I../lib/kvargs -Ilib/log -I../lib/log -Ilib/telemetry/../metrics -I../lib/telemetry/../metrics -Ilib/telemetry -I../lib/telemetry -Ilib/net -I../lib/net -Ilib/mbuf -I../lib/mbuf -Ilib/mempool -I../lib/mempool -Ilib/ring -I../lib/ring -Ilib/meter -I../lib/meter -Idrivers/bus/pci -I../drivers/bus/pci -I../drivers/bus/pci/linux -Ilib/pci -I../lib/pci -Idrivers/bus/vdev -I../drivers/bus/vdev -Ilib/cryptodev -I../lib/cryptodev -Ilib/rcu -I../lib/rcu -Ilib/eventdev -I../lib/eventdev -Ilib/hash -I../lib/hash -Ilib/timer -I../lib/timer -Ilib/dmadev -I../lib/dmadev -Ilib/security -I../lib/security -Idrivers/common/cnxk
  -I../drivers/common/cnxk -Idrivers/common/cnxk/../../bus/pci -I../drivers/common/cnxk/../../bus/pci -Idrivers/common/cnxk/../../../lib/net -I../drivers/common/cnxk/../../../lib/net -Idrivers/common/cnxk/../../../lib/ethdev -I../drivers/common/cnxk/../../../lib/ethdev -Idrivers/common/cnxk/../../../lib/meter -I../drivers/common/cnxk/../../../lib/meter -Idrivers/mempool/cnxk -I../drivers/mempool/cnxk -Xclang -fcolor-diagnostics -pipe -D_FILE_OFFSET_BITS=64 -Wall -Winvalid-pch -Wextra -Werror -std=c11 -O3 -include rte_config.h -Wcast-qual -Wdeprecated -Wformat -Wformat-nonliteral -Wformat-security -Wmissing-declarations -Wmissing-prototypes -Wnested-externs -Wold-style-definition -Wpointer-arith -Wsign-compare -Wstrict-prototypes -Wundef -Wwrite-strings -Wno-address-of-packed-member -Wno-missing-field-initializers -D_GNU_SOURCE -fPIC -march=native -mrtm -DALLOW_EXPERIMENTAL_API -DALLOW_INTERNAL_API -flax-vector-conversions -Wno-strict-aliasing -Wno-asm-operand-widths -DRTE_LOG_DEFAULT
 _LOGTYPE=pmd.net.cnxk -MD -MQ 'drivers/a715181@@tmp_rte_net_cnxk at sta/net_cnxk_cn9k_rx_select.c.o' -MF 'drivers/a715181@@tmp_rte_net_cnxk at sta/net_cnxk_cn9k_rx_select.c.o.d' -o 'drivers/a715181@@tmp_rte_net_cnxk at sta/net_cnxk_cn9k_rx_select.c.o' -c ../drivers/net/cnxk/cn9k_rx_select.c
../drivers/net/cnxk/cn9k_rx_select.c:24:1: error: unused function 'cn9k_eth_set_rx_tmplt_func' [-Werror,-Wunused-function]
24 | cn9k_eth_set_rx_tmplt_func(struct rte_eth_dev *eth_dev)
| ^~~~~~~~~~~~~~~~~~~~~~~~~~
../drivers/net/cnxk/cn9k_rx_select.c:76:1: error: unused function 'cn9k_eth_set_rx_blk_func' [-Werror,-Wunused-function]
76 | cn9k_eth_set_rx_blk_func(struct rte_eth_dev *eth_dev)
| ^~~~~~~~~~~~~~~~~~~~~~~~
2 errors generated.
ninja: build stopped: subcommand failed.
==== End log output ====

Debian Bullseye
	Kernel: 5.4.0-167-generic
	Compiler: gcc 10.2.1-6

CentOS Stream 8
	Kernel: 5.4.0-167-generic
	Compiler: gcc 8.5.0 20210514

CentOS Stream 9
	Kernel: 5.4.0-167-generic
	Compiler: gcc 11.4.1 20230605

Windows Server 2019
	Kernel: 10.0.17763
	Compiler: clang 14.0 and gcc 8.1.0 (MinGW)

Windows Server 2022
	Kernel: 10.0.20348.2031
	Compiler: clang 15.0.7, gcc 8.1.0 (MinGW), and MSVC VS 17.9

FreeBSD 13.2
	Kernel: 13.2
	Compiler: clang 14.0.5

Fedora 38
	Kernel: Depends on container host
	Compiler: clang 16.0.6

Debian 12
	Kernel: Container Host Kernel
	Compiler: gcc 10.2.1

Fedora 37
	Kernel: Depends on container host system
	Compiler: gcc 12.3.1

RHEL8
	Kernel: 5.4.0-167-generic
	Compiler: gcc 8.5.0 20210514 (Red Hat 8.5.0-20)

Fedora 39
	Kernel: Depends on container host
	Compiler: gcc 13.2.1

To view detailed results, visit:
https://lab.dpdk.org/results/dashboard/patchsets/29729/

UNH-IOL DPDK Community Lab

To manage your email subscriptions, visit: 
https://lab.dpdk.org/results/dashboard/preferences/subscriptions/


More information about the test-report mailing list