|FAILURE| [GIT MASTER] 8f34999c2489bcae2182266810009b77c532f17e
dpdklab at iol.unh.edu
dpdklab at iol.unh.edu
Mon Apr 15 08:32:41 CEST 2024
_Testing issues_
Branch: tags/v21.11
8f34999c2489bcae2182266810009b77c532f17e --> testing fail
Test environment and result as below:
+------------------+----------------+
| Environment | dpdk_unit_test |
+==================+================+
| Debian Bullseye | PASS |
+------------------+----------------+
| openSUSE Leap 15 | PASS |
+------------------+----------------+
| Fedora 38 | FAIL |
+------------------+----------------+
| Fedora 37 | FAIL |
+------------------+----------------+
| Debian 12 | FAIL |
+------------------+----------------+
| CentOS Stream 9 | FAIL |
+------------------+----------------+
==== 20 line log output for CentOS Stream 9 (dpdk_unit_test): ====
Debian Bullseye
Kernel: 5.4.0-167-generic
Compiler: gcc 10.2.1-6
openSUSE Leap 15
Kernel: 5.4.0-167-generic
Compiler: gcc 7.5.0
Fedora 38
Kernel: Depends on container host
Compiler: gcc 13.2.1
Fedora 37
Kernel: Depends on container host system
Compiler: gcc 12.3.1
Debian 12
Kernel: Container Host Kernel
Compiler: gcc 10.2.1
CentOS Stream 9
Kernel: 5.4.0-167-generic
Compiler: gcc 11.4.1 20230605
To view detailed results, visit:
https://lab.dpdk.org/results/dashboard/tarballs/28816/
UNH-IOL DPDK Community Lab
To manage your email subscriptions, visit:
https://lab.dpdk.org/results/dashboard/preferences/subscriptions/
More information about the test-report
mailing list