|FAILURE| [GIT MASTER] 181fb849b5ab50011438cf507f7e84132b0a4fdb

dpdklab at iol.unh.edu dpdklab at iol.unh.edu
Mon Apr 15 18:14:10 CEST 2024


_Testing issues_

Branch: 21.11-staging

181fb849b5ab50011438cf507f7e84132b0a4fdb --> testing fail

Test environment and result as below:

+---------------------+--------------------+----------------------+
|     Environment     | dpdk_meson_compile | dpdk_mingw64_compile |
+=====================+====================+======================+
| Windows Server 2022 | PASS               | PASS                 |
+---------------------+--------------------+----------------------+
| Windows Server 2019 | PASS               | PASS                 |
+---------------------+--------------------+----------------------+
| FreeBSD 13.2        | FAIL               | SKIPPED              |
+---------------------+--------------------+----------------------+

==== 20 line log output for FreeBSD 13.2 (dpdk_meson_compile): ====

Windows Server 2022
	Kernel: 10.0.20348.2031
	Compiler: clang 15.0.7, gcc 8.1.0 (MinGW), and MSVC VS 17.9

Windows Server 2019
	Kernel: 10.0.17763
	Compiler: clang 14.0 and gcc 8.1.0 (MinGW)

FreeBSD 13.2
	Kernel: 13.2
	Compiler: clang 14.0.5

To view detailed results, visit:
https://lab.dpdk.org/results/dashboard/tarballs/28818/

UNH-IOL DPDK Community Lab

To manage your email subscriptions, visit: 
https://lab.dpdk.org/results/dashboard/preferences/subscriptions/


More information about the test-report mailing list