|FAILURE| pw139295 [PATCH] app/testpmd: fix lcore ID restriction
dpdklab at iol.unh.edu
dpdklab at iol.unh.edu
Mon Apr 15 22:49:10 CEST 2024
Test-Label: iol-unit-arm64-testing
Test-Status: FAILURE
http://dpdk.org/patch/139295
_Testing issues_
Submitter: Sivaprasad Tummala <Sivaprasad.Tummala at amd.com>
Date: Monday, April 15 2024 19:46:31
DPDK git baseline: Repo:dpdk
Branch: master
CommitID:6db5f91b5e628671c341b833f21ea35e65e9699d
139295 --> testing fail
Test environment and result as below:
+--------------------------+---------------------------+----------------+------------------------------+--------------+
| Environment | cryptodev_sw_zuc_autotest | dpdk_unit_test | cryptodev_sw_snow3g_autotest | lpm_autotest |
+==========================+===========================+================+==============================+==============+
| Debian 12 (arm) | FAIL | FAIL | FAIL | SKIPPED |
+--------------------------+---------------------------+----------------+------------------------------+--------------+
| CentOS Stream 9 (ARM) | SKIPPED | FAIL | SKIPPED | SKIPPED |
+--------------------------+---------------------------+----------------+------------------------------+--------------+
| Fedora 38 (ARM) | SKIPPED | FAIL | SKIPPED | SKIPPED |
+--------------------------+---------------------------+----------------+------------------------------+--------------+
| Debian 11 (Buster) (ARM) | SKIPPED | FAIL | SKIPPED | SKIPPED |
+--------------------------+---------------------------+----------------+------------------------------+--------------+
| Fedora 37 (ARM) | SKIPPED | FAIL | SKIPPED | SKIPPED |
+--------------------------+---------------------------+----------------+------------------------------+--------------+
| Fedora 39 (ARM) | SKIPPED | FAIL | SKIPPED | SKIPPED |
+--------------------------+---------------------------+----------------+------------------------------+--------------+
| Ubuntu 20.04 (ARM) | SKIPPED | FAIL | SKIPPED | SKIPPED |
+--------------------------+---------------------------+----------------+------------------------------+--------------+
| Ubuntu 20.04 ARM SVE | SKIPPED | SKIPPED | SKIPPED | FAIL |
+--------------------------+---------------------------+----------------+------------------------------+--------------+
==== 20 line log output for Ubuntu 20.04 ARM SVE (lpm_autotest): ====
Debian 12 (arm)
Kernel: Container Host Kernel
Compiler: gcc 12.2.0
CentOS Stream 9 (ARM)
Kernel: Container Host Kernel
Compiler: gcc 11.4.1
Fedora 38 (ARM)
Kernel: Depends on container host
Compiler: gcc 13.2.1
Debian 11 (Buster) (ARM)
Kernel: Container Host Kernel
Compiler: gcc 10.2.1
Fedora 37 (ARM)
Kernel: Depends on container host
Compiler: gcc 12.3.1
Fedora 39 (ARM)
Kernel: Depends on container host
Compiler: gcc 13.2.1
Ubuntu 20.04 (ARM)
Kernel: Container Host Kernel
Compiler: gcc 9.4.0
Ubuntu 20.04 ARM SVE
Kernel: 5.4.0-167-generic
Compiler: gcc (Ubuntu 10.5.0-1ubuntu1~20.04) 10.5.0
To view detailed results, visit:
https://lab.dpdk.org/results/dashboard/patchsets/29781/
UNH-IOL DPDK Community Lab
To manage your email subscriptions, visit:
https://lab.dpdk.org/results/dashboard/preferences/subscriptions/
More information about the test-report
mailing list