|FAILURE| [GIT MASTER] e9b8b369deed1d368079e2591fa8df4a4b9dc94a
dpdklab at iol.unh.edu
dpdklab at iol.unh.edu
Fri Apr 19 09:06:26 CEST 2024
_Testing issues_
Branch: tags/v21.11
e9b8b369deed1d368079e2591fa8df4a4b9dc94a --> testing fail
Test environment and result as below:
+------------------+----------------+
| Environment | dpdk_unit_test |
+==================+================+
| CentOS Stream 8 | PASS |
+------------------+----------------+
| Debian Bullseye | PASS |
+------------------+----------------+
| CentOS Stream 9 | FAIL |
+------------------+----------------+
| Fedora 38 | FAIL |
+------------------+----------------+
| Debian 12 | FAIL |
+------------------+----------------+
| Fedora 37 | FAIL |
+------------------+----------------+
| openSUSE Leap 15 | PASS |
+------------------+----------------+
| Ubuntu 20.04 | PASS |
+------------------+----------------+
==== 20 line log output for Fedora 37 (dpdk_unit_test): ====
CentOS Stream 8
Kernel: 5.4.0-167-generic
Compiler: gcc 8.5.0 20210514
Debian Bullseye
Kernel: 5.4.0-167-generic
Compiler: gcc 10.2.1-6
CentOS Stream 9
Kernel: 5.4.0-167-generic
Compiler: gcc 11.4.1 20230605
Fedora 38
Kernel: Depends on container host
Compiler: gcc 13.2.1
Debian 12
Kernel: Container Host Kernel
Compiler: gcc 10.2.1
Fedora 37
Kernel: Depends on container host system
Compiler: gcc 12.3.1
openSUSE Leap 15
Kernel: 5.4.0-167-generic
Compiler: gcc 7.5.0
Ubuntu 20.04
Kernel: 5.4.0-167-generic
Compiler: gcc 9.4.0-1ubuntu1~20.04.1
To view detailed results, visit:
https://lab.dpdk.org/results/dashboard/tarballs/28879/
UNH-IOL DPDK Community Lab
To manage your email subscriptions, visit:
https://lab.dpdk.org/results/dashboard/preferences/subscriptions/
More information about the test-report
mailing list