|FAILURE| pw139725 [PATCH] [RFC] eal: make lcore_init aware of cgrou
dpdklab at iol.unh.edu
dpdklab at iol.unh.edu
Mon Apr 29 22:47:12 CEST 2024
Test-Label: iol-unit-arm64-testing
Test-Status: FAILURE
http://dpdk.org/patch/139725
_Testing issues_
Submitter: Stephen Hemminger <stephen at networkplumber.org>
Date: Monday, April 29 2024 19:52:25
DPDK git baseline: Repo:dpdk
Branch: master
CommitID:7e06c0de1952d3109a5b0c4779d7e7d8059c9d78
139725 --> testing fail
Test environment and result as below:
+--------------------------+----------------+---------------------------+
| Environment | dpdk_unit_test | cryptodev_sw_zuc_autotest |
+==========================+================+===========================+
| Debian 12 (arm) | FAIL | PASS |
+--------------------------+----------------+---------------------------+
| Fedora 37 (ARM) | FAIL | SKIPPED |
+--------------------------+----------------+---------------------------+
| CentOS Stream 9 (ARM) | FAIL | SKIPPED |
+--------------------------+----------------+---------------------------+
| Debian 11 (Buster) (ARM) | FAIL | SKIPPED |
+--------------------------+----------------+---------------------------+
| Fedora 38 (ARM) | FAIL | SKIPPED |
+--------------------------+----------------+---------------------------+
| Fedora 39 (ARM) | FAIL | SKIPPED |
+--------------------------+----------------+---------------------------+
==== 20 line log output for Fedora 39 (ARM) (dpdk_unit_test): ====
Debian 12 (arm)
Kernel: Container Host Kernel
Compiler: gcc 12.2.0
Fedora 37 (ARM)
Kernel: Depends on container host
Compiler: gcc 12.3.1
CentOS Stream 9 (ARM)
Kernel: Container Host Kernel
Compiler: gcc 11.4.1
Debian 11 (Buster) (ARM)
Kernel: Container Host Kernel
Compiler: gcc 10.2.1
Fedora 38 (ARM)
Kernel: Depends on container host
Compiler: gcc 13.2.1
Fedora 39 (ARM)
Kernel: Depends on container host
Compiler: gcc 13.2.1
To view detailed results, visit:
https://lab.dpdk.org/results/dashboard/patchsets/29875/
UNH-IOL DPDK Community Lab
To manage your email subscriptions, visit:
https://lab.dpdk.org/results/dashboard/preferences/subscriptions/
More information about the test-report
mailing list