|FAILURE| pw136290-136292 [PATCH] [v2,3/3] config/arm: allow WFE to

dpdklab at iol.unh.edu dpdklab at iol.unh.edu
Thu Feb 1 23:34:40 CET 2024


Test-Label: iol-compile-arm64-testing
Test-Status: FAILURE
http://dpdk.org/patch/136292

_Testing issues_

Submitter: Pavan Nikhilesh Bhagavatula <pbhagavatula at marvell.com>
Date: Thursday, February 01 2024 21:57:31 
DPDK git baseline: Repo:dpdk
  Branch: master
  CommitID:a4ce111cc89f580b8c4aad51bdb061acbdfde86b

136290-136292 --> testing fail

Test environment and result as below:

+--------------------------------------+--------------------+
|             Environment              | dpdk_meson_compile |
+======================================+====================+
| Ubuntu 20.04 ARM SVE                 | FAIL               |
+--------------------------------------+--------------------+
| Ubuntu 20.04 ARM GCC Cross Compile   | FAIL               |
+--------------------------------------+--------------------+
| Ubuntu 20.04 ARM Clang Cross Compile | FAIL               |
+--------------------------------------+--------------------+

==== 20 line log output for Ubuntu 20.04 ARM Clang Cross Compile (dpdk_meson_compile): ====
Compiler for C supports arguments -Wformat-nonliteral: YES
Compiler for C supports arguments -Wformat-security: YES
Compiler for C supports arguments -Wmissing-declarations: YES
Compiler for C supports arguments -Wmissing-prototypes: YES
Compiler for C supports arguments -Wnested-externs: YES
Compiler for C supports arguments -Wold-style-definition: YES
Compiler for C supports arguments -Wpointer-arith: YES
Compiler for C supports arguments -Wsign-compare: YES
Compiler for C supports arguments -Wstrict-prototypes: YES
Compiler for C supports arguments -Wundef: YES
Compiler for C supports arguments -Wwrite-strings: YES
Compiler for C supports arguments -Wno-address-of-packed-member: YES
Compiler for C supports arguments -Wno-packed-not-aligned: NO
Compiler for C supports arguments -Wno-missing-field-initializers: YES
Message: Arm implementer: Generic armv8
Message: Arm part number: generic

config/arm/meson.build:735:20: ERROR: Key fallback_march is not in dict

A full log can be found at /home-local/jenkins-local/jenkins-agent/workspace/Generic-DPDK-Compile-Meson/dpdk/build/meson-logs/meson-log.txt
==== End log output ====

Ubuntu 20.04 ARM SVE
	Kernel: 5.4.0-80-generic
	Compiler: gcc 10.3.0 (Ubuntu 10.3.0-1ubuntu1~20.04)

Ubuntu 20.04 ARM GCC Cross Compile
	Kernel: 5.4.0-72-generic
	Compiler: aarch64-linux-gnu-gcc (Ubuntu 9.3.0-17ubuntu1~20.04) 9.3.0

Ubuntu 20.04 ARM Clang Cross Compile
	Kernel: 5.4.0-72-generic
	Compiler: clang version 10.0.0-4ubuntu1

To view detailed results, visit:
https://lab.dpdk.org/results/dashboard/patchsets/29023/

UNH-IOL DPDK Community Lab

To manage your email subscriptions, visit: 
https://lab.dpdk.org/results/dashboard/preferences/subscriptions/


More information about the test-report mailing list