|WARNING| pw136592-136598 [PATCH] [v2,7/7] compress/nitrox: add stat

dpdklab at iol.unh.edu dpdklab at iol.unh.edu
Mon Feb 12 15:33:21 CET 2024


Test-Label: iol-abi-testing
Test-Status: WARNING
http://dpdk.org/patch/136598

_Testing issues_

Submitter: Nagadheeraj Rottela <rnagadheeraj at marvell.com>
Date: Monday, February 12 2024 13:47:43 
DPDK git baseline: Repo:dpdk
  Branch: master
  CommitID:2b551097b3443ebf662e4d140600a4c9b108e73c

136592-136598 --> testing fail

Test environment and result as below:

+-----------------+----------+
|   Environment   | abi_test |
+=================+==========+
| Debian Bullseye | FAIL     |
+-----------------+----------+
| Fedora 37       | FAIL     |
+-----------------+----------+
| Fedora 38       | FAIL     |
+-----------------+----------+

==== 20 line log output for Fedora 38 (abi_test): ====
Variables changes summary: 0 Removed, 0 Changed, 0 Added (1 filtered out) variable

Functions changes summary: 0 Removed, 0 Changed, 0 Added function
Variables changes summary: 0 Removed, 0 Changed, 0 Added (1 filtered out) variable

Functions changes summary: 0 Removed (1 filtered out), 0 Changed (26 filtered out), 0 Added (5 filtered out) functions
Variables changes summary: 0 Removed, 0 Changed, 0 Added variable

Functions changes summary: 0 Removed, 0 Changed, 0 Added (2 filtered out) functions
Variables changes summary: 0 Removed, 0 Changed, 0 Added variable

Functions changes summary: 0 Removed, 0 Changed (1 filtered out), 0 Added function
Variables changes summary: 0 Removed, 0 Changed, 0 Added variable

Functions changes summary: 0 Removed, 0 Changed, 0 Added (1 filtered out) function
Variables changes summary: 0 Removed, 0 Changed, 0 Added variable

Functions changes summary: 0 Removed, 0 Changed, 0 Added function
Variables changes summary: 0 Removed, 0 Changed, 0 Added (1 filtered out) variable

==== End log output ====

Debian Bullseye
	Kernel: 5.4.0-122-generic
	Compiler: gcc 10.2.1-6

Fedora 37
	Kernel: Depends on container host system
	Compiler: gcc 12.3.1

Fedora 38
	Kernel: Depends on container host
	Compiler: gcc 13.1.1

To view detailed results, visit:
https://lab.dpdk.org/results/dashboard/patchsets/29118/

UNH-IOL DPDK Community Lab

To manage your email subscriptions, visit: 
https://lab.dpdk.org/results/dashboard/preferences/subscriptions/


More information about the test-report mailing list