|WARNING| pw136678 [PATCH] [V2] net/memif: fix extra mbuf refcnt upd
dpdklab at iol.unh.edu
dpdklab at iol.unh.edu
Wed Feb 14 05:30:06 CET 2024
Test-Label: iol-compile-amd64-testing
Test-Status: WARNING
http://dpdk.org/patch/136678
_Testing issues_
Submitter: Wathsala Vithanage <wathsala.vithanage at arm.com>
Date: Wednesday, February 14 2024 00:36:16
DPDK git baseline: Repo:dpdk
Branch: master
CommitID:4cf59bbc9edf5419a9f2644a132c9a96c071a4c8
136678 --> testing fail
Test environment and result as below:
+---------------------+----------------------+--------------------+
| Environment | dpdk_mingw64_compile | dpdk_meson_compile |
+=====================+======================+====================+
| Windows Server 2019 | FAIL | PASS |
+---------------------+----------------------+--------------------+
| FreeBSD 13.2 | SKIPPED | PASS |
+---------------------+----------------------+--------------------+
| CentOS Stream 9 | SKIPPED | PASS |
+---------------------+----------------------+--------------------+
| Windows Server 2022 | SKIPPED | PASS |
+---------------------+----------------------+--------------------+
==== 20 line log output for Windows Server 2019 (dpdk_mingw64_compile): ====
Source dir: C:\Users\builder\jenkins\workspace\Windows-Compile-DPDK-Mingw64\dpdk
Build dir: C:\Users\builder\jenkins\workspace\Windows-Compile-DPDK-Mingw64\dpdk\build
Build type: native build
Program more found: YES (C:\Windows\system32\more.COM)
Project name: DPDK
Project version: 24.03.0-rc0
C compiler for the host machine: gcc (gcc 8.1.0 "gcc (x86_64-posix-seh-rev0, Built by MinGW-W64 project) 8.1.0")
C linker for the host machine: gcc ld.bfd 2.30
Host machine cpu family: x86_64
Host machine cpu: x86_64
Message: ## Building in Developer Mode ##
Program pkg-config pkgconf found: NO
Program check-symbols.sh found: YES (sh C:\Users\builder\jenkins\workspace\Windows-Compile-DPDK-Mingw64\dpdk\buildtools\check-symbols.sh)
Program options-ibverbs-static.sh found: YES (sh C:\Users\builder\jenkins\workspace\Windows-Compile-DPDK-Mingw64\dpdk\buildtools\options-ibverbs-static.sh)
Program python3 found: YES (c:\python38\python.exe)
Program more found: YES (C:\Windows\system32\more.COM)
Compiler for C supports arguments -march=native: YES
Checking for size of "void *" : 8
Checking for size of "void *" : 8
Library m found: YES
==== End log output ====
Windows Server 2019
Kernel: 10.0
Compiler: clang 14.0 and gcc 8.1.0 (MinGW)
FreeBSD 13.2
Kernel: 13.2
Compiler: clang 11.3.0
CentOS Stream 9
Kernel: 4.18.0-240.10.1.el8_3.x86_64
Compiler: gcc 11.3.1 20220421
Windows Server 2022
Kernel: OS Build 20348.2031
Compiler: MSVC VS-Preview
To view detailed results, visit:
https://lab.dpdk.org/results/dashboard/patchsets/29142/
UNH-IOL DPDK Community Lab
To manage your email subscriptions, visit:
https://lab.dpdk.org/results/dashboard/preferences/subscriptions/
More information about the test-report
mailing list