|FAILURE| pw136876-136877 [PATCH] [RFC,v2,5/5] service: keep per-lco

dpdklab at iol.unh.edu dpdklab at iol.unh.edu
Mon Feb 19 11:29:21 CET 2024


Test-Label: iol-unit-amd64-testing
Test-Status: FAILURE
http://dpdk.org/patch/136877

_Testing issues_

Submitter: Mattias Ronnblom <mattias.ronnblom at ericsson.com>
Date: Monday, February 19 2024 09:40:36 
DPDK git baseline: Repo:dpdk
  Branch: master
  CommitID:3cb34fb0b0adfeb163b4d0e6d5a232a21bd6f6e0

136876-136877 --> testing fail

Test environment and result as below:

+---------------------+----------------+
|     Environment     | dpdk_unit_test |
+=====================+================+
| Windows Server 2019 | FAIL           |
+---------------------+----------------+
| CentOS Stream 9     | PASS           |
+---------------------+----------------+
| Debian Buster       | PASS           |
+---------------------+----------------+
| Debian Bullseye     | PASS           |
+---------------------+----------------+
| CentOS Stream 8     | PASS           |
+---------------------+----------------+
| Fedora 37           | PASS           |
+---------------------+----------------+
| Fedora 38           | FAIL           |
+---------------------+----------------+

==== 20 line log output for Fedora 38 (dpdk_unit_test): ====
[45/2812] Compiling C object 'lib/76b5a35@@rte_eal at sta/eal_common_eal_common_timer.c.o'.
[46/2812] Compiling C object 'lib/76b5a35@@rte_eal at sta/eal_common_eal_common_trace_points.c.o'.
[47/2812] Compiling C object 'lib/76b5a35@@rte_eal at sta/eal_common_malloc_elem.c.o'.
[48/2812] Compiling C object 'lib/76b5a35@@rte_eal at sta/eal_common_rte_random.c.o'.
FAILED: lib/76b5a35@@rte_eal at sta/eal_common_rte_random.c.o
clang -Ilib/76b5a35@@rte_eal at sta -Ilib -I../lib -I. -I../ -Iconfig -I../config -Ilib/eal/include -I../lib/eal/include -Ilib/eal/linux/include -I../lib/eal/linux/include -Ilib/eal/x86/include -I../lib/eal/x86/include -Ilib/eal/common -I../lib/eal/common -Ilib/eal -I../lib/eal -Ilib/kvargs -I../lib/kvargs -Ilib/log -I../lib/log -Ilib/telemetry/../metrics -I../lib/telemetry/../metrics -Ilib/telemetry -I../lib/telemetry -Xclang -fcolor-diagnostics -pipe -D_FILE_OFFSET_BITS=64 -Wall -Winvalid-pch -Wextra -Werror -std=c11 -O3 -include rte_config.h -Wcast-qual -Wdeprecated -Wformat -Wformat-nonliteral -Wformat-security -Wmissing-declarations -Wmissing-prototypes -Wnested-externs -Wold-style-definition -Wpointer-arith -Wsign-compare -Wstrict-prototypes -Wundef -Wwrite-strings -Wno-address-of-packed-member -Wno-missing-field-initializers -D_GNU_SOURCE -fPIC -march=native -mrtm -DALLOW_EXPERIMENTAL_API -DALLOW_INTERNAL_API '-DABI_VERSION="24.1"' -DRTE_LOG_DEFAULT_LOGTYPE=lib.eal -DRTE_ANNOTATE
 _LOCKS -Wthread-safety -MD -MQ 'lib/76b5a35@@rte_eal at sta/eal_common_rte_random.c.o' -MF 'lib/76b5a35@@rte_eal at sta/eal_common_rte_random.c.o.d' -o 'lib/76b5a35@@rte_eal at sta/eal_common_rte_random.c.o' -c ../lib/eal/common/rte_random.c
../lib/eal/common/rte_random.c:235:2: error: '_Alignof' applied to an expression is a GNU extension [-Werror,-Wgnu-alignof-expression]
RTE_LCORE_VAR_ALLOC(rand_state);
^
../lib/eal/include/rte_lcore_var.h:264:56: note: expanded from macro 'RTE_LCORE_VAR_ALLOC'
RTE_LCORE_VAR_ALLOC_SIZE_ALIGN(name, sizeof(*(name)), alignof(*(name)))
^
/usr/lib64/clang/16/include/stdalign.h:15:17: note: expanded from macro 'alignof'
#define alignof _Alignof
^
1 error generated.
[49/2812] Compiling C object 'lib/76b5a35@@rte_eal at sta/eal_common_rte_reciprocal.c.o'.
[50/2812] Compiling C object 'lib/76b5a35@@rte_eal at sta/eal_common_rte_malloc.c.o'.
[51/2812] Compiling C object 'lib/76b5a35@@rte_eal at sta/eal_common_malloc_heap.c.o'.
ninja: build stopped: subcommand failed.
==== End log output ====

Windows Server 2019
	Kernel: 10.0
	Compiler: clang 14.0 and gcc 8.1.0 (MinGW)

CentOS Stream 9
	Kernel: 4.18.0-240.10.1.el8_3.x86_64
	Compiler: gcc 11.3.1 20220421

Debian Buster
	Kernel: 5.4.0-122-generic
	Compiler: gcc 8.3.0-6

Debian Bullseye
	Kernel: 5.4.0-122-generic
	Compiler: gcc 10.2.1-6

CentOS Stream 8
	Kernel: 4.18.0-240.10.1.el8_3.x86_64
	Compiler: gcc 8.4.1 20200928

Fedora 37
	Kernel: Depends on container host system
	Compiler: gcc 12.3.1

Fedora 38
	Kernel: Depends on container host
	Compiler: clang 16.0.3

To view detailed results, visit:
https://lab.dpdk.org/results/dashboard/patchsets/29181/

UNH-IOL DPDK Community Lab

To manage your email subscriptions, visit: 
https://lab.dpdk.org/results/dashboard/preferences/subscriptions/


More information about the test-report mailing list