|WARNING| pw137184-137188 [PATCH] [v4,7/7] net/hns3: support filter
dpdklab at iol.unh.edu
dpdklab at iol.unh.edu
Mon Feb 26 05:03:29 CET 2024
Test-Label: iol-abi-testing
Test-Status: WARNING
http://dpdk.org/patch/137188
_Testing issues_
Submitter: Jie Hai <haijie1 at huawei.com>
Date: Monday, February 26 2024 03:07:39
DPDK git baseline: Repo:dpdk
Branch: master
CommitID:8c261a499faa28088489a141238f918be00807bb
137184-137188 --> testing fail
Test environment and result as below:
+------------------+----------+
| Environment | abi_test |
+==================+==========+
| Ubuntu 22.04 | FAIL |
+------------------+----------+
| openSUSE Leap 15 | FAIL |
+------------------+----------+
| Fedora 37 | FAIL |
+------------------+----------+
| CentOS Stream 8 | FAIL |
+------------------+----------+
| Fedora 38 | FAIL |
+------------------+----------+
| RHEL8 | FAIL |
+------------------+----------+
| Debian Bullseye | FAIL |
+------------------+----------+
==== 20 line log output for Debian Bullseye (abi_test): ====
Variables changes summary: 0 Removed, 0 Changed, 0 Added variable
Functions changes summary: 0 Removed, 0 Changed, 0 Added (2 filtered out) functions
Variables changes summary: 0 Removed, 0 Changed, 0 Added variable
Functions changes summary: 0 Removed, 1 Changed (39 filtered out), 0 Added (7 filtered out) functions
Variables changes summary: 0 Removed, 0 Changed (2 filtered out), 0 Added (2 filtered out) variables
1 function with some indirect sub-type change:
[C] 'function int rte_eth_dev_get_reg_info(uint16_t, rte_dev_reg_info*)' at rte_ethdev.c:6390:1 has some indirect sub-type changes:
parameter 2 of type 'rte_dev_reg_info*' has sub-type changes:
in pointed to type 'struct rte_dev_reg_info' at rte_dev_info.h:22:1:
type size changed from 192 to 320 (in bits)
2 data member insertions:
'const char* filter', at offset 192 (in bits) at rte_dev_info.h:32:1
'rte_eth_reg_name* names', at offset 256 (in bits) at rte_dev_info.h:33:1
Error: ABI issue reported for abidiff --suppr /home-local/jenkins-local/jenkins-agent/workspace/Generic-DPDK-Compile-ABI/dpdk/devtools/libabigail.abignore --no-added-syms --headers-dir1 reference/usr/local/include --headers-dir2 build_install/usr/local/include reference/usr/local/lib/x86_64-linux-gnu/librte_ethdev.so.24.0 build_install/usr/local/lib/x86_64-linux-gnu/librte_ethdev.so.24.1
ABIDIFF_ABI_CHANGE, this change requires a review (abidiff flagged this as a potential issue).
==== End log output ====
Ubuntu 22.04
Kernel: 4.18.0-240.10.1.el8_3.x86_64
Compiler: gcc 11.3.0
openSUSE Leap 15
Kernel: 4.18.0-240.10.1.el8_3.x86_64
Compiler: gcc 7.5.0
Fedora 37
Kernel: Depends on container host system
Compiler: gcc 12.3.1
CentOS Stream 8
Kernel: 4.18.0-240.10.1.el8_3.x86_64
Compiler: gcc 8.4.1 20200928
Fedora 38
Kernel: Depends on container host
Compiler: gcc 13.1.1
RHEL8
Kernel: 4.18.0-240.10.1.el8_3.x86_64
Compiler: gcc 8.3.1 20191121 (Red Hat 8.3.1-5)
Debian Bullseye
Kernel: 5.4.0-122-generic
Compiler: gcc 10.2.1-6
To view detailed results, visit:
https://lab.dpdk.org/results/dashboard/patchsets/29254/
UNH-IOL DPDK Community Lab
To manage your email subscriptions, visit:
https://lab.dpdk.org/results/dashboard/preferences/subscriptions/
More information about the test-report
mailing list