|FAILURE| pw137413 [PATCH] net/mlx5: add HWS support for matching in
dpdklab at iol.unh.edu
dpdklab at iol.unh.edu
Wed Feb 28 14:48:44 CET 2024
Test-Label: iol-compile-amd64-testing
Test-Status: FAILURE
http://dpdk.org/patch/137413
_Testing issues_
Submitter: Michael Baum <michaelba at nvidia.com>
Date: Wednesday, February 28 2024 09:40:56
DPDK git baseline: Repo:dpdk
Branch: master
CommitID:fba0d7ac2d84dbe0e12b4989198640e14216762b
137413 --> testing fail
Test environment and result as below:
+---------------------+--------------------+----------------------+
| Environment | dpdk_meson_compile | dpdk_mingw64_compile |
+=====================+====================+======================+
| Windows Server 2022 | PASS | SKIPPED |
+---------------------+--------------------+----------------------+
| FreeBSD 13.2 | PASS | SKIPPED |
+---------------------+--------------------+----------------------+
| Debian Bullseye | PASS | SKIPPED |
+---------------------+--------------------+----------------------+
| CentOS Stream 9 | PASS | SKIPPED |
+---------------------+--------------------+----------------------+
| Fedora 37 | PASS | SKIPPED |
+---------------------+--------------------+----------------------+
| CentOS Stream 8 | PASS | SKIPPED |
+---------------------+--------------------+----------------------+
| Debian 12 (arm) | PASS | SKIPPED |
+---------------------+--------------------+----------------------+
| Fedora 38 | PASS | SKIPPED |
+---------------------+--------------------+----------------------+
| Ubuntu 20.04 | PASS | SKIPPED |
+---------------------+--------------------+----------------------+
| RHEL8 | PASS | SKIPPED |
+---------------------+--------------------+----------------------+
| Ubuntu 22.04 | PASS | SKIPPED |
+---------------------+--------------------+----------------------+
| Alpine | PASS | SKIPPED |
+---------------------+--------------------+----------------------+
| openSUSE Leap 15 | PASS | SKIPPED |
+---------------------+--------------------+----------------------+
| Windows Server 2019 | FAIL | PASS |
+---------------------+--------------------+----------------------+
==== 20 line log output for Windows Server 2019 (dpdk_meson_compile): ====
[313/827] Compiling C object drivers/libtmp_rte_net_mlx5.a.p/net_mlx5_mlx5_rxmode.c.obj
[314/827] Compiling C object drivers/libtmp_rte_net_mlx5.a.p/net_mlx5_mlx5_rss.c.obj
[315/827] Compiling C object drivers/libtmp_rte_net_ice.a.p/net_ice_ice_ethdev.c.obj
[316/827] Linking static target drivers/libtmp_rte_net_ixgbe.a
[317/827] Compiling C object drivers/libtmp_rte_net_ice.a.p/net_ice_ice_switch_filter.c.obj
[318/827] Compiling C object drivers/libtmp_rte_net_mlx5.a.p/net_mlx5_mlx5_trace.c.obj
[319/827] Compiling C object drivers/libtmp_rte_net_mlx5.a.p/net_mlx5_mlx5_trigger.c.obj
FAILED: drivers/libtmp_rte_net_mlx5.a.p/net_mlx5_mlx5_trigger.c.obj
"clang" "-Idrivers\libtmp_rte_net_mlx5.a.p" "-Idrivers" "-I..\drivers" "-Idrivers\net\mlx5" "-I..\drivers\net\mlx5" "-Idrivers\net/mlx5\windows" "-I..\drivers\net\mlx5\windows" "-Ilib\ethdev" "-I..\lib\ethdev" "-I." "-I.." "-Iconfig" "-I..\config" "-Ilib\eal\include" "-I..\lib\eal\include" "-Ilib\eal\windows\include" "-I..\lib\eal\windows\include" "-Ilib\eal\x86\include" "-I..\lib\eal\x86\include" "-Ilib\eal\common" "-I..\lib\eal\common" "-Ilib\eal" "-I..\lib\eal" "-Ilib\log" "-I..\lib\log" "-Ilib\kvargs" "-I..\lib\kvargs" "-Ilib\net" "-I..\lib\net" "-Ilib\mbuf" "-I..\lib\mbuf" "-Ilib\mempool" "-I..\lib\mempool" "-Ilib\ring" "-I..\lib\ring" "-Ilib\metrics" "-I..\lib\metrics" "-Ilib\telemetry" "-I..\lib\telemetry" "-Ilib\meter" "-I..\lib\meter" "-Idrivers\bus\pci" "-I..\drivers\bus\pci" "-I..\drivers\bus\pci\windows" "-Ilib\pci" "-I..\lib\pci" "-Idrivers\bus\vdev" "-I..\drivers\bus\vdev" "-Ilib\hash" "-I..\lib\hash" "-Ilib\rcu" "-I..\lib\rcu" "-Idrivers\common\mlx5" "-I..\drivers\comm
on\mlx5" "-Idrivers\common/mlx5\windows" "-I..\drivers\common\mlx5\windows" "-Idrivers\bus\auxiliary" "-I..\drivers\bus\auxiliary" "-IC:\Program Files\Mellanox\MLNX_WinOF2_DevX_SDK\inc" "-Xclang" "-fcolor-diagnostics" "-pipe" "-D_FILE_OFFSET_BITS=64" "-Wall" "-Winvalid-pch" "-Wextra" "-Werror" "-std=c11" "-O3" "-include" "rte_config.h" "-Wcast-qual" "-Wdeprecated" "-Wformat" "-Wformat-nonliteral" "-Wformat-security" "-Wmissing-declarations" "-Wmissing-prototypes" "-Wnested-externs" "-Wold-style-definition" "-Wpointer-arith" "-Wsign-compare" "-Wstrict-prototypes" "-Wundef" "-Wwrite-strings" "-Wno-address-of-packed-member" "-Wno-missing-field-initializers" "-D_GNU_SOURCE" "-D_WIN32_WINNT=0x0A00" "-D_CRT_SECURE_NO_WARNINGS" "-march=native" "-mrtm" "-DALLOW_EXPERIMENTAL_API" "-DALLOW_INTERNAL_API" "-std=c11" "-Wno-strict-prototypes" "-D_BSD_SOURCE" "-D_DEFAULT_SOURCE" "-D_XOPEN_SOURCE=600" "-UPEDANTIC" "-DRTE_LOG_DEFAULT_LOGTYPE=pmd.net.mlx5" -MD -MQ drivers/libtmp_rte_net_mlx5.a.p/net_
mlx5_mlx5_trigger.c.obj -MF "drivers\libtmp_rte_net_mlx5.a.p\net_mlx5_mlx5_trigger.c.obj.d" -o drivers/libtmp_rte_net_mlx5.a.p/net_mlx5_mlx5_trigger.c.obj "-c" ../drivers/net/mlx5/mlx5_trigger.c
In file included from ../drivers/net/mlx5/mlx5_trigger.c:17:
..\drivers\net\mlx5/mlx5_flow.h:1780:31: error: unused parameter 'domain_type' [-Werror,-Wunused-parameter]
enum mlx5dr_table_type domain_type, uint32_t id)
^
1 error generated.
[320/827] Linking static target drivers/libtmp_rte_net_ice.a
[321/827] Compiling C object drivers/libtmp_rte_net_mlx5.a.p/net_mlx5_mlx5_mac.c.obj
[322/827] Generating rte_net_ixgbe.pmd.c with a custom command (wrapped by meson to set PATH)
[323/827] Compiling C object drivers/libtmp_rte_net_mlx5.a.p/net_mlx5_mlx5_tx.c.obj
[324/827] Compiling C object drivers/libtmp_rte_net_mlx5.a.p/net_mlx5_mlx5_tx_empw.c.obj
ninja: build stopped: subcommand failed.
==== End log output ====
Windows Server 2022
Kernel: OS Build 20348.2031
Compiler: MSVC VS-Preview
FreeBSD 13.2
Kernel: 13.2
Compiler: clang 11.3.0
Debian Bullseye
Kernel: 5.4.0-122-generic
Compiler: gcc 10.2.1-6
CentOS Stream 9
Kernel: 4.18.0-240.10.1.el8_3.x86_64
Compiler: gcc 11.3.1 20220421
Fedora 37
Kernel: Depends on container host system
Compiler: gcc 12.3.1
CentOS Stream 8
Kernel: 4.18.0-240.10.1.el8_3.x86_64
Compiler: gcc 8.4.1 20200928
Debian 12 (arm)
Kernel: Container Host Kernel
Compiler: gcc 11
Fedora 38
Kernel: Depends on container host
Compiler: gcc 13.1.1
Ubuntu 20.04
Kernel: 5.4.0-153-generic
Compiler: gcc 9.4.0-1ubuntu1~20.04.1
RHEL8
Kernel: 4.18.0-240.10.1.el8_3.x86_64
Compiler: gcc 8.3.1 20191121 (Red Hat 8.3.1-5)
Ubuntu 22.04
Kernel: 4.18.0-240.10.1.el8_3.x86_64
Compiler: gcc 11.3.0
Alpine
Kernel: 5.4.0-73-generic
Compiler: gcc (Alpine 10.3.1_git20210424) 10.3.1 20210424
openSUSE Leap 15
Kernel: 4.18.0-240.10.1.el8_3.x86_64
Compiler: gcc 7.5.0
Windows Server 2019
Kernel: 10.0
Compiler: clang 14.0 and gcc 8.1.0 (MinGW)
To view detailed results, visit:
https://lab.dpdk.org/results/dashboard/patchsets/29310/
UNH-IOL DPDK Community Lab
To manage your email subscriptions, visit:
https://lab.dpdk.org/results/dashboard/preferences/subscriptions/
More information about the test-report
mailing list