|FAILURE| pw137415-137419 [PATCH] [RFC,v5,6/6] eal: keep per-lcore p

dpdklab at iol.unh.edu dpdklab at iol.unh.edu
Wed Feb 28 18:09:42 CET 2024


Test-Label: iol-unit-amd64-testing
Test-Status: FAILURE
http://dpdk.org/patch/137419

_Testing issues_

Submitter: Mattias Ronnblom <mattias.ronnblom at ericsson.com>
Date: Wednesday, February 28 2024 10:09:28 
DPDK git baseline: Repo:dpdk
  Branch: master
  CommitID:92c0ad70caf3ed6f4b93de6ddaf7bc369737c049

137415-137419 --> testing fail

Test environment and result as below:

+---------------------+----------------+
|     Environment     | dpdk_unit_test |
+=====================+================+
| CentOS Stream 9     | PASS           |
+---------------------+----------------+
| CentOS Stream 8     | PASS           |
+---------------------+----------------+
| Fedora 37           | PASS           |
+---------------------+----------------+
| Debian Bullseye     | PASS           |
+---------------------+----------------+
| Fedora 38           | PASS           |
+---------------------+----------------+
| Debian 12 (arm)     | PASS           |
+---------------------+----------------+
| RHEL8               | PASS           |
+---------------------+----------------+
| openSUSE Leap 15    | PASS           |
+---------------------+----------------+
| Ubuntu 20.04        | PASS           |
+---------------------+----------------+
| Ubuntu 22.04        | PASS           |
+---------------------+----------------+
| Windows Server 2019 | FAIL           |
+---------------------+----------------+

==== 20 line log output for Windows Server 2019 (dpdk_unit_test): ====
 n i n j a :   b u i l d   s t o p p e d :   s u b c o m m a n d   f a i l e d . 
 
 n i n j a :   E n t e r i n g   d i r e c t o r y   ` C : \ U s e r s \ b u i l d e r \ j e n k i n s \ w o r k s p a c e \ G e n e r i c - V M - U n i t - T e s t - D P D K \ d p d k \ b u i l d ' 
 
 [ 1 / 3 3 6 ]   C o m p i l i n g   C   o b j e c t   l i b / l i b r t e _ e a l . a . p / e a l _ x 8 6 _ r t e _ s p i n l o c k . c . o b j 
 
 [ 2 / 3 3 6 ]   C o m p i l i n g   C   o b j e c t   l i b / n e t / l i b n e t _ c r c _ a v x 5 1 2 _ l i b . a . p / n e t _ c r c _ a v x 5 1 2 . c . o b j 
 
 [ 3 / 3 3 6 ]   C o m p i l i n g   C   o b j e c t   l i b / l i b r t e _ e a l . a . p / e a l _ c o m m o n _ e a l _ c o m m o n _ l c o r e _ v a r . c . o b j 
 
 F A I L E D :   l i b / l i b r t e _ e a l . a . p / e a l _ c o m m o n _ e a l _ c o m m o n _ l c o r e _ v a r . c . o b j   
 
 " c l a n g "   " - I l i b \ l i b r t e _ e a l . a . p "   " - I l i b "   " - I . . \ l i b "   " - I . "   " - I . . "   " - I c o n f i g "   " - I . . \ c o n f i g "   " - I l i b \ e a l \ i n c l u d e "   " - I . . \ l i b \ e a l \ i n c l u d e "   " - I l i b \ e a l \ w i n d o w s \ i n c l u d e "   " - I . . \ l i b \ e a l \ w i n d o w s \ i n c l u d e "   " - I l i b \ e a l \ x 8 6 \ i n c l u d e "   " - I . . \ l i b \ e a l \ x 8 6 \ i n c l u d e "   " - I l i b \ e a l \ c o m m o n "   " - I . . \ l i b \ e a l \ c o m m o n "   " - I l i b \ e a l "   " - I . . \ l i b \ e a l "   " - I l i b \ l o g "   " - I . . \ l i b \ l o g "   " - I l i b \ k v a r g s "   " - I . . \ l i b \ k v a r g s "   " - X c l a n g "   " - f c o l o r - d i a g n o s t i c s "   " - p i p e "   " - D _ F I L E _ O F F S E T _ B I T S = 6 4 "   " - W a l l "   " - W i n v a l i d - p c h "   " - W e x t r a "   " - W e r r o r "   " - s t d = c 1 1 "   " - O 3 "   " - i n
  c l u d e "   " r t e _ c o n f i g . h "   " - W c a s t - q u a l "   " - W d e p r e c a t e d "   " - W f o r m a t "   " - W f o r m a t - n o n l i t e r a l "   " - W f o r m a t - s e c u r i t y "   " - W m i s s i n g - d e c l a r a t i o n s "   " - W m i s s i n g - p r o t o t y p e s "   " - W n e s t e d - e x t e r n s "   " - W o l d - s t y l e - d e f i n i t i o n "   " - W p o i n t e r - a r i t h "   " - W s i g n - c o m p a r e "   " - W s t r i c t - p r o t o t y p e s "   " - W u n d e f "   " - W w r i t e - s t r i n g s "   " - W n o - a d d r e s s - o f - p a c k e d - m e m b e r "   " - W n o - m i s s i n g - f i e l d - i n i t i a l i z e r s "   " - D _ G N U _ S O U R C E "   " - D _ W I N 3 2 _ W I N N T = 0 x 0 A 0 0 "   " - D _ C R T _ S E C U R E _ N O _ W A R N I N G S "   " - m a r c h = n a t i v e "   " - m r t m "   " - D A L L O W _ E X P E R I M E N T A L _ A P I "   " - D A L L O W _ I N T E R N A L _ A P I "   " - D A B I _ V E 
 R S I O N = \ " 2 4 . 1 \ " "   " - D R T E _ L O G _ D E F A U L T _ L O G T Y P E = l i b . e a l "   " - D R T E _ A N N O T A T E _ L O C K S "   " - W t h r e a d - s a f e t y "   - M D   - M Q   l i b / l i b r t e _ e a l . a . p / e a l _ c o m m o n _ e a l _ c o m m o n _ l c o r e _ v a r . c . o b j   - M F   " l i b \ l i b r t e _ e a l . a . p \ e a l _ c o m m o n _ e a l _ c o m m o n _ l c o r e _ v a r . c . o b j . d "   - o   l i b / l i b r t e _ e a l . a . p / e a l _ c o m m o n _ e a l _ c o m m o n _ l c o r e _ v a r . c . o b j   " - c "   . . / l i b / e a l / c o m m o n / e a l _ c o m m o n _ l c o r e _ v a r . c 
 
 . . / l i b / e a l / c o m m o n / e a l _ c o m m o n _ l c o r e _ v a r . c : 2 9 : 1 8 :   e r r o r :   i m p l i c i t l y   d e c l a r i n g   l i b r a r y   f u n c t i o n   ' a l i g n e d _ a l l o c '   w i t h   t y p e   ' v o i d   * ( u n s i g n e d   l o n g   l o n g ,   u n s i g n e d   l o n g   l o n g ) '   [ - W e r r o r , - W i m p l i c i t - f u n c t i o n - d e c l a r a t i o n ] 
 
                                 l c o r e _ b u f f e r   =   a l i g n e d _ a l l o c ( R T E _ C A C H E _ L I N E _ S I Z E , 
 
                                                               ^ 
 
 . . / l i b / e a l / c o m m o n / e a l _ c o m m o n _ l c o r e _ v a r . c : 2 9 : 1 8 :   n o t e :   i n c l u d e   t h e   h e a d e r   < s t d l i b . h >   o r   e x p l i c i t l y   p r o v i d e   a   d e c l a r a t i o n   f o r   ' a l i g n e d _ a l l o c ' 
 
 1   e r r o r   g e n e r a t e d . 
 
 [ 4 / 3 3 6 ]   C o m p i l i n g   C   o b j e c t   l i b / l i b r t e _ e a l . a . p / e a l _ w i n d o w s _ e a l _ h u g e p a g e s . c . o b j 
 
 [ 5 / 3 3 6 ]   C o m p i l i n g   C   o b j e c t   l i b / l i b r t e _ m e m p o o l . a . p / m e m p o o l _ r t e _ m e m p o o l _ o p s . c . o b j 
 
 [ 6 / 3 3 6 ]   C o m p i l i n g   C   o b j e c t   l i b / l i b r t e _ n e t . a . p / n e t _ r t e _ n e t _ c r c . c . o b j 
 
 [ 7 / 3 3 6 ]   C o m p i l i n g   C   o b j e c t   l i b / l i b r t e _ e a l . a . p / e a l _ x 8 6 _ r t e _ p o w e r _ i n t r i n s i c s . c . o b j 
 
 [ 8 / 3 3 6 ]   C o m p i l i n g   C   o b j e c t   l i b / l i b r t e _ m e m p o o l . a . p / m e m p o o l _ r t e _ m e m p o o l . c . o b j 
 
 n i n j a :   b u i l d   s t o p p e d :   s u b c o m m a n d   f a i l e d . 
 
 C o u l d   n o t   r e b u i l d   C : \ U s e r s \ b u i l d e r \ j e n k i n s \ w o r k s p a c e \ G e n e r i c - V M - U n i t - T e s t - D P D K \ d p d k \ b u i l d 
 
 
==== End log output ====

CentOS Stream 9
	Kernel: 4.18.0-240.10.1.el8_3.x86_64
	Compiler: gcc 11.3.1 20220421

CentOS Stream 8
	Kernel: 4.18.0-240.10.1.el8_3.x86_64
	Compiler: gcc 8.4.1 20200928

Fedora 37
	Kernel: Depends on container host system
	Compiler: gcc 12.3.1

Debian Bullseye
	Kernel: 5.4.0-122-generic
	Compiler: gcc 10.2.1-6

Fedora 38
	Kernel: Depends on container host
	Compiler: gcc 13.1.1

Debian 12 (arm)
	Kernel: Container Host Kernel
	Compiler: gcc 11

RHEL8
	Kernel: 4.18.0-240.10.1.el8_3.x86_64
	Compiler: gcc 8.3.1 20191121 (Red Hat 8.3.1-5)

openSUSE Leap 15
	Kernel: 4.18.0-240.10.1.el8_3.x86_64
	Compiler: gcc 7.5.0

Ubuntu 20.04
	Kernel: 5.4.0-153-generic
	Compiler: gcc 9.4.0-1ubuntu1~20.04.1

Ubuntu 22.04
	Kernel: 4.18.0-240.10.1.el8_3.x86_64
	Compiler: gcc 11.3.0

Windows Server 2019
	Kernel: 10.0
	Compiler: clang 14.0 and gcc 8.1.0 (MinGW)

To view detailed results, visit:
https://lab.dpdk.org/results/dashboard/patchsets/29312/

UNH-IOL DPDK Community Lab

To manage your email subscriptions, visit: 
https://lab.dpdk.org/results/dashboard/preferences/subscriptions/


More information about the test-report mailing list